{"id":10,"date":"2016-09-26T19:25:01","date_gmt":"2016-09-26T22:25:01","guid":{"rendered":"https:\/\/wp.ufpel.edu.br\/lapem\/?page_id=10"},"modified":"2023-06-20T15:57:15","modified_gmt":"2023-06-20T18:57:15","slug":"equipe","status":"publish","type":"page","link":"https:\/\/wp.ufpel.edu.br\/lpm\/equipe\/","title":{"rendered":"Equipe"},"content":{"rendered":"<p><span style=\"font-family: arial, helvetica, sans-serif; font-size: 12pt;\">O LPM conta com uma equipe multidisciplinar, composta por alunos de gradua\u00e7\u00e3o (inicia\u00e7\u00e3o cient\u00edfica), mestrandos, doutorandos e professores pesquisadores.<\/span><\/p>\n","protected":false},"excerpt":{"rendered":"<p>O LPM conta com uma equipe multidisciplinar, composta por alunos de gradua\u00e7\u00e3o (inicia\u00e7\u00e3o cient\u00edfica), mestrandos, doutorandos e professores pesquisadores.<\/p>\n","protected":false},"author":697,"featured_media":0,"parent":0,"menu_order":1,"comment_status":"closed","ping_status":"closed","template":"","meta":{"footnotes":""},"class_list":["post-10","page","type-page","status-publish","hentry"],"_links":{"self":[{"href":"https:\/\/wp.ufpel.edu.br\/lpm\/wp-json\/wp\/v2\/pages\/10","targetHints":{"allow":["GET"]}}],"collection":[{"href":"https:\/\/wp.ufpel.edu.br\/lpm\/wp-json\/wp\/v2\/pages"}],"about":[{"href":"https:\/\/wp.ufpel.edu.br\/lpm\/wp-json\/wp\/v2\/types\/page"}],"author":[{"embeddable":true,"href":"https:\/\/wp.ufpel.edu.br\/lpm\/wp-json\/wp\/v2\/users\/697"}],"replies":[{"embeddable":true,"href":"https:\/\/wp.ufpel.edu.br\/lpm\/wp-json\/wp\/v2\/comments?post=10"}],"version-history":[{"count":2,"href":"https:\/\/wp.ufpel.edu.br\/lpm\/wp-json\/wp\/v2\/pages\/10\/revisions"}],"predecessor-version":[{"id":280,"href":"https:\/\/wp.ufpel.edu.br\/lpm\/wp-json\/wp\/v2\/pages\/10\/revisions\/280"}],"wp:attachment":[{"href":"https:\/\/wp.ufpel.edu.br\/lpm\/wp-json\/wp\/v2\/media?parent=10"}],"curies":[{"name":"wp","href":"https:\/\/api.w.org\/{rel}","templated":true}]}}