{"id":117,"date":"2011-11-18T11:42:47","date_gmt":"2011-11-18T11:42:47","guid":{"rendered":"https:\/\/wp.ufpel.edu.br\/lmv\/"},"modified":"2013-07-23T17:04:38","modified_gmt":"2013-07-23T17:04:38","slug":"2008-2","status":"publish","type":"page","link":"https:\/\/wp.ufpel.edu.br\/lmv\/publicacoes\/artigos-completos-publicados-em-periodicos\/2008-2\/","title":{"rendered":"2008"},"content":{"rendered":"<p>BACARIN, M.A.; FALQUETO, A.R.; MEIRELLES COIMBRA, J.L.;\u00a0OLIVEIRA, A. C.\u00a0; MAGALH\u00c3ES, A.M. Oxygen evolution rate of rice cultivars. <strong>Photosynthetica, v. 46, p. 148-150, 2008.<\/strong><\/p>\n<p>MARAFON, A.C.; BACARIN, M.A.;\u00a0HERTER, F.G.;\u00a0RODRIGUES, A.C. Carbohydrate Levels, Peroxidase Activity and Vascular Connection in Tissues of Peach Trees (<em>Prunus Persica<\/em> (L.) Batsch) cv. Jubileu with Peach Tree Short Life (PTSL) Symptoms during the Dormancy Period. <strong>Acta Horticulturae, v. 774, p. 397-402, 2008.<\/strong><\/p>\n<p>BACARIN, M.A.; SCHMITZ, D.D.;\u00a0FALQUETO, A.R.;\u00a0CASSOL, D.; TORRES, A.C.; PETERS, J.A.;\u00a0BRAGA, E.J.B. Caracter\u00edsticas fotossint\u00e9ticas de batata cv. Baronesa e seu gen\u00f3tipo transformado geneticamente para resist\u00eancia ao PVY. <strong>Horticultura Brasileira, v. 26, p. 383-387, 2008<\/strong><\/p>\n<p>CASSOL, D.;\u00a0SILVA, F.S.P.; FALQUETO, A.R.; BACARIN, M.A. An evaluation of non-destructive methods to estimate total chlorophyll content. <strong>Photosynthetica, v. 46, p. 634-636, 2008.<\/strong><\/p>\n","protected":false},"excerpt":{"rendered":"<p>BACARIN, M.A.; FALQUETO, A.R.; MEIRELLES COIMBRA, J.L.;\u00a0OLIVEIRA, A. C.\u00a0; MAGALH\u00c3ES, A.M. Oxygen evolution rate of rice cultivars. Photosynthetica, v. 46, p. 148-150, 2008. MARAFON, A.C.; BACARIN, M.A.;\u00a0HERTER, F.G.;\u00a0RODRIGUES, A.C. Carbohydrate Levels, Peroxidase Activity and Vascular Connection in Tissues of Peach &hellip; <a href=\"https:\/\/wp.ufpel.edu.br\/lmv\/publicacoes\/artigos-completos-publicados-em-periodicos\/2008-2\/\">Continue lendo <span class=\"meta-nav\">&rarr;<\/span><\/a><\/p>\n","protected":false},"author":151,"featured_media":0,"parent":109,"menu_order":5,"comment_status":"closed","ping_status":"closed","template":"","meta":{"footnotes":""},"class_list":["post-117","page","type-page","status-publish","hentry"],"_links":{"self":[{"href":"https:\/\/wp.ufpel.edu.br\/lmv\/wp-json\/wp\/v2\/pages\/117","targetHints":{"allow":["GET"]}}],"collection":[{"href":"https:\/\/wp.ufpel.edu.br\/lmv\/wp-json\/wp\/v2\/pages"}],"about":[{"href":"https:\/\/wp.ufpel.edu.br\/lmv\/wp-json\/wp\/v2\/types\/page"}],"author":[{"embeddable":true,"href":"https:\/\/wp.ufpel.edu.br\/lmv\/wp-json\/wp\/v2\/users\/151"}],"replies":[{"embeddable":true,"href":"https:\/\/wp.ufpel.edu.br\/lmv\/wp-json\/wp\/v2\/comments?post=117"}],"version-history":[{"count":8,"href":"https:\/\/wp.ufpel.edu.br\/lmv\/wp-json\/wp\/v2\/pages\/117\/revisions"}],"predecessor-version":[{"id":309,"href":"https:\/\/wp.ufpel.edu.br\/lmv\/wp-json\/wp\/v2\/pages\/117\/revisions\/309"}],"up":[{"embeddable":true,"href":"https:\/\/wp.ufpel.edu.br\/lmv\/wp-json\/wp\/v2\/pages\/109"}],"wp:attachment":[{"href":"https:\/\/wp.ufpel.edu.br\/lmv\/wp-json\/wp\/v2\/media?parent=117"}],"curies":[{"name":"wp","href":"https:\/\/api.w.org\/{rel}","templated":true}]}}