{"id":151,"date":"2023-05-10T13:28:35","date_gmt":"2023-05-10T16:28:35","guid":{"rendered":"https:\/\/wp.ufpel.edu.br\/lmaia\/?page_id=151"},"modified":"2025-02-08T18:13:21","modified_gmt":"2025-02-08T21:13:21","slug":"introducao-a-bioinformatica","status":"publish","type":"page","link":"https:\/\/wp.ufpel.edu.br\/lmaia\/introducao-a-bioinformatica\/","title":{"rendered":"Introdu\u00e7\u00e3o \u00e1 Bioinform\u00e1tica"},"content":{"rendered":"<p><a href=\"https:\/\/wp.ufpel.edu.br\/lmaia\/rnaseq-via-hisat2\/\">1)An\u00e1lise de RNA Seq (transcriptoma) atrav\u00e9s do software HISAT2<\/a><\/p>\n<p>2)An\u00e1lise de RNA Seq (transcriptoma) atrav\u00e9s do software Tophat2<\/p>\n","protected":false},"excerpt":{"rendered":"<p>1)An\u00e1lise de RNA Seq (transcriptoma) atrav\u00e9s do software HISAT2 2)An\u00e1lise de RNA Seq (transcriptoma) atrav\u00e9s do software Tophat2<\/p>\n","protected":false},"author":1301,"featured_media":0,"parent":0,"menu_order":0,"comment_status":"closed","ping_status":"closed","template":"","meta":{"footnotes":""},"class_list":["post-151","page","type-page","status-publish","hentry"],"_links":{"self":[{"href":"https:\/\/wp.ufpel.edu.br\/lmaia\/wp-json\/wp\/v2\/pages\/151","targetHints":{"allow":["GET"]}}],"collection":[{"href":"https:\/\/wp.ufpel.edu.br\/lmaia\/wp-json\/wp\/v2\/pages"}],"about":[{"href":"https:\/\/wp.ufpel.edu.br\/lmaia\/wp-json\/wp\/v2\/types\/page"}],"author":[{"embeddable":true,"href":"https:\/\/wp.ufpel.edu.br\/lmaia\/wp-json\/wp\/v2\/users\/1301"}],"replies":[{"embeddable":true,"href":"https:\/\/wp.ufpel.edu.br\/lmaia\/wp-json\/wp\/v2\/comments?post=151"}],"version-history":[{"count":9,"href":"https:\/\/wp.ufpel.edu.br\/lmaia\/wp-json\/wp\/v2\/pages\/151\/revisions"}],"predecessor-version":[{"id":283,"href":"https:\/\/wp.ufpel.edu.br\/lmaia\/wp-json\/wp\/v2\/pages\/151\/revisions\/283"}],"wp:attachment":[{"href":"https:\/\/wp.ufpel.edu.br\/lmaia\/wp-json\/wp\/v2\/media?parent=151"}],"curies":[{"name":"wp","href":"https:\/\/api.w.org\/{rel}","templated":true}]}}