{"id":51,"date":"2016-10-25T10:10:38","date_gmt":"2016-10-25T12:10:38","guid":{"rendered":"https:\/\/wp.ufpel.edu.br\/lipp\/?page_id=51"},"modified":"2018-04-05T16:53:47","modified_gmt":"2018-04-05T19:53:47","slug":"projetos","status":"publish","type":"page","link":"https:\/\/wp.ufpel.edu.br\/lipp\/projetos\/","title":{"rendered":"Projetos"},"content":{"rendered":"<ul>\n<li><strong>COMPREENDENDO PATOSSISTEMAS E MANEJANDO DOEN\u00c7AS DO TRIGO E DO ARROZ NA ATUALIDADE E NUM CEN\u00c1RIO DE FUTURAS MUDAN\u00c7AS CLIM\u00c1TICAS<\/strong><\/li>\n<\/ul>\n<p>O arroz (<em>Oryza sativa<\/em> L.) e o trigo (<em>Triticum aestivum<\/em> L.) tem grande import\u00e2ncia no cen\u00e1rio agr\u00edcola brasileiro. Embora a produtividade destas culturas tenha aumentado principalmente na \u00faltima d\u00e9cada, a ocorr\u00eancia de doen\u00e7as continua a ser um dos fatores limitantes tanto para produtividade quanto para qualidade do gr\u00e3o produzido. No caso do trigo, a giberela causada pelo fungo <em>Fusarium graminearum<\/em> causa redu\u00e7\u00f5es significativas no rendimento e na qualidade de gr\u00e3os por meio da produ\u00e7\u00e3o de micotoxinas, especialmente trichothecenos como o deoxinivalenol que s\u00e3o t\u00f3xicos a humanos e animais. No caso da cultura do arroz, doen\u00e7as como a mancha parda (<em>Bipolaris oryzae<\/em>) e a mancha zonada (<em>Drechslera gigantea<\/em>) tem se destacado recentemente. A intensidade da mancha parte \u00e9 fortemente influenciada por fatores ambientais como luminosidade, temperatura e molhamento foliar. Quando considerado as previs\u00f5es do efeito das mudan\u00e7as clim\u00e1ticas s\u00e3o esperadas altera\u00e7\u00f5es na distribui\u00e7\u00f5es de chuvas e na temperatura. Neste cen\u00e1rio, Fitopatologistas tem considerando fortemente as influ\u00eancias ambientais nos estudos de intera\u00e7\u00f5es planta-pat\u00f3geno; o cl\u00e1ssico tri\u00e2ngulo da doen\u00e7a enfatiza a intera\u00e7\u00e3o entre o pat\u00f3geno, hospedeiro e o ambiente para ocorr\u00eancia de doen\u00e7as. Assim, neste projeto propomos o desenvolvimento de estudos para aprofundamento do conhecimento das intera\u00e7\u00f5es entre <em>D. gigantea<\/em> e plantas de arroz, bem como buscaremos avaliar o efeito e a modo de a\u00e7\u00e3o do Si no controle da mancha zonada do arroz e da giberela do trigo. Englobando o efeito das mudan\u00e7as clim\u00e1ticas, ser\u00e3o desenvolvidos estudos envolvendo o patossistema <em>B. oryzae<\/em>-arroz..<\/p>\n<p>&nbsp;<\/p>\n<ul>\n<li><strong>IMPACTO DO AUMENTO DA CONCENTRA\u00c7\u00c3O DE CO<sub>2<\/sub> ATMOSF\u00c9RICO SOBRE RESPOSTAS FOTOSSINT\u00c9TICAS, BIOQU\u00cdMICAS E HISTOL\u00d3GICAS EM FOLHAS DE ARROZ CONTRA <em>Bipolaris oryzae<\/em><\/strong><\/li>\n<\/ul>\n<p>O di\u00f3xido de carbono est\u00e1 entre as principais causas das mudan\u00e7as clim\u00e1ticas, devido ser um dos gases do efeito estufa, que mais t\u00eam aumentado de concentra\u00e7\u00e3o na atmosfera. Por\u00e9m, com a eleva\u00e7\u00e3o do teor de CO<sub>2<\/sub> atmosf\u00e9rico, o equil\u00edbrio biol\u00f3gico no qual testemunhamos nos dias atuais pode ser modificado. Com base nisso, o objetivo deste estudo \u00e9 avaliar os efeitos do aumento da concentra\u00e7\u00e3o de CO<sub>2<\/sub> atmosf\u00e9rico sobre caracter\u00edsticas morfofisiol\u00f3gicas em plantas de arroz e suas consequ\u00eancias na infec\u00e7\u00e3o de\u00a0\u00a0 \u00a0\u00a0\u00a0\u00a0\u00a0<em>B. oryzae.<\/em> Ser\u00e3o realizados 3 estudos arranjados num esquema fatorial composto: por duas cultivares, duas concentra\u00e7\u00f5es atmosf\u00e9ricas de CO<sub>2<\/sub> com diferentes tempos de amostragem. Os quais ser\u00e3o desenvolvidos em estufas de topo aberto. No estudo 1 ser\u00e3o avaliadas as respostas fotossint\u00e9ticas de plantas de arroz inoculadas com <em>B. oryzae<\/em> em ambiente enriquecido com CO<sub>2<\/sub>. O estudo ser\u00e1 realizado em delineamento inteiramente casualizado com quatro repeti\u00e7\u00f5es constitu\u00eddas por uma planta em um vaso. Ser\u00e3o avaliados, par\u00e2metros fotossint\u00e9ticos da cultura como: condut\u00e2ncia estom\u00e1tica de vapores de \u00e1gua, taxa transpirat\u00f3ria, concentra\u00e7\u00e3o interna de CO<sub>2<\/sub>, taxa fotossint\u00e9tica. Caracter\u00edsticas morfol\u00f3gicas: estatura de planta, \u00e1rea foliar, mat\u00e9ria seca da parte a\u00e9rea, raiz e quantifica\u00e7\u00e3o da concentra\u00e7\u00e3o de macro e micronutrientes no tecido foliar. No estudo 2 ser\u00e3o avaliadas as respostas bioqu\u00edmicas de defesa da planta mediados pelo aumento da concentra\u00e7\u00e3o de CO<sub>2.<\/sub> O estudo ser\u00e1 realizado em delineamento inteiramente casualizado com quatro repeti\u00e7\u00f5es constitu\u00eddas por uma planta em um vaso. Ser\u00e3o avaliados a concentra\u00e7\u00e3o dos compostos fen\u00f3licos sol\u00faveis totais e lignina-\u00e1cido tioglic\u00f3lico, atividade das enzimas quitinase, peroxidases, polifenoloxidase, super\u00f3xido dismutases e catalase, bem como alguns componentes de resist\u00eancia da planta tais como a efici\u00eancia relativa de infec\u00e7\u00e3o, o per\u00edodo de incuba\u00e7\u00e3o e a severidade. No estudo 3 ser\u00e3o avaliadas o efeito do aumento da concentra\u00e7\u00e3o de CO<sub>2<\/sub> nos componentes de resist\u00eancia do arroz em resposta ao ataque da <em>B. oryzae<\/em> e altera\u00e7\u00f5es anat\u00f4micas e histol\u00f3gicas resultantes. O estudo ser\u00e1 realizado em delineamento inteiramente casualizado com quatro repeti\u00e7\u00f5es constitu\u00eddas por uma planta em um vaso. As seguintes vari\u00e1veis ser\u00e3o avaliadas: n\u00famero e intensidade do escurecimento das c\u00e9lulas epid\u00e9rmicas, espessura das estruturas\/tecidos foliares (cut\u00edcula, epiderme, par\u00eanquima pali\u00e7\u00e1dico, par\u00eanquima lacunoso e nervura central, bem como alguns componentes de resist\u00eancia da planta. Espera-se com os resultados desses estudos demostrar que o aumento da concentra\u00e7\u00e3o de CO<sub>2<\/sub> resulta em altera\u00e7\u00f5es morfol\u00f3gicas e fisiol\u00f3gicas no arroz bem como a produ\u00e7\u00e3o de compostos de defesa, consequentemente que incrementam a resist\u00eancia contra a mancha parda.<\/p>\n<p>&nbsp;<\/p>\n<ul>\n<li><strong>EFEITO DE SIL\u00cdCIO NO MANEJO DA GIBERELA DO TRIGO<\/strong><\/li>\n<\/ul>\n<p>O trigo (<em>Triticum aestivum <\/em>L.) atualmente \u00e9 um dos principais cereais consumidos pelo homem. A cultura do trigo \u00e9 acometida por v\u00e1rias doen\u00e7as, sendo a giberela, causada pelo fungo <em>Fusarium gramiearum, <\/em>(teleomorfo: <em>Gibberella zeae<\/em>), uma das mais destrutivas causando danos no rendimento de at\u00e9 27%. Ademais, cultivares resistentes n\u00e3o est\u00e3o dispon\u00edveis atualmente o que dificulta as estrat\u00e9gias de manejo. Assim, o controle da doen\u00e7a limita-se a pr\u00e1ticas culturais visando \u00e0 redu\u00e7\u00e3o do inoculo inicial e a aplica\u00e7\u00e3o de fungicidas visando evitar a infec\u00e7\u00e3o inicial e reduzir a taxa de progresso da doen\u00e7a. Neste cen\u00e1rio, a adi\u00e7\u00e3o de novas medidas no atual sistema de manejo integrado da giberela que auxiliem na redu\u00e7\u00e3o da incid\u00eancia e severidade da doen\u00e7a \u00e9 de fundamental import\u00e2ncia. O sil\u00edcio (Si) tem mostrado efeito positivo na redu\u00e7\u00e3o da taxa de progresso de diversas doen\u00e7as causadas por pat\u00f3genos biotr\u00f3ficos, hemibiotr\u00f3ficos e necrotr\u00f3ficos tanto em mono como dicotiled\u00f4neas. Nestes patossistemas, o Si atua afetando os componentes monoc\u00edclicos das doen\u00e7as e desacelerando a epidemia, atrav\u00e9s de altera\u00e7\u00f5es em componentes bioqu\u00edmicos da planta ligados a respostas de defesas. Dessa forma o objetivo deste trabalho \u00e9 avaliar o efeito do Si sobre os componentes monoc\u00edclicos da giberela e sobre a atividade enzim\u00e1tica de plantas cultivas em ambiente protegido e mensurar o efeito na incid\u00eancia e severidade da doen\u00e7a em condi\u00e7\u00f5es de campo. Ser\u00e3o realizados tr\u00eas experimentos. O primeiro experimento ser\u00e1 realizado em campo organizado em esquema fatorial consistindo de duas doses de Si (com e sem aplica\u00e7\u00e3o de Si), com e sem aplica\u00e7\u00e3o de fungicida na parte a\u00e9rea e duas cultivares (suscet\u00edvel e moderadamente resistente).\u00a0 Ser\u00e3o avaliados a incid\u00eancia e severidade da giberela, componentes de produ\u00e7\u00e3o e a qualidade de gr\u00e3os. No segundo experimento realizado em casa de vegeta\u00e7\u00e3o os fatores estudados ser\u00e3o mesmos previamente descritos para o experimento em campo O pat\u00f3geno ser\u00e1 inoculado por pulveriza\u00e7\u00e3o de suspens\u00e3o de con\u00eddios quando a planta de trigo estiver em florescimento pleno. Os componentes monoc\u00edclicos da giberela avaliados ser\u00e3o: per\u00edodo de incuba\u00e7\u00e3o, tamanho m\u00e9dio das les\u00f5es, taxa de expans\u00e3o da les\u00e3o, incid\u00eancia e severidade da doen\u00e7a. O terceiro experimento ser\u00e1 realizado da mesma forma como o segundo experimento, porem neste ser\u00e3o avaliadas as atividades das enzimas peroxidade, catalase, polifenoloxidase e quitinase, e a concentra\u00e7\u00e3o de compostos fen\u00f3licos sol\u00faveis totais. Os resultados deste estudo indicar\u00e3o o efeito da fertiliza\u00e7\u00e3o silicatada na intensidade da giberela do trigo, vari\u00e1veis epidemiol\u00f3gicas e componentes bioqu\u00edmicos que foram afetadas pelo Si com o consequente resultando na produtividade final da cultura.<\/p>\n<p>&nbsp;<\/p>\n<ul>\n<li><strong>MANCHA ZONADA (<em>Drechslera gigantea<\/em>) DO ARROZ: EPIDEMIOLOGIA E MANEJO COM SIL\u00cdCIO<\/strong><\/li>\n<\/ul>\n<p>O arroz (<em>Oryza sativa<\/em>) \u00e9 uma cultura de import\u00e2ncia econ\u00f3mica para muitos pa\u00edses por ser considerado como alimento estrat\u00e9gico para seguran\u00e7a alimentar tornando-se primordial para a humanidade. Dentre os diversos fatores que limitam sua produtividade est\u00e3o as doen\u00e7as que quando n\u00e3o manejadas podem acarretar danos na produ\u00e7\u00e3o at\u00e9 do 100%.\u00a0 Doen\u00e7as emergentes, para as quais pouca informa\u00e7\u00e3o ainda est\u00e1 dispon\u00edvel, podem ser uma seria amea\u00e7a para a produtividade da cultura. Nos \u00faltimas safras de arroz no Brasil, foi observada \u00e0 ocorr\u00eancia da mancha zonada, causada pelo fungo <em>Drechslera gigantea.<\/em> Esta doen\u00e7a pode tornar-se um problema fitossanit\u00e1rio na orizicultura brasileira. Assim, visando entender melhor o patossitema arroz \u2013 <em>D. gigantea <\/em>ser\u00e1 desenvolvido estudos para avaliar componentes epidemiol\u00f3gicos da doen\u00e7a em casa de vegeta\u00e7\u00e3o e estudo o progresso da doen\u00e7a em condi\u00e7\u00f5es de campo. Ademais, na busca de alternativas sustent\u00e1veis para amenizar os danos da doen\u00e7a, ser\u00e3o realizados estudos para avaliar o efeito do sil\u00edcio (Si) no manejo da doen\u00e7a. Diversas doen\u00e7as na cultura do arroz tem sua intensidade reduzida quando a planta esta suprida com Si, assim acredita-se que este elemento pode ser um importante aliado no manejo integrado da mancha zonada do arroz. Nestes estudos, ser\u00e3o mensurados o efeito do Si nos componentes de resist\u00eancia da planta de arroz, assim como os efeitos da suplementa\u00e7\u00e3o de Si na redu\u00e7\u00e3o da intensidade da mancha zonada em cultivares suscet\u00edvel e resistente, elucidando os efeitos deste tratamento nos mecanismos bioqu\u00edmicos de defesa da planta.<\/p>\n<ul>\n<li><strong><span style=\"color: #000000;font-family: Calibri\">IDENTIFICA\u00c7\u00c3O E EPIDEMIOLOGIA DAS DOEN\u00c7AS DE AZEV\u00c9M (Lolium multiflorum) E ESTRAT\u00c9GIAS DE MANEJO COM SIL\u00cdCIO E Trichoderma spp.<\/span><\/strong>\n<p>O azev\u00e9m (Lolium multiflorum) \u00e9 considerado uma das pastagens mais importantes para o gado na regi\u00e3o Sul do Brasil por suas propriedades gen\u00e9ticas, fisiol\u00f3gicas e nutricionais. Por\u00e9m, atualmente \u00e9 amea\u00e7ada por fatores abi\u00f3ticos e bi\u00f3ticos que causam doen\u00e7as e que reduzem a oferta de biomassa em quantidade e qualidade. Pat\u00f3genos que afetam a produ\u00e7\u00e3o desta pastagem n\u00e3o t\u00eam sido estudados em fun\u00e7\u00e3o dos danos e perdas que podem causar, portanto, s\u00e3o subestimados convertendo-se em um risco potencial que amea\u00e7a a produ\u00e7\u00e3o e a economia. No azev\u00e9m, praticamente inexistem medidas de controle testadas, n\u00e3o obstante, as demandas globais exigem medidas sustent\u00e1veis, ecol\u00f3gicos e de baixo risco para a sa\u00fade humana. O uso de sil\u00edcio (Si) e do fungo Trichoderma spp. tem sido duas alternativas para o controle de doen\u00e7as, porque favorecem a resist\u00eancia das plantas ao ataque de pat\u00f3genos de m\u00faltiplas formas, al\u00e9m disso seus efeitos de amplo espectro, dur\u00e1vel e n\u00e3o proporcionam riscos elevados. Assim, neste projeto \u00e9 proposto estudar a etiologia e epidemiologia das doen\u00e7as de azev\u00e9m (Lolium multiflorum) e avaliar o potencial do Si e Trichoderma spp. no manejo destas doen\u00e7as. Para tal, propomos realizar a identifica\u00e7\u00e3o morfol\u00f3gica e molecular dos principais pat\u00f3genos do azev\u00e9m em diferentes regi\u00f5es do Sul do Brasil, a quantifica\u00e7\u00e3o da intensidade da doen\u00e7a e dos seus danos. Como estrat\u00e9gias de manejo ser\u00e3o avaliados a intensidade de pastejo e a aplica\u00e7\u00e3o de Si no solo e Trichoderma spp. nas sementes para quantificar seu efeito na redu\u00e7\u00e3o das doen\u00e7as da cultura.<\/li>\n<\/ul>\n","protected":false},"excerpt":{"rendered":"<p>COMPREENDENDO PATOSSISTEMAS E MANEJANDO DOEN\u00c7AS DO TRIGO E DO ARROZ NA ATUALIDADE E NUM CEN\u00c1RIO DE FUTURAS MUDAN\u00c7AS CLIM\u00c1TICAS O arroz (Oryza sativa L.) e o trigo (Triticum aestivum L.) tem grande import\u00e2ncia no cen\u00e1rio agr\u00edcola brasileiro. Embora a produtividade destas culturas tenha aumentado principalmente na \u00faltima d\u00e9cada, a ocorr\u00eancia de doen\u00e7as continua a ser &hellip; <\/p>\n<p><a class=\"more-link btn\" href=\"https:\/\/wp.ufpel.edu.br\/lipp\/projetos\/\">Continue lendo<\/a><\/p>\n","protected":false},"author":672,"featured_media":0,"parent":0,"menu_order":0,"comment_status":"closed","ping_status":"closed","template":"","meta":{"footnotes":""},"class_list":["post-51","page","type-page","status-publish","hentry","nodate","item-wrap"],"_links":{"self":[{"href":"https:\/\/wp.ufpel.edu.br\/lipp\/wp-json\/wp\/v2\/pages\/51","targetHints":{"allow":["GET"]}}],"collection":[{"href":"https:\/\/wp.ufpel.edu.br\/lipp\/wp-json\/wp\/v2\/pages"}],"about":[{"href":"https:\/\/wp.ufpel.edu.br\/lipp\/wp-json\/wp\/v2\/types\/page"}],"author":[{"embeddable":true,"href":"https:\/\/wp.ufpel.edu.br\/lipp\/wp-json\/wp\/v2\/users\/672"}],"replies":[{"embeddable":true,"href":"https:\/\/wp.ufpel.edu.br\/lipp\/wp-json\/wp\/v2\/comments?post=51"}],"version-history":[{"count":6,"href":"https:\/\/wp.ufpel.edu.br\/lipp\/wp-json\/wp\/v2\/pages\/51\/revisions"}],"predecessor-version":[{"id":317,"href":"https:\/\/wp.ufpel.edu.br\/lipp\/wp-json\/wp\/v2\/pages\/51\/revisions\/317"}],"wp:attachment":[{"href":"https:\/\/wp.ufpel.edu.br\/lipp\/wp-json\/wp\/v2\/media?parent=51"}],"curies":[{"name":"wp","href":"https:\/\/api.w.org\/{rel}","templated":true}]}}