{"id":14,"date":"2016-10-25T09:04:20","date_gmt":"2016-10-25T11:04:20","guid":{"rendered":"https:\/\/wp.ufpel.edu.br\/lipp\/?page_id=14"},"modified":"2023-08-14T09:18:20","modified_gmt":"2023-08-14T12:18:20","slug":"publicacoes","status":"publish","type":"page","link":"https:\/\/wp.ufpel.edu.br\/lipp\/publicacoes\/","title":{"rendered":"Artigos"},"content":{"rendered":"<p>2023<\/p>\n<ul>\n<li><a href=\"https:\/\/doi.org\/10.1007\/s40858-023-00563-y\" target=\"_blank\" rel=\"noopener\">Silicon ameliorates wheat technological quality under biotic stress<\/a><\/li>\n<li><a href=\"https:\/\/doi.org\/10.1007\/s41348-022-00679-4\" target=\"_blank\" rel=\"noopener\">First report of Seville root-knot nematode (<em>Meloidogyne hispanica<\/em>) infecting tobacco in the Brazil<\/a><\/li>\n<li><a href=\"https:\/\/doi.org\/10.1016\/j.compag.2023.107832\" target=\"_blank\" rel=\"noopener\">Barley systemic bioelectrical changes detect pathogenic infection days before the first disease symptoms<\/a><\/li>\n<li><a href=\"https:\/\/doi.org\/10.1111\/ppa.13669\" target=\"_blank\" rel=\"noopener\">The contributions of potassium phosphite and hormonal pathways to the control of P<em>hytophthora infestans<\/em> in tomato cv.\u00a0Micro-Tom<\/a><\/li>\n<li><a href=\"https:\/\/doi.org\/10.1111\/ppa.13648\" target=\"_blank\" rel=\"noopener\">Silicon amendment improves wheat defence against and complements the control by fungicide of Fusarium head blight<\/a><\/li>\n<\/ul>\n<p>&nbsp;<\/p>\n<p>2022<\/p>\n<ul>\n<li><a href=\"https:\/\/doi.org\/10.1111\/ppa.13553\" target=\"_blank\" rel=\"noopener\">Silicon, biological seed treatment and cutting reduce the intensity of leaf spot diseases affecting <em>Lolium multiflorum<\/em><\/a><\/li>\n<li><a href=\"https:\/\/doi.org\/10.1016\/j.pmpp.2022.101849\" target=\"_blank\" rel=\"noopener\">Effect of silicon and fungicide on photosynthetic responses in barley leaves challenged by <em>Bipolaris sorokiniana<\/em><\/a><\/li>\n<li><a href=\"10.31976\/0104-038321v280008\" target=\"_blank\" rel=\"noopener\">Tricomas: defesa ou vulnerabilidade para a planta na intera\u00e7\u00e3o com microrganismos?<\/a><\/li>\n<li><a href=\"https:\/\/www.nature.com\/articles\/s41598-022-27080-3\" target=\"_blank\" rel=\"noopener\">Morphoanatomical and biochemical factors associated with rice resistance to the South American rice water weevil, Oryzophagus oryzae (Coleoptera: Curculionidae)<\/a><\/li>\n<li><a href=\"https:\/\/doi.org\/10.1007\/s13313-022-00895-4\" target=\"_blank\" rel=\"noopener\">Residual effect of calcium silicate on the management of soybean diseases<\/a><\/li>\n<li><a href=\"https:\/\/doi.org\/10.1007\/s40858-022-00517-w\" target=\"_blank\" rel=\"noopener\">Plant parasitic nematode communities associated to apple orchards in the Southern Brazil<\/a><\/li>\n<li><a href=\"https:\/\/doi.org\/10.1016\/j.pmpp.2022.101849\" target=\"_blank\" rel=\"noopener\">Effect of silicon and fungicide on photosynthetic responses in barley leaves challenged by <em>Bipolaris sorokiniana<\/em><\/a><\/li>\n<\/ul>\n<p>&nbsp;<\/p>\n<p>2021<\/p>\n<ul>\n<li><a href=\"https:\/\/doi.org\/10.1007\/s13593-021-00677-0\" target=\"_blank\" rel=\"noopener\">Silicon soil amendment as a complement to manage tan spot and fusarium head blight in wheat<\/a><\/li>\n<li><a href=\"https:\/\/doi.org\/10.1016\/j.biocontrol.2020.104499\" target=\"_blank\" rel=\"noopener\">Seeds coated with <em>Trichoderma atroviride<\/em> and soil amended with silicon improve the resistance of Lolium multiflorum against <em>Pyricularia oryzae<\/em><\/a><\/li>\n<li><a href=\"https:\/\/www.actahort.org\/books\/1304\/1304_53.htm\" target=\"_blank\" rel=\"noopener\">Potassium silicate reduces postharvest nectarine decay caused by <em>Rhizopus stolonifer<\/em><\/a><\/li>\n<li><a href=\"https:\/\/www.auctoresonline.org\/journals\/nutrition-and-food-processing\/current-issue\/1500\" target=\"_blank\" rel=\"noopener\">A Natural Antifungal from Cassava Starch Fermentation Wastewater<\/a><\/li>\n<li><a href=\"https:\/\/doi.org\/10.1007\/s10658-021-02256-1\" target=\"_blank\" rel=\"noopener\">Unveiling the structure and distribution of plant-parasitic nematode communities in soybean fields in southern of the Brazil<\/a><\/li>\n<li><a href=\"https:\/\/crimsonpublishers.com\/mcda\/fulltext\/MCDA.000688.php\" target=\"_blank\" rel=\"noopener\">Effects of Calcium Silicate Fertilization on Disease Intensity and Yield and Quality of Rice Grain<\/a><\/li>\n<li><a href=\"https:\/\/apsjournals.apsnet.org\/doi\/10.1094\/PDIS-09-20-2096-RE\" target=\"_blank\" rel=\"noopener\">Are DMI+QoI Fungicide Premixes During flowering Worthwhile for Fusarium head blight Control in Wheat? A Meta-analysis<\/a><\/li>\n<li><a href=\"https:\/\/doi.org\/10.1007\/s10658-021-02372-y\" target=\"_blank\" rel=\"noopener\"><em>Colletotrichum acutatum<\/em> and <em>Colletotrichum nymphaeae<\/em> causing blossom blight and fruit anthracnose on olives in southern Brazil<\/a><\/li>\n<li><a href=\"https:\/\/doi.org\/10.1016\/j.foodchem.2021.131174\" target=\"_blank\" rel=\"noopener\">Reduced of mycotoxin levels in parboiled rice by using ozone and its effects on technological and chemical properties<\/a><\/li>\n<li><a href=\"https:\/\/doi.org\/10.1007\/s11557-021-01727-3\" target=\"_blank\" rel=\"noopener\">Fungi causing leaf spot diseases in <em>Lolium multiflorum<\/em> in Brazil<\/a><\/li>\n<li><a href=\"http:\/\/dx.doi.org\/10.30969\/acsa.v17i1.1251\" target=\"_blank\" rel=\"noopener\">Qualidade fisiol\u00f3gica de sementes de soja com mancha p\u00farpura<\/a><\/li>\n<\/ul>\n<p>&nbsp;<\/p>\n<p>2020<\/p>\n<ul>\n<li><a href=\"https:\/\/link.springer.com\/article\/10.1007%2Fs10658-020-02041-6\" target=\"_blank\" rel=\"noopener\">Microscopic analysis reveals potential mode of action of foliar-applied potassium silicate against powdery mildew development<\/a><\/li>\n<li><a href=\"https:\/\/doi.org\/10.1007\/s13313-020-00709-5\" target=\"_blank\" rel=\"noopener noreferrer\">A standard area diagram set for severity assessment of eyespot on rice<\/a><\/li>\n<li><a href=\"https:\/\/doi.org\/10.1016\/j.pmpp.2020.101484\" target=\"_blank\" rel=\"noopener noreferrer\">Biochemical defenses of rice against Bipolaris oryzae increase with high atmospheric concentration of CO2<\/a><\/li>\n<li><a href=\"https:\/\/www.sciencedirect.com\/science\/article\/pii\/S1567539419307200?via%3Dihub\" target=\"_blank\" rel=\"noopener noreferrer\">Electrome alterations in a plant-pathogen system: toward early diagnosis<\/a>.<\/li>\n<li><a href=\"https:\/\/apsjournals.apsnet.org\/doi\/10.1094\/PDIS-10-19-2151-PDN\" target=\"_blank\" rel=\"noopener noreferrer\">First report of Leptosphaerulina leaf spot caused by\u00a0<i>Leptosphaerulina trifolii<\/i>\u00a0on\u00a0<i>Trifolium repens<\/i>\u00a0in Brazil.<\/a><\/li>\n<li><a href=\"http:\/\/www.revistas.udesc.br\/index.php\/agroveterinaria\/article\/view\/15466\">A\u00e7\u00e3o curativa e protetora de compostos org\u00e2nicos e inorg\u00e2nicos no controle de <em>Microsphaera diffusa<\/em> em soja<\/a><\/li>\n<li><a href=\"https:\/\/link.springer.com\/article\/10.1007\/s10658-020-01972-4\" target=\"_blank\" rel=\"noopener noreferrer\">Increased atmospheric CO2 concentration causes modification of physiological, biochemical and histological characteristics that affects rice-<em>Bipolaris oryzae<\/em> interaction<\/a><\/li>\n<li><a href=\"https:\/\/periodicos.udesc.br\/index.php\/agroveterinaria\/article\/view\/17433\" target=\"_blank\" rel=\"noopener\">Qual o efeito do tratamento na semente contra infec\u00e7\u00e3o de Bipolaris sorokiniana na fase vegetativa da cevada?<\/a><\/li>\n<\/ul>\n<p>&nbsp;<\/p>\n<p>2019<\/p>\n<ul>\n<li><a href=\"http:\/\/www.agraria.pro.br\/ojs-2.4.6\/index.php?journal=agraria&amp;page=article&amp;op=view&amp;path%5B%5D=agraria_v14i1a5600\" target=\"_blank\" rel=\"noopener noreferrer\">Respostas morfofisiol\u00f3gicas e rendimento de gr\u00e3os do trigo mediados pelo aumento da concentra\u00e7\u00e3o de CO2 atmosf\u00e9rico<\/a><\/li>\n<li><a href=\"http:\/\/www.agraria.pro.br\/ojs-2.4.6\/index.php?journal=agraria&amp;page=article&amp;op=view&amp;path%5B%5D=agraria_v14i1a5600&amp;path%5B%5D=5139\" target=\"_blank\" rel=\"noopener noreferrer\">Respostas morfofisiol\u00f3gicas e rendimento de gr\u00e3os do trigo mediados pelo aumento da concentra\u00e7\u00e3o de CO2 atmosf\u00e9rico<\/a><\/li>\n<li>\u00a0<a href=\"http:\/\/www.agraria.pro.br\/ojs-2.4.6\/index.php?journal=agraria&amp;page=article&amp;op=view&amp;path%5B%5D=agraria_v14i1a5605&amp;path%5B%5D=5140\" target=\"_blank\" rel=\"noopener noreferrer\">Aspectos morfofisiol\u00f3gicos e produ\u00e7\u00e3o do tomateiro com incremento da concentra\u00e7\u00e3o do CO2 atmosf\u00e9rico<\/a><\/li>\n<li><a href=\"http:\/\/dx.doi.org\/10.1590\/0100-5405\/179343\" target=\"_blank\" rel=\"noopener noreferrer\">Componentes bioqu\u00edmicos e epidemiol\u00f3gicos associados \u00e0 resist\u00eancia do arroz \u00e0 mancha parda<\/a><\/li>\n<li><a href=\"https:\/\/doi.org\/10.1094\/PDIS-09-18-1565-PDN\" target=\"_blank\" rel=\"noopener noreferrer\">First report of powdery mildew caused by\u00a0<i>Erysiphe quercicola<\/i>\u00a0on curly dock (\u00a0<i>Rumex crispus<\/i>\u00a0) in Brazil<\/a><\/li>\n<li><a href=\"https:\/\/doi.org\/10.1094\/PDIS-09-18-1494-PDN\" target=\"_blank\" rel=\"noopener noreferrer\">First Report of\u00a0<i>Magnaporthe oryzae<\/i>\u00a0Causing Gray Leaf Spot on Tough Lovegrass (\u00a0<i>Eragrostis plana<\/i>) in Brazil<\/a><\/li>\n<li><a href=\"https:\/\/doi.org\/10.1094\/PDIS-11-18-1981-PDN\" target=\"_blank\" rel=\"noopener noreferrer\">First Report of Blueberry Leaf Rust Caused by\u00a0<i>Thekopsora minima<\/i>\u00a0on Blueberry (\u00a0<i>Vaccinium corymbosum<\/i>\u00a0) in South America.<\/a><\/li>\n<\/ul>\n<p>&nbsp;<\/p>\n<p>2018<\/p>\n<ul>\n<li><a href=\"https:\/\/doi.org\/10.1111\/ppa.12876\" target=\"_blank\" rel=\"noopener noreferrer\">Wheat leaf resistance to <i>Pyrenophora tritici\u2010repentis<\/i> induced by silicon activation of phenylpropanoid metabolism<\/a><\/li>\n<li><a href=\"https:\/\/link.springer.com\/article\/10.1007%2Fs10658-017-1251-4\" target=\"_blank\" rel=\"noopener noreferrer\">Silicon suppresses tan spot development on wheat infected by <em>Pyrenophora tritici-repentis<\/em><\/a><\/li>\n<li><a href=\"https:\/\/apsjournals.apsnet.org\/doi\/10.1094\/PDIS-06-17-0874-PDN\" target=\"_blank\" rel=\"noopener noreferrer\">First Report of Fruit Rot Caused by <i>Diaporthe masirevicii<\/i> on <i>Physalis peruviana<\/i> in Brazil<\/a><\/li>\n<li><a href=\"https:\/\/onlinelibrary.wiley.com\/doi\/abs\/10.1111\/efp.12399\" target=\"_blank\" rel=\"noopener noreferrer\"><em>Colletotrichum theobromicola<\/em> causing anthracnose on butia fruits in Brazil<\/a><\/li>\n<li><a href=\"https:\/\/doi.org\/10.1094\/PDIS-07-17-1112-PDN\" target=\"_blank\" rel=\"noopener noreferrer\">First report of powdery mildew caused by <i>Erysiphe quercicola<\/i> on <i>Cinnamomum camphora<\/i> in Brazil<\/a><\/li>\n<li><a href=\"https:\/\/doi.org\/10.1094\/PDIS-07-17-1109-PDN\" target=\"_blank\" rel=\"noopener noreferrer\">First report of powdery mildew caused by <em>Podosphaera xanthii<\/em> on <em>Lagenaria siceraria<\/em> in Brazil<\/a><\/li>\n<li><a href=\"http:\/\/revista.urcamp.tche.br\/index.php\/rcjpgp\/article\/view\/2876\/1985\" target=\"_blank\" rel=\"noopener noreferrer\">Controle da mancha parda, pigmentos fotossint\u00e9ticos e o dano celular em plantas de arroz submetidas \u00e0 eleva\u00e7\u00e3o da concentra\u00e7\u00e3o do CO2 atmosf\u00e9rico<\/a><\/li>\n<\/ul>\n<p>&nbsp;<\/p>\n<p>2017<\/p>\n<ul>\n<li><a href=\"http:\/\/www.sciencedirect.com\/science\/article\/pii\/S088557651630145X?np=y&amp;npKey=6fa7c0dbe63e04a490efbe1624126693539ead4cd002e9faf1b962704b51a863\" target=\"_blank\" rel=\"noopener noreferrer\">Silicon potentiates biochemical defense responses of wheat against tan spot<\/a>.<\/li>\n<li><a href=\"http:\/\/www.sciencedirect.com\/science\/article\/pii\/S0308814616315795\" target=\"_blank\" rel=\"noopener noreferrer\">Mycotoxin and fungicide residues in wheat grains from fungicide-treated plants measured by a validated LC-MS method<\/a><\/li>\n<li><a href=\"http:\/\/www.agraria.pro.br\/ojs-2.4.6\/index.php?journal=agraria&amp;page=article&amp;op=view&amp;path%5B%5D=agraria_v12i3a5446\" target=\"_blank\" rel=\"noopener noreferrer\">Mistura de cultivares de dois componentes no manejo de m\u00faltiplas doen\u00e7as do trigo<\/a><\/li>\n<\/ul>\n<p>&nbsp;<\/p>\n<p>2016<\/p>\n<ul>\n<li><a href=\"http:\/\/apsjournals.apsnet.org\/doi\/10.1094\/PDIS-03-15-0341-RE\" target=\"_blank\" rel=\"noopener noreferrer\">Root-Knot Nematodes ( <i>Meloidogyne<\/i> spp.) Parasitizing Resistant Tobacco Cultivars in Southern Brazil.<\/a><\/li>\n<\/ul>\n<p>2015<\/p>\n<ul>\n<li><a href=\"http:\/\/link.springer.com\/article\/10.1007%2Fs40858-015-0026-8\" target=\"_blank\" rel=\"noopener noreferrer\">Brown spot negatively affects gas exchange and chlorophyll a fluorescence in rice leaves<\/a><\/li>\n<li><a href=\"http:\/\/apsjournals.apsnet.org\/doi\/abs\/10.1094\/PDIS-07-14-0693-PDN\" target=\"_blank\" rel=\"noopener noreferrer\">First Report of Powdery Mildew Caused by <i>Erysiphe platani<\/i> on <i>Platanus<\/i> \u00d7 <i>acerifolia<\/i> in Rio Grande do Sul, Brazil<\/a><\/li>\n<\/ul>\n<p>2014<\/p>\n<ul>\n<li><a href=\"http:\/\/www.scielo.br\/scielo.php?script=sci_arttext&amp;pid=S1982-56762014000100007&amp;lng=en&amp;nrm=iso&amp;tlng=en\" target=\"_blank\" rel=\"noopener noreferrer\">Rice grain resistance to brown spot and yield are increased by silicone<\/a><\/li>\n<li><a href=\"http:\/\/apsjournals.apsnet.org\/doi\/abs\/10.1094\/PDIS-08-13-0814-PDN\" target=\"_blank\" rel=\"noopener noreferrer\">Gray Mold Caused by <i>Botryotinia fuckeliana<\/i> on Edible Pods of Pea in Brazil<\/a><\/li>\n<\/ul>\n<p>2013<\/p>\n<ul>\n<li><a href=\"http:\/\/apsjournals.apsnet.org\/doi\/abs\/10.1094\/PDIS-07-12-0660-PDN\" target=\"_blank\" rel=\"noopener noreferrer\">First Report of Powdery Mildew Caused by <i>Golovinomyces<\/i> sp. on <i>Plantago australis<\/i> in Brazil<\/a><\/li>\n<li><a href=\"http:\/\/apsjournals.apsnet.org\/doi\/abs\/10.1094\/PDIS-07-12-0692-PDN\" target=\"_blank\" rel=\"noopener noreferrer\">First Report of <i>Tomato yellow spot virus<\/i> Infecting <i>Leonurus sibiricus<\/i> in Brazil<\/a><\/li>\n<\/ul>\n","protected":false},"excerpt":{"rendered":"<p>2023 Silicon ameliorates wheat technological quality under biotic stress First report of Seville root-knot nematode (Meloidogyne hispanica) infecting tobacco in the Brazil Barley systemic bioelectrical changes detect pathogenic infection days before the first disease symptoms The contributions of potassium phosphite and hormonal pathways to the control of Phytophthora infestans in tomato cv.\u00a0Micro-Tom Silicon amendment improves &hellip; <\/p>\n<p><a class=\"more-link btn\" href=\"https:\/\/wp.ufpel.edu.br\/lipp\/publicacoes\/\">Continue lendo<\/a><\/p>\n","protected":false},"author":672,"featured_media":0,"parent":0,"menu_order":0,"comment_status":"closed","ping_status":"closed","template":"","meta":{"footnotes":""},"class_list":["post-14","page","type-page","status-publish","hentry","nodate","item-wrap"],"_links":{"self":[{"href":"https:\/\/wp.ufpel.edu.br\/lipp\/wp-json\/wp\/v2\/pages\/14","targetHints":{"allow":["GET"]}}],"collection":[{"href":"https:\/\/wp.ufpel.edu.br\/lipp\/wp-json\/wp\/v2\/pages"}],"about":[{"href":"https:\/\/wp.ufpel.edu.br\/lipp\/wp-json\/wp\/v2\/types\/page"}],"author":[{"embeddable":true,"href":"https:\/\/wp.ufpel.edu.br\/lipp\/wp-json\/wp\/v2\/users\/672"}],"replies":[{"embeddable":true,"href":"https:\/\/wp.ufpel.edu.br\/lipp\/wp-json\/wp\/v2\/comments?post=14"}],"version-history":[{"count":33,"href":"https:\/\/wp.ufpel.edu.br\/lipp\/wp-json\/wp\/v2\/pages\/14\/revisions"}],"predecessor-version":[{"id":571,"href":"https:\/\/wp.ufpel.edu.br\/lipp\/wp-json\/wp\/v2\/pages\/14\/revisions\/571"}],"wp:attachment":[{"href":"https:\/\/wp.ufpel.edu.br\/lipp\/wp-json\/wp\/v2\/media?parent=14"}],"curies":[{"name":"wp","href":"https:\/\/api.w.org\/{rel}","templated":true}]}}