{"id":310,"date":"2019-11-18T11:23:55","date_gmt":"2019-11-18T14:23:55","guid":{"rendered":"https:\/\/wp.ufpel.edu.br\/linse\/?page_id=310"},"modified":"2020-10-09T10:46:35","modified_gmt":"2020-10-09T13:46:35","slug":"declaracao-de-imparcialidade","status":"publish","type":"page","link":"https:\/\/wp.ufpel.edu.br\/linse\/declaracao-de-imparcialidade\/","title":{"rendered":"Declara\u00e7\u00e3o de Imparcialidade"},"content":{"rendered":"<div id=\"pl-310\"  class=\"panel-layout\" ><div id=\"pg-310-0\"  class=\"panel-grid panel-no-style\" ><div id=\"pgc-310-0-0\"  class=\"panel-grid-cell\" ><div id=\"panel-310-0-0-0\" class=\"so-panel widget widget_media_image panel-first-child panel-last-child\" data-index=\"0\" ><img loading=\"lazy\" decoding=\"async\" width=\"5608\" height=\"2675\" src=\"https:\/\/wp.ufpel.edu.br\/linse\/files\/2020\/09\/Banners-Servicos-10.png\" class=\"image wp-image-2196  attachment-full size-full\" alt=\"\" style=\"max-width: 100%; height: auto;\" srcset=\"https:\/\/wp.ufpel.edu.br\/linse\/files\/2020\/09\/Banners-Servicos-10.png 5608w, https:\/\/wp.ufpel.edu.br\/linse\/files\/2020\/09\/Banners-Servicos-10-424x202.png 424w, https:\/\/wp.ufpel.edu.br\/linse\/files\/2020\/09\/Banners-Servicos-10-212x101.png 212w, https:\/\/wp.ufpel.edu.br\/linse\/files\/2020\/09\/Banners-Servicos-10-768x366.png 768w, https:\/\/wp.ufpel.edu.br\/linse\/files\/2020\/09\/Banners-Servicos-10-1536x733.png 1536w, https:\/\/wp.ufpel.edu.br\/linse\/files\/2020\/09\/Banners-Servicos-10-2048x977.png 2048w\" sizes=\"auto, (max-width: 5608px) 100vw, 5608px\" \/><\/div><\/div><\/div><div id=\"pg-310-1\"  class=\"panel-grid panel-no-style\" ><div id=\"pgc-310-1-0\"  class=\"panel-grid-cell\" ><div id=\"panel-310-1-0-0\" class=\"so-panel widget widget_sow-editor panel-first-child panel-last-child\" data-index=\"1\" ><div\n\t\t\t\n\t\t\tclass=\"so-widget-sow-editor so-widget-sow-editor-base\"\n\t\t\t\n\t\t>\n<div class=\"siteorigin-widget-tinymce textwidget\">\n\t<p style=\"text-align: justify\" align=\"justify\"><span style=\"font-family: helvetica, arial, sans-serif;font-size: 18pt\">As atividades executadas por todo e qualquer colaborador do LINSE ser\u00e3o sempre realizadas com imparcialidade, compromisso assumido quando da assinatura do Termo de Confidencialidade (DQ.036) e reafirmado atrav\u00e9s do Guia de Conduta Pessoal (DQ.010).<\/span><\/p>\n<\/div>\n<\/div><\/div><\/div><\/div><div id=\"pg-310-2\"  class=\"panel-grid panel-no-style\" ><div id=\"pgc-310-2-0\"  class=\"panel-grid-cell\" ><div id=\"panel-310-2-0-0\" class=\"so-panel widget widget_sow-image panel-first-child panel-last-child\" data-index=\"2\" ><div class=\"panel-widget-style panel-widget-style-for-310-2-0-0\" ><div\n\t\t\t\n\t\t\tclass=\"so-widget-sow-image so-widget-sow-image-default-8b5b6f678277-310\"\n\t\t\t\n\t\t>\n<div class=\"sow-image-container\">\n\t\t<img \n\tsrc=\"https:\/\/wp.ufpel.edu.br\/linse\/files\/2020\/08\/linha-preta-5.png\" width=\"5935\" height=\"2\" srcset=\"https:\/\/wp.ufpel.edu.br\/linse\/files\/2020\/08\/linha-preta-5.png 5935w, https:\/\/wp.ufpel.edu.br\/linse\/files\/2020\/08\/linha-preta-5-424x1.png 424w, https:\/\/wp.ufpel.edu.br\/linse\/files\/2020\/08\/linha-preta-5-984x2.png 984w, https:\/\/wp.ufpel.edu.br\/linse\/files\/2020\/08\/linha-preta-5-212x1.png 212w, https:\/\/wp.ufpel.edu.br\/linse\/files\/2020\/08\/linha-preta-5-768x1.png 768w, https:\/\/wp.ufpel.edu.br\/linse\/files\/2020\/08\/linha-preta-5-1536x1.png 1536w, https:\/\/wp.ufpel.edu.br\/linse\/files\/2020\/08\/linha-preta-5-2048x1.png 2048w, https:\/\/wp.ufpel.edu.br\/linse\/files\/2020\/08\/linha-preta-5-720x2.png 720w, https:\/\/wp.ufpel.edu.br\/linse\/files\/2020\/08\/linha-preta-5-1080x2.png 1080w, https:\/\/wp.ufpel.edu.br\/linse\/files\/2020\/08\/linha-preta-5-960x2.png 960w, https:\/\/wp.ufpel.edu.br\/linse\/files\/2020\/08\/linha-preta-5-272x2.png 272w, https:\/\/wp.ufpel.edu.br\/linse\/files\/2020\/08\/linha-preta-5-436x2.png 436w\" sizes=\"(max-width: 5935px) 100vw, 5935px\" title=\"linha preta\" alt=\"\" \t\tclass=\"so-widget-image\"\/>\n\t<\/div>\n\n<\/div><\/div><\/div><\/div><\/div><div id=\"pg-310-3\"  class=\"panel-grid panel-no-style\" ><div id=\"pgc-310-3-0\"  class=\"panel-grid-cell\" ><div id=\"panel-310-3-0-0\" class=\"so-panel widget widget_sow-editor panel-first-child panel-last-child\" data-index=\"3\" ><div\n\t\t\t\n\t\t\tclass=\"so-widget-sow-editor so-widget-sow-editor-base\"\n\t\t\t\n\t\t>\n<div class=\"siteorigin-widget-tinymce textwidget\">\n\t<p style=\"text-align: justify\" align=\"justify\"><strong><span style=\"font-family: helvetica, arial, sans-serif;font-size: 18pt\">Evitando press\u00f5es<\/span><\/strong><\/p>\n<p style=\"text-align: justify\" align=\"justify\"><span style=\"font-family: helvetica, arial, sans-serif;font-size: 14pt\">Com o objetivo de evitar a influ\u00eancia sobre o processo de inspe\u00e7\u00e3o e garantir a sua imparcialidade, o LINSE delega o contato inicial externo e o processo de negocia\u00e7\u00e3o com o solicitante ao DpA, preservando, sempre que poss\u00edvel, o DpT de qualquer tipo de influ\u00eancia comercial externa. Tais condi\u00e7\u00f5es garantem que seu julgamento n\u00e3o seja prejudicado por nenhum tipo de press\u00e3o, seja financeira, comercial ou de qualquer outra ordem, e que a integridade do processo e do LINSE sejam preservados.<\/span><\/p>\n<p align=\"justify\">\n<p style=\"text-align: justify\" align=\"justify\"><strong><span style=\"font-family: helvetica, arial, sans-serif;font-size: 18pt\">Identifica\u00e7\u00e3o de riscos<\/span><\/strong><\/p>\n<p style=\"text-align: justify\" align=\"justify\"><span style=\"font-family: helvetica, arial, sans-serif;font-size: 14pt\">Os riscos \u00e0 imparcialidade est\u00e3o identificados conforme Matrizes de Identifica\u00e7\u00e3o de Riscos (DQ.079), a qual periodicamente passa por an\u00e1lise quanto \u00e0 pertin\u00eancia, abrang\u00eancia e efetividade das a\u00e7\u00f5es propostas.<\/span><\/p>\n<p style=\"text-align: justify\" align=\"justify\"><span style=\"font-family: helvetica, arial, sans-serif;font-size: 14pt\">Buscando identificar de forma cont\u00ednua os riscos \u00e0 sua imparcialidade em rela\u00e7\u00e3o \u00e0 inspe\u00e7\u00e3o a ser realizada, o LINSE utiliza-se de um documento (Termo de Abertura do Processo de Inspe\u00e7\u00e3o) para que, a cada nova inspe\u00e7\u00e3o, os envolvidos declarem-se desimpedidos quanto \u00e0s condi\u00e7\u00f5es do servi\u00e7o, preservando a integridade do processo, a independ\u00eancia e a imparcialidade.<\/span><\/p>\n<p align=\"justify\">\n<p style=\"text-align: justify\" align=\"justify\"><strong><span style=\"font-family: helvetica, arial, sans-serif;font-size: 18pt\">Elimina\u00e7\u00e3o ou minimiza\u00e7\u00e3o de risco identificado<\/span><\/strong><\/p>\n<p style=\"text-align: justify\" align=\"justify\"><span style=\"font-family: helvetica, arial, sans-serif;font-size: 14pt\">Al\u00e9m disso, os riscos \u00e0 imparcialidade s\u00e3o avaliados e mitigados sempre que ocorrer qualquer evento diferente dos j\u00e1 previstos que possa ter influ\u00eancia sobre a imparcialidade do LINSE ou do seu pessoal, passando por an\u00e1lise individualizada. Caso o risco envolva diretamente algum colaborador, o LINSE prontamente tomar\u00e1 provid\u00eancias para elimin\u00e1-lo ou minimiz\u00e1-lo, atrav\u00e9s do imediato afastamento do(s) colaborador(es) alvo(s) de suspei\u00e7\u00e3o do processo de inspe\u00e7\u00e3o, com avalia\u00e7\u00e3o da conduta do mesmo e medidas administrativas pertinentes e, quando cab\u00edvel, revis\u00e3o do trabalho por ele executado, a fim de garantir que n\u00e3o houve qualquer impacto no trabalho realizado. Todas as ocorr\u00eancias dever\u00e3o ser registradas no Registro de Ocorr\u00eancia (DQ.006), assim como as provid\u00eancias tomadas.<\/span><\/p>\n<p align=\"justify\">\n<p style=\"text-align: justify\" align=\"justify\"><strong><span style=\"font-family: helvetica, arial, sans-serif;font-size: 18pt\">Compromisso da Alta Dire\u00e7\u00e3o<\/span><\/strong><\/p>\n<p style=\"text-align: justify\" align=\"justify\"><span style=\"font-family: helvetica, arial, sans-serif;font-size: 14pt\">O compromisso com a imparcialidade \u00e9 fomentado constantemente e tornado p\u00fablico pela Alta Dire\u00e7\u00e3o, que mant\u00e9m acess\u00edvel as declara\u00e7\u00f5es e as pol\u00edticas do LINSE. Al\u00e9m disso, \u00e9 a Alta Dire\u00e7\u00e3o a respons\u00e1vel pela aprova\u00e7\u00e3o dos procedimentos que envolvam registros e tratamentos de ocorr\u00eancias e an\u00e1lise cr\u00edtica do sistema.<\/span><\/p>\n<\/div>\n<\/div><\/div><\/div><\/div><\/div>","protected":false},"excerpt":{"rendered":"<p>As atividades executadas por todo e qualquer colaborador do LINSE ser\u00e3o sempre realizadas com imparcialidade, compromisso assumido quando da assinatura do Termo de Confidencialidade (DQ.036) e reafirmado atrav\u00e9s do Guia de Conduta Pessoal (DQ.010).<\/p>\n","protected":false},"author":920,"featured_media":0,"parent":0,"menu_order":0,"comment_status":"closed","ping_status":"closed","template":"","meta":{"footnotes":""},"class_list":["post-310","page","type-page","status-publish","hentry","post"],"_links":{"self":[{"href":"https:\/\/wp.ufpel.edu.br\/linse\/wp-json\/wp\/v2\/pages\/310","targetHints":{"allow":["GET"]}}],"collection":[{"href":"https:\/\/wp.ufpel.edu.br\/linse\/wp-json\/wp\/v2\/pages"}],"about":[{"href":"https:\/\/wp.ufpel.edu.br\/linse\/wp-json\/wp\/v2\/types\/page"}],"author":[{"embeddable":true,"href":"https:\/\/wp.ufpel.edu.br\/linse\/wp-json\/wp\/v2\/users\/920"}],"replies":[{"embeddable":true,"href":"https:\/\/wp.ufpel.edu.br\/linse\/wp-json\/wp\/v2\/comments?post=310"}],"version-history":[{"count":21,"href":"https:\/\/wp.ufpel.edu.br\/linse\/wp-json\/wp\/v2\/pages\/310\/revisions"}],"predecessor-version":[{"id":2438,"href":"https:\/\/wp.ufpel.edu.br\/linse\/wp-json\/wp\/v2\/pages\/310\/revisions\/2438"}],"wp:attachment":[{"href":"https:\/\/wp.ufpel.edu.br\/linse\/wp-json\/wp\/v2\/media?parent=310"}],"curies":[{"name":"wp","href":"https:\/\/api.w.org\/{rel}","templated":true}]}}