{"id":1465,"date":"2020-06-15T09:19:50","date_gmt":"2020-06-15T12:19:50","guid":{"rendered":"https:\/\/wp.ufpel.edu.br\/linse\/?page_id=1465"},"modified":"2025-02-25T20:59:23","modified_gmt":"2025-02-25T23:59:23","slug":"diagnostico-energetico","status":"publish","type":"page","link":"https:\/\/wp.ufpel.edu.br\/linse\/diagnostico-energetico\/","title":{"rendered":"Diagn\u00f3stico Energ\u00e9tico"},"content":{"rendered":"<div id=\"pl-1465\"  class=\"panel-layout\" ><div id=\"pg-1465-0\"  class=\"panel-grid panel-no-style\" ><div id=\"pgc-1465-0-0\"  class=\"panel-grid-cell\" ><div id=\"panel-1465-0-0-0\" class=\"so-panel widget widget_media_image panel-first-child panel-last-child\" data-index=\"0\" ><img loading=\"lazy\" decoding=\"async\" width=\"5608\" height=\"2971\" src=\"https:\/\/wp.ufpel.edu.br\/linse\/files\/2020\/08\/Banners-Servi\u00e7os-05.png\" class=\"image wp-image-2052  attachment-full size-full\" alt=\"\" style=\"max-width: 100%; height: auto;\" srcset=\"https:\/\/wp.ufpel.edu.br\/linse\/files\/2020\/08\/Banners-Servi\u00e7os-05.png 5608w, https:\/\/wp.ufpel.edu.br\/linse\/files\/2020\/08\/Banners-Servi\u00e7os-05-424x225.png 424w, https:\/\/wp.ufpel.edu.br\/linse\/files\/2020\/08\/Banners-Servi\u00e7os-05-212x112.png 212w, https:\/\/wp.ufpel.edu.br\/linse\/files\/2020\/08\/Banners-Servi\u00e7os-05-768x407.png 768w, https:\/\/wp.ufpel.edu.br\/linse\/files\/2020\/08\/Banners-Servi\u00e7os-05-1536x814.png 1536w, https:\/\/wp.ufpel.edu.br\/linse\/files\/2020\/08\/Banners-Servi\u00e7os-05-2048x1085.png 2048w, https:\/\/wp.ufpel.edu.br\/linse\/files\/2020\/08\/Banners-Servi\u00e7os-05-720x380.png 720w\" sizes=\"auto, (max-width: 5608px) 100vw, 5608px\" \/><\/div><\/div><\/div><div id=\"pg-1465-1\"  class=\"panel-grid panel-no-style\" ><div id=\"pgc-1465-1-0\"  class=\"panel-grid-cell\" ><div id=\"panel-1465-1-0-0\" class=\"so-panel widget widget_sow-editor panel-first-child panel-last-child\" data-index=\"1\" ><div\n\t\t\t\n\t\t\tclass=\"so-widget-sow-editor so-widget-sow-editor-base\"\n\t\t\t\n\t\t>\n<div class=\"siteorigin-widget-tinymce textwidget\">\n\t<p style=\"text-align: justify\"><span style=\"font-family: helvetica, arial, sans-serif;font-size: 14pt\">Conhecer como a energia \u00e9 utilizada, al\u00e9m de uma quest\u00e3o de economia e gest\u00e3o, \u00e9 uma importante a\u00e7\u00e3o de sustentabilidade, evitando o desperd\u00edcio e impactos ambientais desnecess\u00e1rios.<\/span><\/p>\n<p style=\"text-align: justify\"><span style=\"font-family: helvetica, arial, sans-serif;font-size: 14pt\">O diagn\u00f3stico energ\u00e9tico, \u00e0s vezes descrito como auditoria energ\u00e9tica, re\u00fane uma s\u00e9rie de procedimentos que visam conhecer como a energia \u00e9 utilizada em uma edifica\u00e7\u00e3o, tendo como refer\u00eancia a NBR ISO 50.002 \u2013 Diagn\u00f3sticos Energ\u00e9ticos \u2013 Requisitos com orienta\u00e7\u00e3o para uso.<\/span><\/p>\n<p style=\"text-align: justify\"><span style=\"font-family: helvetica, arial, sans-serif;font-size: 14pt\">A energia \u00e9 tratada como um insumo para o funcionamento das atividades realizadas no edif\u00edcio, a partir de t\u00e9cnicas e instrumentos de levantamento e aquisi\u00e7\u00e3o de dados e informa\u00e7\u00f5es, tais como lista de sistemas, processos e equipamentos que consomem energia, caracter\u00edsticas dos usos de energia, consumo de energia e medi\u00e7\u00f5es relacionadas, equipamentos de monitoramento, tarifas energ\u00e9ticas, propriedades termof\u00edsicas da edifica\u00e7\u00e3o, entre outros.<\/span><\/p>\n<p style=\"text-align: justify\"><span style=\"font-family: helvetica, arial, sans-serif;font-size: 14pt\">Este processo inclui a avalia\u00e7\u00e3o do grau de satisfa\u00e7\u00e3o dos usu\u00e1rios e colaboradores e busca a participa\u00e7\u00e3o destes no processo de diagn\u00f3stico energ\u00e9tico e otimiza\u00e7\u00e3o do uso da energia. O envolvimento das pessoas \u00e9 essencial para o desenvolvimento de um planejamento energ\u00e9tico que pode visar uma simples redu\u00e7\u00e3o de consumo ou obter a NBR ISO 50.001 \u2013 Gest\u00e3o de Energia.<\/span><\/p>\n<p style=\"text-align: justify\"><span style=\"font-family: helvetica, arial, sans-serif;font-size: 14pt\">O diagn\u00f3stico energ\u00e9tico torna poss\u00edvel identificar as medidas de efici\u00eancia energ\u00e9tica (MEE) tecnicamente poss\u00edveis e financeiramente vi\u00e1veis.<\/span><\/p>\n<p style=\"text-align: justify\"><span style=\"font-size: 14pt\"><img loading=\"lazy\" decoding=\"async\" class=\"wp-image-2053 aligncenter\" src=\"https:\/\/wp.ufpel.edu.br\/linse\/files\/2020\/08\/Imagem-01.png\" alt=\"\" width=\"1000\" height=\"411\" srcset=\"https:\/\/wp.ufpel.edu.br\/linse\/files\/2020\/08\/Imagem-01.png 5633w, https:\/\/wp.ufpel.edu.br\/linse\/files\/2020\/08\/Imagem-01-424x174.png 424w, https:\/\/wp.ufpel.edu.br\/linse\/files\/2020\/08\/Imagem-01-212x87.png 212w, https:\/\/wp.ufpel.edu.br\/linse\/files\/2020\/08\/Imagem-01-768x316.png 768w, https:\/\/wp.ufpel.edu.br\/linse\/files\/2020\/08\/Imagem-01-1536x632.png 1536w, https:\/\/wp.ufpel.edu.br\/linse\/files\/2020\/08\/Imagem-01-2048x842.png 2048w\" sizes=\"auto, (max-width: 1000px) 100vw, 1000px\" \/><\/span><\/p>\n<p style=\"text-align: center\" align=\"center\"><span style=\"font-family: Helvetica, serif;font-size: 18pt\">TIPOS DE DIAGN\u00d3STICOS ENERG\u00c9TICOS<\/span><\/p>\n<p style=\"text-align: left\"><span style=\"font-size: 14pt\"><img loading=\"lazy\" decoding=\"async\" class=\"wp-image-2054 aligncenter\" src=\"https:\/\/wp.ufpel.edu.br\/linse\/files\/2020\/08\/Imagem-02.png\" alt=\"\" width=\"1000\" height=\"619\" srcset=\"https:\/\/wp.ufpel.edu.br\/linse\/files\/2020\/08\/Imagem-02.png 3983w, https:\/\/wp.ufpel.edu.br\/linse\/files\/2020\/08\/Imagem-02-424x263.png 424w, https:\/\/wp.ufpel.edu.br\/linse\/files\/2020\/08\/Imagem-02-212x131.png 212w, https:\/\/wp.ufpel.edu.br\/linse\/files\/2020\/08\/Imagem-02-768x476.png 768w, https:\/\/wp.ufpel.edu.br\/linse\/files\/2020\/08\/Imagem-02-1536x951.png 1536w, https:\/\/wp.ufpel.edu.br\/linse\/files\/2020\/08\/Imagem-02-2048x1268.png 2048w\" sizes=\"auto, (max-width: 1000px) 100vw, 1000px\" \/><\/span><\/p>\n<\/div>\n<\/div><\/div><\/div><\/div><div id=\"pg-1465-2\"  class=\"panel-grid panel-no-style\" ><div id=\"pgc-1465-2-0\"  class=\"panel-grid-cell\" ><div id=\"panel-1465-2-0-0\" class=\"so-panel widget widget_sow-image panel-first-child panel-last-child\" data-index=\"2\" ><div class=\"panel-widget-style panel-widget-style-for-1465-2-0-0\" ><div\n\t\t\t\n\t\t\tclass=\"so-widget-sow-image so-widget-sow-image-default-8b5b6f678277-1465\"\n\t\t\t\n\t\t>\n<div class=\"sow-image-container\">\n\t\t<img \n\tsrc=\"https:\/\/wp.ufpel.edu.br\/linse\/files\/2020\/08\/linha-preta-5.png\" width=\"5935\" height=\"2\" srcset=\"https:\/\/wp.ufpel.edu.br\/linse\/files\/2020\/08\/linha-preta-5.png 5935w, https:\/\/wp.ufpel.edu.br\/linse\/files\/2020\/08\/linha-preta-5-424x1.png 424w, https:\/\/wp.ufpel.edu.br\/linse\/files\/2020\/08\/linha-preta-5-984x2.png 984w, https:\/\/wp.ufpel.edu.br\/linse\/files\/2020\/08\/linha-preta-5-212x1.png 212w, https:\/\/wp.ufpel.edu.br\/linse\/files\/2020\/08\/linha-preta-5-768x1.png 768w, https:\/\/wp.ufpel.edu.br\/linse\/files\/2020\/08\/linha-preta-5-1536x1.png 1536w, https:\/\/wp.ufpel.edu.br\/linse\/files\/2020\/08\/linha-preta-5-2048x1.png 2048w, https:\/\/wp.ufpel.edu.br\/linse\/files\/2020\/08\/linha-preta-5-720x2.png 720w, https:\/\/wp.ufpel.edu.br\/linse\/files\/2020\/08\/linha-preta-5-1080x2.png 1080w, https:\/\/wp.ufpel.edu.br\/linse\/files\/2020\/08\/linha-preta-5-960x2.png 960w, https:\/\/wp.ufpel.edu.br\/linse\/files\/2020\/08\/linha-preta-5-272x2.png 272w, https:\/\/wp.ufpel.edu.br\/linse\/files\/2020\/08\/linha-preta-5-436x2.png 436w\" sizes=\"(max-width: 5935px) 100vw, 5935px\" title=\"linha preta\" alt=\"\" \t\tclass=\"so-widget-image\"\/>\n\t<\/div>\n\n<\/div><\/div><\/div><\/div><\/div><div id=\"pg-1465-3\"  class=\"panel-grid panel-no-style\" ><div id=\"pgc-1465-3-0\"  class=\"panel-grid-cell\" ><div id=\"panel-1465-3-0-0\" class=\"so-panel widget widget_sow-editor panel-first-child panel-last-child\" data-index=\"3\" ><div\n\t\t\t\n\t\t\tclass=\"so-widget-sow-editor so-widget-sow-editor-base\"\n\t\t\t\n\t\t>\n<div class=\"siteorigin-widget-tinymce textwidget\">\n\t<p align=\"center\"><span style=\"font-size: 18pt\"><span style=\"font-family: Helvetica, serif\">Entre em contato conosco e veja qual o tipo mais indicado <\/span><span style=\"font-family: Helvetica, serif\">para sua institui\u00e7\u00e3o\/empresa.<\/span><\/span><\/p>\n<\/div>\n<\/div><\/div><\/div><\/div><div id=\"pg-1465-4\"  class=\"panel-grid panel-no-style\" ><div id=\"pgc-1465-4-0\"  class=\"panel-grid-cell\" ><div id=\"panel-1465-4-0-0\" class=\"so-panel widget widget_sow-image panel-first-child panel-last-child\" data-index=\"4\" ><div\n\t\t\t\n\t\t\tclass=\"so-widget-sow-image so-widget-sow-image-default-c67d20f9f743-1465\"\n\t\t\t\n\t\t>\n<div class=\"sow-image-container\">\n\t\t\t<a href=\"https:\/\/wp.ufpel.edu.br\/linse\/contato\/\"\n\t\t\ttarget=\"_blank\" rel=\"noopener noreferrer\" \t\t>\n\t\t\t<img \n\tsrc=\"https:\/\/wp.ufpel.edu.br\/linse\/files\/2020\/09\/Botoes-01-424x128.png\" width=\"424\" height=\"128\" srcset=\"https:\/\/wp.ufpel.edu.br\/linse\/files\/2020\/09\/Botoes-01-424x128.png 424w, https:\/\/wp.ufpel.edu.br\/linse\/files\/2020\/09\/Botoes-01-212x64.png 212w, https:\/\/wp.ufpel.edu.br\/linse\/files\/2020\/09\/Botoes-01-768x232.png 768w, https:\/\/wp.ufpel.edu.br\/linse\/files\/2020\/09\/Botoes-01.png 1355w\" sizes=\"(max-width: 424px) 100vw, 424px\" title=\"Bot\u00f5es-01\" alt=\"\" \t\tclass=\"so-widget-image\"\/>\n\t\t\t<\/a><\/div>\n\n<\/div><\/div><\/div><div id=\"pgc-1465-4-1\"  class=\"panel-grid-cell\" ><div id=\"panel-1465-4-1-0\" class=\"so-panel widget widget_sow-image panel-first-child panel-last-child\" data-index=\"5\" ><div\n\t\t\t\n\t\t\tclass=\"so-widget-sow-image so-widget-sow-image-default-c67d20f9f743-1465\"\n\t\t\t\n\t\t>\n<div class=\"sow-image-container\">\n\t\t\t<a href=\"https:\/\/wp.ufpel.edu.br\/linse\/#orcamento\"\n\t\t\t\t\t>\n\t\t\t<img \n\tsrc=\"https:\/\/wp.ufpel.edu.br\/linse\/files\/2020\/09\/Botoes-02-424x128.png\" width=\"424\" height=\"128\" srcset=\"https:\/\/wp.ufpel.edu.br\/linse\/files\/2020\/09\/Botoes-02-424x128.png 424w, https:\/\/wp.ufpel.edu.br\/linse\/files\/2020\/09\/Botoes-02-212x64.png 212w, https:\/\/wp.ufpel.edu.br\/linse\/files\/2020\/09\/Botoes-02-768x232.png 768w, https:\/\/wp.ufpel.edu.br\/linse\/files\/2020\/09\/Botoes-02.png 1355w\" sizes=\"(max-width: 424px) 100vw, 424px\" title=\"Bot\u00f5es-02\" alt=\"\" \t\tclass=\"so-widget-image\"\/>\n\t\t\t<\/a><\/div>\n\n<\/div><\/div><\/div><div id=\"pgc-1465-4-2\"  class=\"panel-grid-cell\" ><div id=\"panel-1465-4-2-0\" class=\"so-panel widget widget_sow-image panel-first-child panel-last-child\" data-index=\"6\" ><div\n\t\t\t\n\t\t\tclass=\"so-widget-sow-image so-widget-sow-image-default-c67d20f9f743-1465\"\n\t\t\t\n\t\t>\n<div class=\"sow-image-container\">\n\t\t\t<a href=\"https:\/\/linse.ufpel.edu.br\/suporte\/\"\n\t\t\t\t\t>\n\t\t\t<img \n\tsrc=\"https:\/\/wp.ufpel.edu.br\/linse\/files\/2020\/09\/Botoes-03-424x128.png\" width=\"424\" height=\"128\" srcset=\"https:\/\/wp.ufpel.edu.br\/linse\/files\/2020\/09\/Botoes-03-424x128.png 424w, https:\/\/wp.ufpel.edu.br\/linse\/files\/2020\/09\/Botoes-03-212x64.png 212w, https:\/\/wp.ufpel.edu.br\/linse\/files\/2020\/09\/Botoes-03-768x232.png 768w, https:\/\/wp.ufpel.edu.br\/linse\/files\/2020\/09\/Botoes-03.png 1355w\" sizes=\"(max-width: 424px) 100vw, 424px\" title=\"Bot\u00f5es-03\" alt=\"\" \t\tclass=\"so-widget-image\"\/>\n\t\t\t<\/a><\/div>\n\n<\/div><\/div><\/div><\/div><div id=\"pg-1465-5\"  class=\"panel-grid panel-no-style\" ><div id=\"pgc-1465-5-0\"  class=\"panel-grid-cell\" ><div id=\"panel-1465-5-0-0\" class=\"so-panel widget widget_sow-image panel-first-child panel-last-child\" data-index=\"7\" ><div class=\"panel-widget-style panel-widget-style-for-1465-5-0-0\" ><div\n\t\t\t\n\t\t\tclass=\"so-widget-sow-image so-widget-sow-image-default-8b5b6f678277-1465\"\n\t\t\t\n\t\t>\n<div class=\"sow-image-container\">\n\t\t<img \n\tsrc=\"https:\/\/wp.ufpel.edu.br\/linse\/files\/2020\/08\/linha-preta-5.png\" width=\"5935\" height=\"2\" srcset=\"https:\/\/wp.ufpel.edu.br\/linse\/files\/2020\/08\/linha-preta-5.png 5935w, https:\/\/wp.ufpel.edu.br\/linse\/files\/2020\/08\/linha-preta-5-424x1.png 424w, https:\/\/wp.ufpel.edu.br\/linse\/files\/2020\/08\/linha-preta-5-984x2.png 984w, https:\/\/wp.ufpel.edu.br\/linse\/files\/2020\/08\/linha-preta-5-212x1.png 212w, https:\/\/wp.ufpel.edu.br\/linse\/files\/2020\/08\/linha-preta-5-768x1.png 768w, https:\/\/wp.ufpel.edu.br\/linse\/files\/2020\/08\/linha-preta-5-1536x1.png 1536w, https:\/\/wp.ufpel.edu.br\/linse\/files\/2020\/08\/linha-preta-5-2048x1.png 2048w, https:\/\/wp.ufpel.edu.br\/linse\/files\/2020\/08\/linha-preta-5-720x2.png 720w, https:\/\/wp.ufpel.edu.br\/linse\/files\/2020\/08\/linha-preta-5-1080x2.png 1080w, https:\/\/wp.ufpel.edu.br\/linse\/files\/2020\/08\/linha-preta-5-960x2.png 960w, https:\/\/wp.ufpel.edu.br\/linse\/files\/2020\/08\/linha-preta-5-272x2.png 272w, https:\/\/wp.ufpel.edu.br\/linse\/files\/2020\/08\/linha-preta-5-436x2.png 436w\" sizes=\"(max-width: 5935px) 100vw, 5935px\" title=\"linha preta\" alt=\"\" \t\tclass=\"so-widget-image\"\/>\n\t<\/div>\n\n<\/div><\/div><\/div><\/div><\/div><div id=\"pg-1465-6\"  class=\"panel-grid panel-no-style\" ><div id=\"pgc-1465-6-0\"  class=\"panel-grid-cell\" ><div id=\"panel-1465-6-0-0\" class=\"so-panel widget widget_sow-editor panel-first-child panel-last-child\" data-index=\"8\" ><div\n\t\t\t\n\t\t\tclass=\"so-widget-sow-editor so-widget-sow-editor-base\"\n\t\t\t\n\t\t>\n<div class=\"siteorigin-widget-tinymce textwidget\">\n\t<p align=\"center\"><span style=\"font-family: Helvetica, serif;font-size: 18pt\">Veja tamb\u00e9m os outros servi\u00e7os que oferecemos para voc\u00ea!<\/span><\/p>\n<\/div>\n<\/div><\/div><\/div><\/div><div id=\"pg-1465-7\"  class=\"panel-grid panel-no-style\" ><div id=\"pgc-1465-7-0\"  class=\"panel-grid-cell\" ><div id=\"panel-1465-7-0-0\" class=\"so-panel widget widget_sow-image panel-first-child panel-last-child\" data-index=\"9\" ><div\n\t\t\t\n\t\t\tclass=\"so-widget-sow-image so-widget-sow-image-default-c67d20f9f743-1465\"\n\t\t\t\n\t\t>\n<div class=\"sow-image-container\">\n\t\t\t<a href=\"https:\/\/wp.ufpel.edu.br\/linse\/servicos\/\"\n\t\t\t\t\t>\n\t\t\t<img \n\tsrc=\"https:\/\/wp.ufpel.edu.br\/linse\/files\/2020\/09\/Botoes-04-424x90.png\" width=\"424\" height=\"90\" srcset=\"https:\/\/wp.ufpel.edu.br\/linse\/files\/2020\/09\/Botoes-04-424x90.png 424w, https:\/\/wp.ufpel.edu.br\/linse\/files\/2020\/09\/Botoes-04-212x45.png 212w, https:\/\/wp.ufpel.edu.br\/linse\/files\/2020\/09\/Botoes-04-768x164.png 768w, https:\/\/wp.ufpel.edu.br\/linse\/files\/2020\/09\/Botoes-04-1536x327.png 1536w, https:\/\/wp.ufpel.edu.br\/linse\/files\/2020\/09\/Botoes-04.png 1925w\" sizes=\"(max-width: 424px) 100vw, 424px\" title=\"Bot\u00f5es-04\" alt=\"\" \t\tclass=\"so-widget-image\"\/>\n\t\t\t<\/a><\/div>\n\n<\/div><\/div><\/div><\/div><div id=\"pg-1465-8\"  class=\"panel-grid panel-no-style\" ><div id=\"pgc-1465-8-0\"  class=\"panel-grid-cell\" ><div id=\"panel-1465-8-0-0\" class=\"so-panel widget widget_sow-image panel-first-child panel-last-child\" data-index=\"10\" ><div class=\"panel-widget-style panel-widget-style-for-1465-8-0-0\" ><div\n\t\t\t\n\t\t\tclass=\"so-widget-sow-image so-widget-sow-image-default-8b5b6f678277-1465\"\n\t\t\t\n\t\t>\n<div class=\"sow-image-container\">\n\t\t<img \n\tsrc=\"https:\/\/wp.ufpel.edu.br\/linse\/files\/2020\/08\/linha-preta-5.png\" width=\"5935\" height=\"2\" srcset=\"https:\/\/wp.ufpel.edu.br\/linse\/files\/2020\/08\/linha-preta-5.png 5935w, https:\/\/wp.ufpel.edu.br\/linse\/files\/2020\/08\/linha-preta-5-424x1.png 424w, https:\/\/wp.ufpel.edu.br\/linse\/files\/2020\/08\/linha-preta-5-984x2.png 984w, https:\/\/wp.ufpel.edu.br\/linse\/files\/2020\/08\/linha-preta-5-212x1.png 212w, https:\/\/wp.ufpel.edu.br\/linse\/files\/2020\/08\/linha-preta-5-768x1.png 768w, https:\/\/wp.ufpel.edu.br\/linse\/files\/2020\/08\/linha-preta-5-1536x1.png 1536w, https:\/\/wp.ufpel.edu.br\/linse\/files\/2020\/08\/linha-preta-5-2048x1.png 2048w, https:\/\/wp.ufpel.edu.br\/linse\/files\/2020\/08\/linha-preta-5-720x2.png 720w, https:\/\/wp.ufpel.edu.br\/linse\/files\/2020\/08\/linha-preta-5-1080x2.png 1080w, https:\/\/wp.ufpel.edu.br\/linse\/files\/2020\/08\/linha-preta-5-960x2.png 960w, https:\/\/wp.ufpel.edu.br\/linse\/files\/2020\/08\/linha-preta-5-272x2.png 272w, https:\/\/wp.ufpel.edu.br\/linse\/files\/2020\/08\/linha-preta-5-436x2.png 436w\" sizes=\"(max-width: 5935px) 100vw, 5935px\" title=\"linha preta\" alt=\"\" \t\tclass=\"so-widget-image\"\/>\n\t<\/div>\n\n<\/div><\/div><\/div><\/div><\/div><\/div>","protected":false},"excerpt":{"rendered":"<p>Conhecer como a energia \u00e9 utilizada, al\u00e9m de uma quest\u00e3o de economia e gest\u00e3o, \u00e9 uma importante a\u00e7\u00e3o de sustentabilidade, evitando o desperd\u00edcio e impactos ambientais desnecess\u00e1rios. O diagn\u00f3stico energ\u00e9tico, \u00e0s vezes descrito como auditoria energ\u00e9tica, re\u00fane uma s\u00e9rie de procedimentos que visam conhecer como a energia \u00e9 utilizada em uma edifica\u00e7\u00e3o, tendo como refer\u00eancia [&hellip;]<\/p>\n","protected":false},"author":920,"featured_media":0,"parent":0,"menu_order":0,"comment_status":"closed","ping_status":"closed","template":"","meta":{"footnotes":""},"class_list":["post-1465","page","type-page","status-publish","hentry","post"],"_links":{"self":[{"href":"https:\/\/wp.ufpel.edu.br\/linse\/wp-json\/wp\/v2\/pages\/1465","targetHints":{"allow":["GET"]}}],"collection":[{"href":"https:\/\/wp.ufpel.edu.br\/linse\/wp-json\/wp\/v2\/pages"}],"about":[{"href":"https:\/\/wp.ufpel.edu.br\/linse\/wp-json\/wp\/v2\/types\/page"}],"author":[{"embeddable":true,"href":"https:\/\/wp.ufpel.edu.br\/linse\/wp-json\/wp\/v2\/users\/920"}],"replies":[{"embeddable":true,"href":"https:\/\/wp.ufpel.edu.br\/linse\/wp-json\/wp\/v2\/comments?post=1465"}],"version-history":[{"count":23,"href":"https:\/\/wp.ufpel.edu.br\/linse\/wp-json\/wp\/v2\/pages\/1465\/revisions"}],"predecessor-version":[{"id":3089,"href":"https:\/\/wp.ufpel.edu.br\/linse\/wp-json\/wp\/v2\/pages\/1465\/revisions\/3089"}],"wp:attachment":[{"href":"https:\/\/wp.ufpel.edu.br\/linse\/wp-json\/wp\/v2\/media?parent=1465"}],"curies":[{"name":"wp","href":"https:\/\/api.w.org\/{rel}","templated":true}]}}