{"id":132,"date":"2020-12-08T20:25:15","date_gmt":"2020-12-08T23:25:15","guid":{"rendered":"https:\/\/wp.ufpel.edu.br\/linguisticaliteraturaearte\/?page_id=132"},"modified":"2025-11-13T15:42:30","modified_gmt":"2025-11-13T18:42:30","slug":"livros","status":"publish","type":"page","link":"https:\/\/wp.ufpel.edu.br\/linguisticaliteraturaearte\/publicacoes\/livros\/","title":{"rendered":"Livros"},"content":{"rendered":"<h4><span style=\"color: #000000;\"><strong>&#8220;Em busca de uma po\u00e9tica da voz&#8221;<\/strong><\/span><\/h4>\n<blockquote><p><span style=\"color: #000000;\"><strong>Link:\u00a0<\/strong><a style=\"color: #000000;\" href=\"https:\/\/ponteseditores.com.br\/loja3\/pontes-editores-home-2__trashed\/fonologia-e-fonetica\/em-busca-de-uma-poetica-da-voz\/\">https:\/\/ponteseditores.com.br\/loja3\/pontes-editores-home-2__trashed\/fonologia-e-fonetica\/em-busca-de-uma-poetica-da-voz\/\u00a0<\/a><\/span><\/p>\n<p><span style=\"color: #000000;\"><strong>Como citar: <\/strong>NEUMANN, D.. Em busca de uma po\u00e9tica da voz. 1. ed. Campinas: Pontes Editores, 2023<\/span><\/p><\/blockquote>\n<h3><span style=\"color: #000000;\"><strong>E-books<\/strong><\/span><\/h3>\n<h4><span style=\"color: #000000;\"><strong>2025<\/strong><\/span><\/h4>\n<h4><span style=\"color: #000000;\"><strong>&#8220;Ritmo, voz, discurso, enuncia\u00e7\u00e3o.&#8221;<\/strong><\/span><\/h4>\n<blockquote><p><span style=\"color: #000000;\"><strong>Link:<\/strong> <a style=\"color: #000000;\" href=\"https:\/\/mercado-de-letras.com.br\/e-books-livres\/\">https:\/\/mercado-de-letras.com.br\/e-books-livres\/\u00a0<\/a><\/span><\/p>\n<p><span style=\"color: #000000;\"><strong>Como citar:<\/strong> Ritmo, voz, discurso, enuncia\u00e7\u00e3o [livro eletr\u00f4nico] \/ Daiane Neumann (organiza\u00e7\u00e3o). \u2013 Campinas, SP : Mercado de Letras, 2025.<\/span><\/p><\/blockquote>\n<h4><\/h4>\n<h4><span style=\"color: #000000;\"><strong>2024<\/strong><\/span><\/h4>\n<h4><span style=\"color: #000000;\"><strong>&#8220;O rastro do som em Saussure.&#8221;<\/strong><\/span><\/h4>\n<blockquote><p><span style=\"color: #000000;\"><strong>Link:<\/strong> <a style=\"color: #000000;\" href=\"https:\/\/oikoseditora.com.br\/new\/obra\/index\/id\/1358\">https:\/\/oikoseditora.com.br\/new\/obra\/index\/id\/1358<\/a><\/span><\/p>\n<p><span style=\"color: #000000;\"><strong>Como citar:<\/strong> O rastro do som em Saussure. [E-book]. \/ Luiza Milano e Aline Vargas Stawinski. \u2013 S\u00e3o Leopoldo, RS: Oikos, 2024.<\/span><\/p><\/blockquote>\n<h4><span style=\"color: #000000;\"><strong>2023<\/strong><\/span><\/h4>\n<h4><span style=\"color: #000000;\"><strong>&#8220;Leitura em voz alta compartilhada&#8221;<\/strong><\/span><\/h4>\n<blockquote><p><span style=\"color: #000000;\"><strong>Link:<\/strong> <a style=\"color: #000000;\" href=\"https:\/\/www.editorazouk.com.br\/pd-947fb5--e-\">https:\/\/www.editorazouk.com.br\/pd-947fb5&#8211;e-<\/a><\/span><\/p>\n<p><span style=\"color: #000000;\"><strong>Como citar: <\/strong>Leitura em voz alta compartilhada [recurso eletr\u00f4nico] \/ organizado por Luiza Milano. Porto Alegre: Zouk, 2023.<\/span><\/p>\n<p>&nbsp;<\/p><\/blockquote>\n<h3><span style=\"color: #000000; font-size: 12pt;\">Cap\u00edtulos<\/span><\/h3>\n<h4><span style=\"color: #000000;\"><strong>2024<\/strong><\/span><\/h4>\n<h4><span style=\"color: #000000;\"><strong>&#8220;Saussure e a fonologia&#8221;<\/strong><\/span><\/h4>\n<blockquote><p><span style=\"color: #000000;\"><strong>Link: <\/strong><a style=\"color: #000000;\" href=\"https:\/\/www.ufrgs.br\/pet-letras\/contextualizando-ferdinand-de-saussure\/\">https:\/\/www.ufrgs.br\/pet-letras\/contextualizando-ferdinand-de-saussure\/<\/a><\/span><\/p>\n<p><span style=\"color: #000000;\"><strong>Como citar:\u00a0<\/strong>MILANO, Luiza. Saussure e a fonologia. In: Contextualizando: Ferdinand de Saussure. Orgs.: D\u00e9bora Goulart e Jo\u00e3o Manoel Alves. Porto Alegre: Noctua, 2024.<\/span><\/p><\/blockquote>\n<h4><span style=\"color: #000000;\"><strong>2023<\/strong><\/span><\/h4>\n<h4 style=\"text-align: justify;\"><span style=\"color: #000000;\"><strong>&#8220;A leitura em voz alta em contexto educacional: o caso da ONGEP&#8221; <\/strong><\/span><\/h4>\n<p style=\"text-align: justify; padding-left: 40px;\"><span style=\"color: #000000;\"><strong>Link:<\/strong><a style=\"color: #000000;\" href=\"https:\/\/www.editorazouk.com.br\/pd-947fb5--e-book-leitura-em-voz-alta-compartilhada.html?ct=308e81&amp;p=1&amp;s=1\">https:\/\/www.editorazouk.com.br\/pd-947fb5&#8211;e-book-leitura-em-voz-alta-compartilhada.html?ct=308e81&amp;p=1&amp;s=1 <\/a><\/span><\/p>\n<p style=\"text-align: justify; padding-left: 40px;\"><span style=\"color: #000000;\"><strong>Como citar:<\/strong> AYUB, Gibran. A leitura em voz alta em contexto educacional: o caso da ONGEP. In: MILANO, Luiza (Org.). Leitura em voz alta compartilhada. 1. ed. Porto Alegre\/RS: Editora Zouk, 2023, p. 77-87.<\/span><\/p>\n<h4><span style=\"color: #000000;\"><strong>&#8220;A descoberta das cidades invis\u00edveis no entrela\u00e7amento de vozes&#8221;<\/strong><\/span><\/h4>\n<blockquote>\n<h4><span style=\"color: #000000;\"><strong>Link:<\/strong> <a style=\"color: #000000;\" href=\"https:\/\/www.editorazouk.com.br\/pd-947fb5--e-\">https:\/\/www.editorazouk.com.br\/pd-947fb5&#8211;e-<\/a><\/span><\/h4>\n<p><span style=\"color: #000000;\"><strong>Como citar: <\/strong>NEUMANN, D.. A descoberta das cidades invis\u00edveis no entrela\u00e7amento de vozes. In: Luiza Milano. (Org.). Leitura em voz alta compartilhada. 1ed.Porto Alegre: Editora Zouk, 2023, v. , p. 146-152.<\/span><\/p><\/blockquote>\n<h4><span style=\"color: #000000;\"><strong>&#8220;Leitura em voz alta compartilhada: algumas reflex\u00f5es sobre o efeito do outro, da voz e da escuta.&#8221;\u00a0<\/strong><\/span><\/h4>\n<blockquote><p><span style=\"color: #000000;\"><strong>Link:\u00a0<\/strong><a style=\"color: #000000;\" href=\"https:\/\/www.editorazouk.com.br\/pd-947fb5--e-\">https:\/\/www.editorazouk.com.br\/pd-947fb5&#8211;e-\u00a0<\/a><\/span><\/p>\n<p><span style=\"color: #000000;\"><strong>Como citar: <\/strong>MILANO, Luiza. Leitura em voz alta compartilhada: algumas reflex\u00f5es sobre o efeito do outro, da voz e da escuta. In: Leitura em voz alta compartilhada. Porto Alegre: Zouk, 2023.<\/span><\/p><\/blockquote>\n<h4><span style=\"color: #000000; font-size: 12pt;\"><strong>2021<\/strong><\/span><\/h4>\n<h4><span style=\"color: #000000; font-size: 12pt;\">&#8220;As mulheres e a lingu\u00edstica saussuriana: \u00c9mile Benveniste e a abertura para uma po\u00e9tica do discurso&#8221;<\/span><\/h4>\n<blockquote><p><span style=\"color: #000000; font-size: 12pt;\"><strong>Link: <\/strong><a style=\"color: #000000;\" href=\"https:\/\/pedroejoaoeditores.com.br\/site\/releituras-em-ferdinand-de-saussure-e-emile-benveniste\/\">https:\/\/pedroejoaoeditores.com.br\/site\/releituras-em-ferdinand-de-saussure-e-emile-benveniste\/<\/a><\/span><\/p>\n<p><span style=\"font-size: 12pt;\"><span style=\"color: #000000;\"><strong>Como citar:<\/strong><\/span> <span style=\"color: #000000;\">MILANO, L. As mulheres e a lingu\u00edstica saussuriana. In: <em>(Re)leituras em Ferdinand de Saussure e \u00c9mile Benveniste<\/em>. Org.: Jomson Teixeira da Silva Filho. S\u00e3o Carlos: Pedro &amp; Jo\u00e3o Editores, 2021.<\/span><\/span><\/p><\/blockquote>\n<h4><span style=\"color: #000000; font-size: 12pt;\">&#8220;\u00c9mile Benveniste e a abertura para uma po\u00e9tica do discurso&#8221;<\/span><\/h4>\n<blockquote><p><span style=\"color: #000000; font-size: 12pt;\"><strong>Link: <\/strong><a style=\"color: #000000;\" href=\"https:\/\/pedroejoaoeditores.com.br\/site\/releituras-em-ferdinand-de-saussure-e-emile-benveniste\/\">https:\/\/pedroejoaoeditores.com.br\/site\/releituras-em-ferdinand-de-saussure-e-emile-benveniste\/<\/a><\/span><\/p>\n<p><span style=\"font-size: 12pt;\"><span style=\"color: #000000;\"><strong>Como citar:<\/strong><\/span> <span style=\"color: #000000;\">NEUMANN, D. \u00c9mile Benveniste e a abertura para uma po\u00e9tica do discurso. In: <em>(Re)leituras em Ferdinand de Saussure e \u00c9mile Benveniste<\/em>. Org.: Jomson Teixeira da Silva Filho. S\u00e3o Carlos: Pedro &amp; Jo\u00e3o Editores, 2021.<\/span><\/span><\/p><\/blockquote>\n<h4><span style=\"color: #000000; font-size: 12pt;\">&#8220;Traditions r\u00e9invent\u00e9es\u00a0: l\u2019\u00e9criture cr\u00e9ative dans deux universit\u00e9s du sud du Br\u00e9sil&#8221;<\/span><\/h4>\n<blockquote><p><span style=\"color: #000000; font-size: 12pt;\"><strong>Link: <\/strong><a style=\"color: #000000;\" href=\"https:\/\/www.peterlang.com\/view\/9782807617711\/html\/ch23.xhtml\">https:\/\/www.peterlang.com\/view\/9782807617711\/html\/ch23.xhtml<\/a><\/span><\/p>\n<p><span style=\"font-size: 12pt;\"><span style=\"color: #000000;\"><strong>Como citar:<\/strong><\/span> <span style=\"color: #000000;\">GRANDO, D. Traditions r\u00e9invent\u00e9es : l\u2019\u00e9criture cr\u00e9ative dans deux universit\u00e9s du sud du Br\u00e9sil. In:<em> La recherche-cr\u00e9ation litt\u00e9raire<\/em>. Ed.: Violaine Houdart-Merot and Anne-Marie Petitjean. Bruxelles: Peter Lang, 2021.<\/span><\/span><\/p><\/blockquote>\n<h4><span style=\"color: #000000; font-size: 12pt;\"><strong>2020<\/strong><\/span><\/h4>\n<h4><span style=\"font-size: 12pt;\"><span style=\"color: #000000;\">&#8220;<\/span><span style=\"color: #000000;\">Leitura em voz alta compartilhada: a alteridade como espa\u00e7o de escuta&#8221;<\/span><\/span><\/h4>\n<blockquote>\n<h4><span style=\"color: #000000; font-size: 12pt;\"><strong>Link<\/strong>:\u00a0<a style=\"color: #000000;\" href=\"https:\/\/lume.ufrgs.br\/handle\/10183\/214066\">https:\/\/lume.ufrgs.br\/handle\/10183\/214066<\/a><\/span><\/h4>\n<p><span style=\"color: #000000; font-size: 12pt;\"><strong>Como citar<\/strong>: MILANO, L. Leitura em voz alta compartilhada: a alteridade como espa\u00e7o de escuta. In: <em>Literatura na vida: experi\u00eancias de ler e escrever na educa\u00e7\u00e3o e na sa\u00fade<\/em>. Orgs.: Lu\u00eds Augusto Fischer; Marta Orofino. Porto Alegre: Editora da UFRGS, 2020.<\/span><\/p><\/blockquote>\n<h4><span style=\"color: #000000; font-size: 12pt;\">&#8220;A signific\u00e2ncia e a tradu\u00e7\u00e3o&#8221;<\/span><\/h4>\n<blockquote>\n<div>\n<p><span style=\"color: #000000; font-size: 12pt;\"><strong>Link<\/strong>: <a style=\"color: #000000;\" href=\"https:\/\/www.academia.edu\/44899454\/A_significa_ncia_e_a_traduc_a_o\">https:\/\/www.academia.edu\/44899454\/A_significa_ncia_e_a_traduc_a_o<\/a><\/span><\/p>\n<p><span style=\"color: #000000; font-size: 12pt;\"><strong>Como citar: <\/strong>NEUMANN, Daiane. A signific\u00e2ncia e a tradu\u00e7\u00e3o. In: OLIVEIRA, Giovane F.; ARESI, F\u00e1bio.<i>\u00a0O universo benvenistiano<\/i>: enuncia\u00e7\u00e3o, sociedade, semiologia. S\u00e3o Paulo: Pimenta Cultural, 2020.<\/span><\/p>\n<\/div>\n<\/blockquote>\n<h4><span style=\"color: #000000; font-size: 12pt;\">&#8220;\u00c0s voltas com o tu em Benveniste: uma reflex\u00e3o sobre a no\u00e7\u00e3o de escuta em lingu\u00edstica&#8221;<\/span><\/h4>\n<div>\n<blockquote><p><span style=\"color: #000000; font-size: 12pt;\"><strong>Link<\/strong>:\u00a0<a style=\"color: #000000;\" href=\"https:\/\/wp.ufpel.edu.br\/linguisticaliteraturaearte\/files\/2021\/01\/A-voltas-como-tu-em-Benveniste.pdf\">https:\/\/wp.ufpel.edu.br\/linguisticaliteraturaearte\/files\/2021\/01\/A-voltas-como-tu-em-Benveniste.pdf<\/a><\/span><\/p>\n<p><span style=\"font-size: 12pt;\"><span style=\"color: #000000;\"><strong>Como citar: <\/strong><\/span><span style=\"color: #000000;\">MILANO, Luiza. \u00c0s voltas com o tu em Benveniste: uma reflex\u00e3o sobre a no\u00e7\u00e3o de escuta em lingu\u00edstica. In: OLIVEIRA, Giovane F.; ARESI, F\u00e1bio.<i>\u00a0O universo benvenistiano<\/i>: enuncia\u00e7\u00e3o, sociedade, semiologia. S\u00e3o Paulo: Pimenta Cultural, 2020.<\/span><\/span><\/p><\/blockquote>\n<\/div>\n","protected":false},"excerpt":{"rendered":"<p>&#8220;Em busca de uma po\u00e9tica da voz&#8221; Link:\u00a0https:\/\/ponteseditores.com.br\/loja3\/pontes-editores-home-2__trashed\/fonologia-e-fonetica\/em-busca-de-uma-poetica-da-voz\/\u00a0 Como citar: NEUMANN, D.. Em busca de uma po\u00e9tica da voz. 1. ed. Campinas: Pontes Editores, 2023 E-books 2025 &#8220;Ritmo, voz, discurso, enuncia\u00e7\u00e3o.&#8221; Link: https:\/\/mercado-de-letras.com.br\/e-books-livres\/\u00a0 Como citar: Ritmo, voz, discurso, enuncia\u00e7\u00e3o [livro eletr\u00f4nico] \/ Daiane Neumann (organiza\u00e7\u00e3o). \u2013 Campinas, SP : Mercado de Letras, 2025. 2024 &#8220;O [&hellip;]<\/p>\n","protected":false},"author":1059,"featured_media":0,"parent":59,"menu_order":0,"comment_status":"closed","ping_status":"closed","template":"","meta":{"footnotes":""},"class_list":["post-132","page","type-page","status-publish","hentry","post"],"jetpack_sharing_enabled":true,"_links":{"self":[{"href":"https:\/\/wp.ufpel.edu.br\/linguisticaliteraturaearte\/wp-json\/wp\/v2\/pages\/132","targetHints":{"allow":["GET"]}}],"collection":[{"href":"https:\/\/wp.ufpel.edu.br\/linguisticaliteraturaearte\/wp-json\/wp\/v2\/pages"}],"about":[{"href":"https:\/\/wp.ufpel.edu.br\/linguisticaliteraturaearte\/wp-json\/wp\/v2\/types\/page"}],"author":[{"embeddable":true,"href":"https:\/\/wp.ufpel.edu.br\/linguisticaliteraturaearte\/wp-json\/wp\/v2\/users\/1059"}],"replies":[{"embeddable":true,"href":"https:\/\/wp.ufpel.edu.br\/linguisticaliteraturaearte\/wp-json\/wp\/v2\/comments?post=132"}],"version-history":[{"count":3,"href":"https:\/\/wp.ufpel.edu.br\/linguisticaliteraturaearte\/wp-json\/wp\/v2\/pages\/132\/revisions"}],"predecessor-version":[{"id":894,"href":"https:\/\/wp.ufpel.edu.br\/linguisticaliteraturaearte\/wp-json\/wp\/v2\/pages\/132\/revisions\/894"}],"up":[{"embeddable":true,"href":"https:\/\/wp.ufpel.edu.br\/linguisticaliteraturaearte\/wp-json\/wp\/v2\/pages\/59"}],"wp:attachment":[{"href":"https:\/\/wp.ufpel.edu.br\/linguisticaliteraturaearte\/wp-json\/wp\/v2\/media?parent=132"}],"curies":[{"name":"wp","href":"https:\/\/api.w.org\/{rel}","templated":true}]}}