{"id":125,"date":"2020-12-08T20:24:03","date_gmt":"2020-12-08T23:24:03","guid":{"rendered":"https:\/\/wp.ufpel.edu.br\/linguisticaliteraturaearte\/?page_id=125"},"modified":"2024-09-11T20:01:51","modified_gmt":"2024-09-11T23:01:51","slug":"teses","status":"publish","type":"page","link":"https:\/\/wp.ufpel.edu.br\/linguisticaliteraturaearte\/trabalhos-academicos\/teses\/","title":{"rendered":"Teses"},"content":{"rendered":"<h4>&#8220;\u00c0 escuta da langue-parole: considera\u00e7\u00f5es a partir da teoria saussuriana&#8221;<\/h4>\n<blockquote><p><strong>Link<\/strong>: <a href=\"http:\/\/hdl.handle.net\/10183\/217016\">http:\/\/hdl.handle.net\/10183\/217016<\/a><\/p>\n<p style=\"text-align: justify;\"><strong>Como citar<\/strong>: STAWINSKI, Aline. \u00c0 escuta da langue-parore: considera\u00e7\u00f5es a partir da teoria saussuriana. Tese (Doutorado em Estudos da Linguagem) &#8211; Universidade Federal do Rio Grande do Sul, Porto Alegre, 2020.<\/p>\n<\/blockquote>\n<h4><\/h4>\n<h4>&#8220;Em busca de uma po\u00e9tica da voz&#8221;<\/h4>\n<blockquote><p><strong>Link<\/strong>: <a href=\"https:\/\/www.lume.ufrgs.br\/bitstream\/handle\/10183\/140254\/000990750.pdf?sequence=1&amp;isAllowed=y\">https:\/\/www.lume.ufrgs.br\/bitstream\/handle\/10183\/140254\/000990750.pdf?sequence=1&amp;isAllowed=y<\/a><\/p>\n<p style=\"text-align: justify;\"><strong>Como citar<\/strong>: NEUMANN, Daiane. Em busca de uma po\u00e9tica da voz. Tese (Doutorado em Letras) &#8211; Universidade Federal do Rio Grande do Sul, Porto Alegre, 2016.<\/p>\n<\/blockquote>\n<h4><\/h4>\n<h4>&#8220;Quando a lingu\u00edstica encontra a linguagem: da escrita presente no Dossi\u00ea Baudelaire ao estudo semiol\u00f3gico de uma obra liter\u00e1ria&#8221;<\/h4>\n<blockquote><p><strong>Link<\/strong>: <a href=\"http:\/\/www.repositorio.jesuita.org.br\/bitstream\/handle\/UNISINOS\/5270\/Sabrina+Vier_.pdf;jsessionid=95A12E36E7B68EFAB2AAC4E6BB6E7024?sequence=1\">http:\/\/www.repositorio.jesuita.org.br\/bitstream\/handle\/UNISINOS\/5270\/Sabrina+Vier_.pdf;jsessionid=95A12E36E7B68EFAB2AAC4E6BB6E7024?sequence=1<\/a><\/p>\n<p style=\"text-align: justify;\"><strong>Como citar<\/strong>: VIER, Sabrina. Quando a lingu\u00edstica encontra a linguagem: da escrita presente no Dossi\u00ea Baudelaire ao estudo semiol\u00f3gico de uma obra liter\u00e1ria. [Tese] Orienta\u00e7\u00e3o: Ana Maria de Mattos Guimar\u00e3es. Coorienta\u00e7\u00e3o: Valdir do Nascimento Flores. Universidade do Vale do Rio dos Sinos, Programa de P\u00f3s-Gradua\u00e7\u00e3o em Lingu\u00edstica Aplicada, S\u00e3o Leopoldo, RS, 2016.<\/p>\n<\/blockquote>\n<h4><\/h4>\n<h4>&#8220;Traduc\u0327a\u0303o e apresentac\u0327a\u0303o do discurso: um estudo de &#8216;Bliss&#8217; de Katherine Mansfield&#8221;<\/h4>\n<blockquote><p><strong>Link<\/strong>: <a href=\"https:\/\/repositorio.ufmg.br\/handle\/1843\/ALDR-86YHVU?locale=en\">https:\/\/repositorio.ufmg.br\/handle\/1843\/ALDR-86YHVU?locale=en<\/a><\/p>\n<p style=\"text-align: justify;\"><strong>Como citar<\/strong>: RODRIGUES, Roberta Rego. Traduc\u0327a\u0303o e apresentac\u0327a\u0303o do discurso: um estudo de &#8220;Bliss&#8221; de Katherine Mansfield. 2010. 226f. Tese (Doutorado em Lingui\u0301stica Aplicada) \u2013 Faculdade de Letras, Universidade Federal de Minas Gerais. Belo Horizonte.<\/p>\n<\/blockquote>\n<div>\n<h4><\/h4>\n<h4 style=\"text-align: justify;\">&#8220;A alteridade e seus efeitos na constitui\u00e7\u00e3o da subjetividade: uma an\u00e1lise enunciativa dos protagonistas kafkianos&#8221;<\/h4>\n<\/div>\n<blockquote>\n<div><strong>Link:\u00a0<\/strong><\/div>\n<div><a href=\"https:\/\/repositorio.ufpb.br\/jspui\/handle\/tede\/6430\">https:\/\/repositorio.ufpb.br\/jspui\/handle\/tede\/6430<\/a><\/div>\n<\/blockquote>\n<blockquote>\n<div style=\"text-align: justify;\"><strong>Como citar<\/strong>: CAVALHEIRO, Juciane dos Santos. <strong>O\u00a0 espa\u00e7o ficcional e a experi\u00eancia subjetiva: uma an\u00e1lise <\/strong><strong>enunciativa de A Metamorfose. <\/strong>01\/03\/2009. 154 f. Doutorado em Ling\u00fc\u00edstica. Universidade Federal da Para\u00edba. Jo\u00e3o Pessoa.<\/div>\n<\/blockquote>\n","protected":false},"excerpt":{"rendered":"<p>&#8220;\u00c0 escuta da langue-parole: considera\u00e7\u00f5es a partir da teoria saussuriana&#8221; Link: http:\/\/hdl.handle.net\/10183\/217016 Como citar: STAWINSKI, Aline. \u00c0 escuta da langue-parore: considera\u00e7\u00f5es a partir da teoria saussuriana. Tese (Doutorado em Estudos da Linguagem) &#8211; Universidade Federal do Rio Grande do Sul, Porto Alegre, 2020. &#8220;Em busca de uma po\u00e9tica da voz&#8221; Link: https:\/\/www.lume.ufrgs.br\/bitstream\/handle\/10183\/140254\/000990750.pdf?sequence=1&amp;isAllowed=y Como citar: NEUMANN, [&hellip;]<\/p>\n","protected":false},"author":1059,"featured_media":0,"parent":55,"menu_order":0,"comment_status":"closed","ping_status":"closed","template":"","meta":{"footnotes":""},"class_list":["post-125","page","type-page","status-publish","hentry","post"],"jetpack_sharing_enabled":true,"_links":{"self":[{"href":"https:\/\/wp.ufpel.edu.br\/linguisticaliteraturaearte\/wp-json\/wp\/v2\/pages\/125","targetHints":{"allow":["GET"]}}],"collection":[{"href":"https:\/\/wp.ufpel.edu.br\/linguisticaliteraturaearte\/wp-json\/wp\/v2\/pages"}],"about":[{"href":"https:\/\/wp.ufpel.edu.br\/linguisticaliteraturaearte\/wp-json\/wp\/v2\/types\/page"}],"author":[{"embeddable":true,"href":"https:\/\/wp.ufpel.edu.br\/linguisticaliteraturaearte\/wp-json\/wp\/v2\/users\/1059"}],"replies":[{"embeddable":true,"href":"https:\/\/wp.ufpel.edu.br\/linguisticaliteraturaearte\/wp-json\/wp\/v2\/comments?post=125"}],"version-history":[{"count":12,"href":"https:\/\/wp.ufpel.edu.br\/linguisticaliteraturaearte\/wp-json\/wp\/v2\/pages\/125\/revisions"}],"predecessor-version":[{"id":883,"href":"https:\/\/wp.ufpel.edu.br\/linguisticaliteraturaearte\/wp-json\/wp\/v2\/pages\/125\/revisions\/883"}],"up":[{"embeddable":true,"href":"https:\/\/wp.ufpel.edu.br\/linguisticaliteraturaearte\/wp-json\/wp\/v2\/pages\/55"}],"wp:attachment":[{"href":"https:\/\/wp.ufpel.edu.br\/linguisticaliteraturaearte\/wp-json\/wp\/v2\/media?parent=125"}],"curies":[{"name":"wp","href":"https:\/\/api.w.org\/{rel}","templated":true}]}}

<h4>&#8220;À escuta da langue-parole: considerações a partir da teoria saussuriana&#8221;</h4>
<blockquote><p><strong>Link</strong>: <a href="http://hdl.handle.net/10183/217016">http://hdl.handle.net/10183/217016</a></p>
<p style="text-align: justify;"><strong>Como citar</strong>: STAWINSKI, Aline. À escuta da langue-parore: considerações a partir da teoria saussuriana. Tese (Doutorado em Estudos da Linguagem) &#8211; Universidade Federal do Rio Grande do Sul, Porto Alegre, 2020.</p>
</blockquote>
<h4></h4>
<h4>&#8220;Em busca de uma poética da voz&#8221;</h4>
<blockquote><p><strong>Link</strong>: <a href="https://www.lume.ufrgs.br/bitstream/handle/10183/140254/000990750.pdf?sequence=1&amp;isAllowed=y">https://www.lume.ufrgs.br/bitstream/handle/10183/140254/000990750.pdf?sequence=1&amp;isAllowed=y</a></p>
<p style="text-align: justify;"><strong>Como citar</strong>: NEUMANN, Daiane. Em busca de uma poética da voz. Tese (Doutorado em Letras) &#8211; Universidade Federal do Rio Grande do Sul, Porto Alegre, 2016.</p>
</blockquote>
<h4></h4>
<h4>&#8220;Quando a linguística encontra a linguagem: da escrita presente no Dossiê Baudelaire ao estudo semiológico de uma obra literária&#8221;</h4>
<blockquote><p><strong>Link</strong>: <a href="http://www.repositorio.jesuita.org.br/bitstream/handle/UNISINOS/5270/Sabrina+Vier_.pdf;jsessionid=95A12E36E7B68EFAB2AAC4E6BB6E7024?sequence=1">http://www.repositorio.jesuita.org.br/bitstream/handle/UNISINOS/5270/Sabrina+Vier_.pdf;jsessionid=95A12E36E7B68EFAB2AAC4E6BB6E7024?sequence=1</a></p>
<p style="text-align: justify;"><strong>Como citar</strong>: VIER, Sabrina. Quando a linguística encontra a linguagem: da escrita presente no Dossiê Baudelaire ao estudo semiológico de uma obra literária. [Tese] Orientação: Ana Maria de Mattos Guimarães. Coorientação: Valdir do Nascimento Flores. Universidade do Vale do Rio dos Sinos, Programa de Pós-Graduação em Linguística Aplicada, São Leopoldo, RS, 2016.</p>
</blockquote>
<h4></h4>
<h4>&#8220;Tradução e apresentação do discurso: um estudo de &#8216;Bliss&#8217; de Katherine Mansfield&#8221;</h4>
<blockquote><p><strong>Link</strong>: <a href="https://repositorio.ufmg.br/handle/1843/ALDR-86YHVU?locale=en">https://repositorio.ufmg.br/handle/1843/ALDR-86YHVU?locale=en</a></p>
<p style="text-align: justify;"><strong>Como citar</strong>: RODRIGUES, Roberta Rego. Tradução e apresentação do discurso: um estudo de &#8220;Bliss&#8221; de Katherine Mansfield. 2010. 226f. Tese (Doutorado em Linguística Aplicada) – Faculdade de Letras, Universidade Federal de Minas Gerais. Belo Horizonte.</p>
</blockquote>
<div>
<h4></h4>
<h4 style="text-align: justify;">&#8220;A alteridade e seus efeitos na constituição da subjetividade: uma análise enunciativa dos protagonistas kafkianos&#8221;</h4>
</div>
<blockquote>
<div><strong>Link: </strong></div>
<div><a href="https://repositorio.ufpb.br/jspui/handle/tede/6430">https://repositorio.ufpb.br/jspui/handle/tede/6430</a></div>
</blockquote>
<blockquote>
<div style="text-align: justify;"><strong>Como citar</strong>: CAVALHEIRO, Juciane dos Santos. <strong>O  espaço ficcional e a experiência subjetiva: uma análise </strong><strong>enunciativa de A Metamorfose. </strong>01/03/2009. 154 f. Doutorado em Lingüística. Universidade Federal da Paraíba. João Pessoa.</div>
</blockquote>

<p>&#8220;À escuta da langue-parole: considerações a partir da teoria saussuriana&#8221; Link: http://hdl.handle.net/10183/217016 Como citar: STAWINSKI, Aline. À escuta da langue-parore: considerações a partir da teoria saussuriana. Tese (Doutorado em Estudos da Linguagem) &#8211; Universidade Federal do Rio Grande do Sul, Porto Alegre, 2020. &#8220;Em busca de uma poética da voz&#8221; Link: https://www.lume.ufrgs.br/bitstream/handle/10183/140254/000990750.pdf?sequence=1&amp;isAllowed=y Como citar: NEUMANN, [&hellip;]</p>
