{"id":122,"date":"2020-12-08T20:23:43","date_gmt":"2020-12-08T23:23:43","guid":{"rendered":"https:\/\/wp.ufpel.edu.br\/linguisticaliteraturaearte\/?page_id=122"},"modified":"2024-09-11T19:50:07","modified_gmt":"2024-09-11T22:50:07","slug":"dissertacoes","status":"publish","type":"page","link":"https:\/\/wp.ufpel.edu.br\/linguisticaliteraturaearte\/trabalhos-academicos\/dissertacoes\/","title":{"rendered":"Disserta\u00e7\u00f5es"},"content":{"rendered":"<h4><strong><span style=\"color: #000000;\">&#8220;Um, dois, tr\u00eas: sobre o aspecto trino do significante.&#8221;<\/span><\/strong><\/h4>\n<blockquote><p><span style=\"color: #000000;\"><strong>Link: <\/strong><a href=\"http:\/\/hdl.handle.net\/10183\/273814\">http:\/\/hdl.handle.net\/10183\/273814<\/a><\/span><\/p>\n<p style=\"text-align: justify;\"><strong><span style=\"color: #000000;\">Como citar: <\/span><\/strong><span style=\"color: #000000;\">RITER, C. S. Um, dois, tr\u00eas: sobre o aspecto trino do significante. 2024. 95 f. Disserta\u00e7\u00e3o (Mestrado em Letras). Universidade Federal do Rio Grande do Sul, Instituto de Letras, Programa de P\u00f3s-Gradua\u00e7\u00e3o em Letras, Porto Alegre, 2024.<\/span><\/p>\n<p>&nbsp;<\/p><\/blockquote>\n<h4 style=\"text-align: justify;\"><strong>&#8220;O arco e a lira: o signo po\u00e9tico, a palavra e a evoca\u00e7\u00e3o nas notas manuscritas do dossi\u00ea Baudelaire&#8221; <\/strong><\/h4>\n<blockquote>\n<p style=\"text-align: justify;\"><strong>Link:<\/strong> <a href=\"http:\/\/hdl.handle.net\/10183\/255623\">http:\/\/hdl.handle.net\/10183\/255623<\/a><\/p>\n<p style=\"text-align: justify;\"><strong>Como citar:\u00a0<\/strong>DUTRA, Kedilen. O arco e a lira: o signo po\u00e9tico, a palavra e a evoca\u00e7\u00e3o nas notas manuscritas do dossi\u00ea Baudelaire. 2022. <span style=\"color: #000000;\">Disserta\u00e7\u00e3o (Mestrado em Letras). Universidade Federal do Rio Grande do Sul, Instituto de Filosofia e Ci\u00eancias Humanas. Programa de P\u00f3s-Gradua\u00e7\u00e3o em Letras, Porto Alegre, 2022.<\/span><\/p>\n<p>&nbsp;<\/p><\/blockquote>\n<h4 style=\"text-align: justify;\"><strong>&#8220;A escuta da voz feminina nos poemas de Storni: uma proposta de tradu\u00e7\u00e3o&#8221;<\/strong><\/h4>\n<blockquote>\n<div><strong>Link<\/strong>: <a href=\"http:\/\/repositorio.ufpel.edu.br:8080\/handle\/prefix\/7436\">http:\/\/repositorio.ufpel.edu.br:8080\/handle\/prefix\/7436<\/a><\/div>\n<div><strong>Como citar<\/strong>: VIDALES, Antonella Romina Savia. <strong>A escuta da voz feminina nos poemas de Storni: uma proposta de tradu\u00e7\u00e3o<\/strong>. Disserta\u00e7\u00e3o de mestrado. Orienta\u00e7\u00e3o: Daiane Neumann. Programa de P\u00f3s-Gradua\u00e7\u00e3o em Letras. UFPel, 2020.<\/div>\n<\/blockquote>\n<div style=\"text-align: justify;\">\n<h4><\/h4>\n<h4><strong>&#8220;Entre lingu\u00edstica e poesia: dos anagramas de Ferdinand de Saussure \u00e0 fun\u00e7\u00e3o po\u00e9tica da linguagem&#8221;<\/strong><\/h4>\n<blockquote>\n<div dir=\"auto\"><strong>Link<\/strong>: <a href=\"https:\/\/lume.ufrgs.br\/handle\/10183\/217775\">https:\/\/lume.ufrgs.br\/handle\/10183\/217775<\/a><\/div>\n<div dir=\"auto\"><strong>Como citar<\/strong>: SILVEIRA, M\u00e9lany Dias da. <strong>Entre lingu\u00edstica e poesia: dos anagramas de Ferdinand de Saussure \u00e0 fun\u00e7\u00e3o po\u00e9tica da linguagem<\/strong>. Disserta\u00e7\u00e3o de mestrado. Orienta\u00e7\u00e3o: Luiza Milano. Programa de P\u00f3s-Gradua\u00e7\u00e3o em Letras. UFRGS, 2020.<\/div>\n<\/blockquote>\n<\/div>\n<h4 style=\"text-align: justify;\"><\/h4>\n<h4 style=\"text-align: justify;\"><strong>&#8220;Da singularidade na\/da linguagem po\u00e9tica: um estudo enunciativo em can\u00e7\u00f5es de Chico Buarque&#8221;<\/strong><\/h4>\n<blockquote><p><strong>Link<\/strong>:<a href=\"http:\/\/www.repositorio.jesuita.org.br\/bitstream\/handle\/UNISINOS\/2580\/SabrinaVierLinguistica.pdf?sequence=1\">http:\/\/www.repositorio.jesuita.org.br\/bitstream\/handle\/UNISINOS\/2580\/SabrinaVierLinguistica.pdf?sequence=1<\/a><\/p>\n<p style=\"text-align: justify;\"><strong>Como citar<\/strong>: VIER, Sabrina. <strong>Da singularidade na\/da linguagem po\u00e9tica: um estudo enunciativo em can\u00e7\u00f5es de Chico Buarque<\/strong>. [Disserta\u00e7\u00e3o] Orienta\u00e7\u00e3o: Marlene Teixeira. Universidade do Vale do Rio dos Sinos, Programa de P\u00f3s-Gradua\u00e7\u00e3o em Lingu\u00edstica Aplicada, S\u00e3o Leopoldo, RS, 2008.<\/p>\n<\/blockquote>\n<h4 style=\"text-align: justify;\"><\/h4>\n<h4 style=\"text-align: justify;\"><strong>&#8220;A organizac\u0327a\u0303o tema\u0301tica em\u00a0A hora da estrela\u00a0e The hour of the star&#8221;<\/strong><\/h4>\n<blockquote>\n<div style=\"text-align: justify;\"><strong>Link<\/strong>:<\/div>\n<div style=\"text-align: justify;\"><a href=\"http:\/\/www.dominiopublico.gov.br\/pesquisa\/DetalheObraForm.do?select_action=&amp;co_obra=83521\" target=\"_blank\" rel=\"noopener noreferrer\" data-saferedirecturl=\"https:\/\/www.google.com\/url?q=http:\/\/www.dominiopublico.gov.br\/pesquisa\/DetalheObraForm.do?select_action%3D%26co_obra%3D83521&amp;source=gmail&amp;ust=1607883990921000&amp;usg=AFQjCNF12V4DjpOfriYqbMXzcpCR50j31Q\">http:\/\/www.dominiopublico.gov.br\/pesquisa\/DetalheObraForm.do?select_action=&amp;co_obra=83521<\/a><\/div>\n<div style=\"text-align: justify;\"><strong>Como citar<\/strong>: RODRIGUES, Roberta Rego. <b>A organizac\u0327a\u0303o tema\u0301tica em<\/b>\u00a0<strong>A hora da estrela<\/strong>\u00a0<b>e<\/b>\u00a0<strong>The hour of the star.<\/strong> 2005. 171f. Dissertac\u0327a\u0303o (Mestrado em Lingu\u00edstica Aplicada) &#8211; Faculdade de Letras, Universidade Federal de Minas Gerais. Belo Horizonte.<\/div>\n<\/blockquote>\n<div style=\"text-align: justify;\">\n<h4><\/h4>\n<h4 style=\"text-align: justify;\"><strong>&#8220;O espa\u00e7o ficcional e a experi\u00eancia subjetiva: uma an\u00e1lise enunciativa de A Metamorfose&#8221;<\/strong><\/h4>\n<\/div>\n<blockquote>\n<div style=\"text-align: justify;\"><strong>Link:\u00a0<\/strong><a href=\"http:\/\/www.repositorio.jesuita.org.br\/handle\/UNISINOS\/2546\">http:\/\/www.repositorio.jesuita.org.br\/handle\/UNISINOS\/2546\u00a0<\/a><\/div>\n<div style=\"text-align: justify;\"><strong>Como citar<\/strong>: CAVALHEIRO, Juciane dos Santos. <strong>O\u00a0 espa\u00e7o ficcional e a experi\u00eancia subjetiva: uma an\u00e1lise <\/strong><strong>enunciativa de A Metamorfose. <\/strong>01\/12\/2005. 112 f. Disserta\u00e7\u00e3o (Mestrado em Lingu\u00edstica Aplicada). Universidade do Vale do Rio dos Sinos. S\u00e3o Leopoldo.<\/div>\n<\/blockquote>\n","protected":false},"excerpt":{"rendered":"<p>&#8220;Um, dois, tr\u00eas: sobre o aspecto trino do significante.&#8221; Link: http:\/\/hdl.handle.net\/10183\/273814 Como citar: RITER, C. S. Um, dois, tr\u00eas: sobre o aspecto trino do significante. 2024. 95 f. Disserta\u00e7\u00e3o (Mestrado em Letras). Universidade Federal do Rio Grande do Sul, Instituto de Letras, Programa de P\u00f3s-Gradua\u00e7\u00e3o em Letras, Porto Alegre, 2024. &nbsp; &#8220;O arco e a [&hellip;]<\/p>\n","protected":false},"author":1059,"featured_media":0,"parent":55,"menu_order":0,"comment_status":"closed","ping_status":"closed","template":"","meta":{"footnotes":""},"class_list":["post-122","page","type-page","status-publish","hentry","post"],"jetpack_sharing_enabled":true,"_links":{"self":[{"href":"https:\/\/wp.ufpel.edu.br\/linguisticaliteraturaearte\/wp-json\/wp\/v2\/pages\/122","targetHints":{"allow":["GET"]}}],"collection":[{"href":"https:\/\/wp.ufpel.edu.br\/linguisticaliteraturaearte\/wp-json\/wp\/v2\/pages"}],"about":[{"href":"https:\/\/wp.ufpel.edu.br\/linguisticaliteraturaearte\/wp-json\/wp\/v2\/types\/page"}],"author":[{"embeddable":true,"href":"https:\/\/wp.ufpel.edu.br\/linguisticaliteraturaearte\/wp-json\/wp\/v2\/users\/1059"}],"replies":[{"embeddable":true,"href":"https:\/\/wp.ufpel.edu.br\/linguisticaliteraturaearte\/wp-json\/wp\/v2\/comments?post=122"}],"version-history":[{"count":19,"href":"https:\/\/wp.ufpel.edu.br\/linguisticaliteraturaearte\/wp-json\/wp\/v2\/pages\/122\/revisions"}],"predecessor-version":[{"id":874,"href":"https:\/\/wp.ufpel.edu.br\/linguisticaliteraturaearte\/wp-json\/wp\/v2\/pages\/122\/revisions\/874"}],"up":[{"embeddable":true,"href":"https:\/\/wp.ufpel.edu.br\/linguisticaliteraturaearte\/wp-json\/wp\/v2\/pages\/55"}],"wp:attachment":[{"href":"https:\/\/wp.ufpel.edu.br\/linguisticaliteraturaearte\/wp-json\/wp\/v2\/media?parent=122"}],"curies":[{"name":"wp","href":"https:\/\/api.w.org\/{rel}","templated":true}]}}