{"id":119,"date":"2020-12-08T20:23:13","date_gmt":"2020-12-08T23:23:13","guid":{"rendered":"https:\/\/wp.ufpel.edu.br\/linguisticaliteraturaearte\/?page_id=119"},"modified":"2024-09-11T20:00:38","modified_gmt":"2024-09-11T23:00:38","slug":"monografias","status":"publish","type":"page","link":"https:\/\/wp.ufpel.edu.br\/linguisticaliteraturaearte\/trabalhos-academicos\/monografias\/","title":{"rendered":"Monografias"},"content":{"rendered":"<h4>&#8220;O lugar da voz na lingu\u00edstica saussuriana: um estudo do Curso de Lingu\u00edstica Geral&#8221;<\/h4>\n<p style=\"padding-left: 40px;\"><strong>Link:<\/strong><a href=\"https:\/\/lume.ufrgs.br\/bitstream\/handle\/10183\/242289\/001145027.pdf;jsessionid=DB3635932DD61C0DACB97410EE1E2A03?sequence=1\">https:\/\/lume.ufrgs.br\/bitstream\/handle\/10183\/242289\/001145027.pdf;jsessionid=DB3635932DD61C0DACB97410EE1E2A03?sequence=1<\/a><\/p>\n<p style=\"padding-left: 40px; text-align: justify;\"><strong>Como citar: <\/strong>BARBOSA, V.C.G. O lugar da voz na lingu\u00edstica saussuriana: um estudo do Curso de Lingu\u00edstica Geral. Trabalho de conclus\u00e3o de curso (Gradua\u00e7\u00e3o em Letras &#8211; Portugu\u00eas e Ingl\u00eas) &#8211; Universidade Federal do Rio Grande do Sul, Porto Alegre, 2022.<\/p>\n<h4><\/h4>\n<h4>&#8220;A subjetividade na tradu\u00e7\u00e3o: uma an\u00e1lise de\u00a0<em>milk and honey<\/em> e <em>the sun and her flowers<\/em>&#8220;<\/h4>\n<div style=\"padding-left: 40px; text-align: justify;\"><strong>Link<\/strong>: <a href=\"https:\/\/pergamum.ufpel.edu.br\/pergamumweb\/vinculos\/0000ea\/0000ea9c.pdf\">https:\/\/pergamum.ufpel.edu.br\/pergamumweb\/vinculos\/0000ea\/0000ea9c.pdf<\/a><\/div>\n<div style=\"padding-left: 40px; text-align: justify;\"><strong>Como citar<\/strong>: HILIAN, Angel Alves. A subjetividade na tradu\u00e7\u00e3o: uma an\u00e1lise de <em>milk and honey<\/em> e <em>the sun and her flowers<\/em>. Trabalho de conclus\u00e3o de curso (Gradua\u00e7\u00e3o em Letras &#8211; Tradu\u00e7\u00e3o Ingl\u00eas\/Portugu\u00eas) &#8211; Centro e Letras e Comunica\u00e7\u00e3o. Universidade Federal de Pelotas, Pelotas, 2022.<\/div>\n<div><\/div>\n<h4><span style=\"text-align: justify;\">&#8220;A terceira margem da linguagem : a experi\u00eancia como chave de leitura para uma educa\u00e7\u00e3o lingu\u00edstica e liter\u00e1ria&#8221;<\/span><\/h4>\n<div>\n<p style=\"padding-left: 40px; text-align: justify;\">Link: <a href=\"http:\/\/hdl.handle.net\/10183\/236212\"><strong>http:\/\/hdl.handle.net\/10183\/236212<\/strong><\/a><\/p>\n<p style=\"padding-left: 40px; text-align: justify;\"><strong>Como citar:\u00a0<\/strong>DUTRA, Kedilen. A terceira margem da linguagem : a experi\u00eancia como chave de leitura para uma educa\u00e7\u00e3o lingu\u00edstica e liter\u00e1ria. Trabalho de conclus\u00e3o do curso (Gradua\u00e7\u00e3o em Letras) &#8211; Universidade Federal do Rio Grande do Sul, Porto Alegre, 2020.<\/p>\n<p>&nbsp;<\/p>\n<h4>&#8220;A presen\u00e7a do som no\u00a0<em>Grande Sert\u00e3o: Veredas&#8221;<\/em><\/h4>\n<\/div>\n<div>\n<div>\n<div style=\"padding-left: 40px; text-align: justify;\"><strong>Link<\/strong>: <a href=\"http:\/\/hdl.handle.net\/10183\/200144\">http:\/\/hdl.handle.net\/10183\/200144<\/a><\/div>\n<div style=\"padding-left: 40px; text-align: justify;\"><strong>Como citar<\/strong>: STEVANIN, Augusto. A presen\u00e7a do som no <i>Grande Sert\u00e3o: Veredas<\/i>. Trabalho de conclus\u00e3o de curso (gradua\u00e7\u00e3o em Letras) &#8211; Universidade Federal do Rio Grande do Sul, Porto Alegre, 2019.<\/div>\n<div><\/div>\n<h4>&#8220;Princ\u00edpios metodol\u00f3gicos da transcri\u00e7\u00e3o de base enunciativa de falas sintom\u00e1ticas&#8221;<\/h4>\n<\/div>\n<\/div>\n<blockquote>\n<p style=\"text-align: justify;\"><strong>Link<\/strong>: <a href=\"http:\/\/hdl.handle.net\/10183\/88289\">http:\/\/hdl.handle.net\/10183\/88289<\/a><br \/>\n<strong>Como citar<\/strong>: OLIVEIRA, R. Princ\u00edpios metodol\u00f3gicos da transcri\u00e7\u00e3o de base enunciativa de falas sintom\u00e1ticas. 60 f. Trabalho de conclus\u00e3o de curso. Universidade Federal do Rio Grande do Sul, Porto Alegre, 2013.<\/p>\n<\/blockquote>\n","protected":false},"excerpt":{"rendered":"<p>&#8220;O lugar da voz na lingu\u00edstica saussuriana: um estudo do Curso de Lingu\u00edstica Geral&#8221; Link:https:\/\/lume.ufrgs.br\/bitstream\/handle\/10183\/242289\/001145027.pdf;jsessionid=DB3635932DD61C0DACB97410EE1E2A03?sequence=1 Como citar: BARBOSA, V.C.G. O lugar da voz na lingu\u00edstica saussuriana: um estudo do Curso de Lingu\u00edstica Geral. Trabalho de conclus\u00e3o de curso (Gradua\u00e7\u00e3o em Letras &#8211; Portugu\u00eas e Ingl\u00eas) &#8211; Universidade Federal do Rio Grande do Sul, Porto Alegre, [&hellip;]<\/p>\n","protected":false},"author":1059,"featured_media":0,"parent":55,"menu_order":0,"comment_status":"closed","ping_status":"closed","template":"","meta":{"footnotes":""},"class_list":["post-119","page","type-page","status-publish","hentry","post"],"jetpack_sharing_enabled":true,"_links":{"self":[{"href":"https:\/\/wp.ufpel.edu.br\/linguisticaliteraturaearte\/wp-json\/wp\/v2\/pages\/119","targetHints":{"allow":["GET"]}}],"collection":[{"href":"https:\/\/wp.ufpel.edu.br\/linguisticaliteraturaearte\/wp-json\/wp\/v2\/pages"}],"about":[{"href":"https:\/\/wp.ufpel.edu.br\/linguisticaliteraturaearte\/wp-json\/wp\/v2\/types\/page"}],"author":[{"embeddable":true,"href":"https:\/\/wp.ufpel.edu.br\/linguisticaliteraturaearte\/wp-json\/wp\/v2\/users\/1059"}],"replies":[{"embeddable":true,"href":"https:\/\/wp.ufpel.edu.br\/linguisticaliteraturaearte\/wp-json\/wp\/v2\/comments?post=119"}],"version-history":[{"count":18,"href":"https:\/\/wp.ufpel.edu.br\/linguisticaliteraturaearte\/wp-json\/wp\/v2\/pages\/119\/revisions"}],"predecessor-version":[{"id":879,"href":"https:\/\/wp.ufpel.edu.br\/linguisticaliteraturaearte\/wp-json\/wp\/v2\/pages\/119\/revisions\/879"}],"up":[{"embeddable":true,"href":"https:\/\/wp.ufpel.edu.br\/linguisticaliteraturaearte\/wp-json\/wp\/v2\/pages\/55"}],"wp:attachment":[{"href":"https:\/\/wp.ufpel.edu.br\/linguisticaliteraturaearte\/wp-json\/wp\/v2\/media?parent=119"}],"curies":[{"name":"wp","href":"https:\/\/api.w.org\/{rel}","templated":true}]}}

<h4>&#8220;O lugar da voz na linguística saussuriana: um estudo do Curso de Linguística Geral&#8221;</h4>
<p style="padding-left: 40px;"><strong>Link:</strong><a href="https://lume.ufrgs.br/bitstream/handle/10183/242289/001145027.pdf;jsessionid=DB3635932DD61C0DACB97410EE1E2A03?sequence=1">https://lume.ufrgs.br/bitstream/handle/10183/242289/001145027.pdf;jsessionid=DB3635932DD61C0DACB97410EE1E2A03?sequence=1</a></p>
<p style="padding-left: 40px; text-align: justify;"><strong>Como citar: </strong>BARBOSA, V.C.G. O lugar da voz na linguística saussuriana: um estudo do Curso de Linguística Geral. Trabalho de conclusão de curso (Graduação em Letras &#8211; Português e Inglês) &#8211; Universidade Federal do Rio Grande do Sul, Porto Alegre, 2022.</p>
<h4></h4>
<h4>&#8220;A subjetividade na tradução: uma análise de <em>milk and honey</em> e <em>the sun and her flowers</em>&#8220;</h4>
<div style="padding-left: 40px; text-align: justify;"><strong>Link</strong>: <a href="https://pergamum.ufpel.edu.br/pergamumweb/vinculos/0000ea/0000ea9c.pdf">https://pergamum.ufpel.edu.br/pergamumweb/vinculos/0000ea/0000ea9c.pdf</a></div>
<div style="padding-left: 40px; text-align: justify;"><strong>Como citar</strong>: HILIAN, Angel Alves. A subjetividade na tradução: uma análise de <em>milk and honey</em> e <em>the sun and her flowers</em>. Trabalho de conclusão de curso (Graduação em Letras &#8211; Tradução Inglês/Português) &#8211; Centro e Letras e Comunicação. Universidade Federal de Pelotas, Pelotas, 2022.</div>
<div></div>
<h4><span style="text-align: justify;">&#8220;A terceira margem da linguagem : a experiência como chave de leitura para uma educação linguística e literária&#8221;</span></h4>
<div>
<p style="padding-left: 40px; text-align: justify;">Link: <a href="http://hdl.handle.net/10183/236212"><strong>http://hdl.handle.net/10183/236212</strong></a></p>
<p style="padding-left: 40px; text-align: justify;"><strong>Como citar: </strong>DUTRA, Kedilen. A terceira margem da linguagem : a experiência como chave de leitura para uma educação linguística e literária. Trabalho de conclusão do curso (Graduação em Letras) &#8211; Universidade Federal do Rio Grande do Sul, Porto Alegre, 2020.</p>
<p>&nbsp;</p>
<h4>&#8220;A presença do som no <em>Grande Sertão: Veredas&#8221;</em></h4>
</div>
<div>
<div>
<div style="padding-left: 40px; text-align: justify;"><strong>Link</strong>: <a href="http://hdl.handle.net/10183/200144">http://hdl.handle.net/10183/200144</a></div>
<div style="padding-left: 40px; text-align: justify;"><strong>Como citar</strong>: STEVANIN, Augusto. A presença do som no <i>Grande Sertão: Veredas</i>. Trabalho de conclusão de curso (graduação em Letras) &#8211; Universidade Federal do Rio Grande do Sul, Porto Alegre, 2019.</div>
<div></div>
<h4>&#8220;Princípios metodológicos da transcrição de base enunciativa de falas sintomáticas&#8221;</h4>
</div>
</div>
<blockquote>
<p style="text-align: justify;"><strong>Link</strong>: <a href="http://hdl.handle.net/10183/88289">http://hdl.handle.net/10183/88289</a><br />
<strong>Como citar</strong>: OLIVEIRA, R. Princípios metodológicos da transcrição de base enunciativa de falas sintomáticas. 60 f. Trabalho de conclusão de curso. Universidade Federal do Rio Grande do Sul, Porto Alegre, 2013.</p>
</blockquote>

<p>&#8220;O lugar da voz na linguística saussuriana: um estudo do Curso de Linguística Geral&#8221; Link:https://lume.ufrgs.br/bitstream/handle/10183/242289/001145027.pdf;jsessionid=DB3635932DD61C0DACB97410EE1E2A03?sequence=1 Como citar: BARBOSA, V.C.G. O lugar da voz na linguística saussuriana: um estudo do Curso de Linguística Geral. Trabalho de conclusão de curso (Graduação em Letras &#8211; Português e Inglês) &#8211; Universidade Federal do Rio Grande do Sul, Porto Alegre, [&hellip;]</p>
