{"id":1550,"date":"2020-02-12T09:09:44","date_gmt":"2020-02-12T12:09:44","guid":{"rendered":"https:\/\/wp.ufpel.edu.br\/licenciaturaquimica\/?page_id=1550"},"modified":"2020-02-12T09:09:44","modified_gmt":"2020-02-12T12:09:44","slug":"recepcao-dos-bixos-2020","status":"publish","type":"page","link":"https:\/\/wp.ufpel.edu.br\/licenciaturaquimica\/recepcao-aos-calouros\/recepcao-dos-bixos-2020\/","title":{"rendered":"Recep\u00e7\u00e3o dos Bixos 2020"},"content":{"rendered":"<p>Aguarde&#8230; estamos construindo a recep\u00e7\u00e3o deste ano&#8230; em breve teremos \u00f3timas not\u00edcias&#8230;.<\/p>\n","protected":false},"excerpt":{"rendered":"<p>Aguarde&#8230; estamos construindo a recep\u00e7\u00e3o deste ano&#8230; em breve teremos \u00f3timas not\u00edcias&#8230;.<\/p>\n","protected":false},"author":656,"featured_media":0,"parent":272,"menu_order":0,"comment_status":"closed","ping_status":"closed","template":"","meta":{"footnotes":""},"class_list":["post-1550","page","type-page","status-publish","hentry"],"_links":{"self":[{"href":"https:\/\/wp.ufpel.edu.br\/licenciaturaquimica\/wp-json\/wp\/v2\/pages\/1550","targetHints":{"allow":["GET"]}}],"collection":[{"href":"https:\/\/wp.ufpel.edu.br\/licenciaturaquimica\/wp-json\/wp\/v2\/pages"}],"about":[{"href":"https:\/\/wp.ufpel.edu.br\/licenciaturaquimica\/wp-json\/wp\/v2\/types\/page"}],"author":[{"embeddable":true,"href":"https:\/\/wp.ufpel.edu.br\/licenciaturaquimica\/wp-json\/wp\/v2\/users\/656"}],"replies":[{"embeddable":true,"href":"https:\/\/wp.ufpel.edu.br\/licenciaturaquimica\/wp-json\/wp\/v2\/comments?post=1550"}],"version-history":[{"count":1,"href":"https:\/\/wp.ufpel.edu.br\/licenciaturaquimica\/wp-json\/wp\/v2\/pages\/1550\/revisions"}],"predecessor-version":[{"id":1551,"href":"https:\/\/wp.ufpel.edu.br\/licenciaturaquimica\/wp-json\/wp\/v2\/pages\/1550\/revisions\/1551"}],"up":[{"embeddable":true,"href":"https:\/\/wp.ufpel.edu.br\/licenciaturaquimica\/wp-json\/wp\/v2\/pages\/272"}],"wp:attachment":[{"href":"https:\/\/wp.ufpel.edu.br\/licenciaturaquimica\/wp-json\/wp\/v2\/media?parent=1550"}],"curies":[{"name":"wp","href":"https:\/\/api.w.org\/{rel}","templated":true}]}}