{"id":1477,"date":"2020-01-28T09:11:12","date_gmt":"2020-01-28T12:11:12","guid":{"rendered":"https:\/\/wp.ufpel.edu.br\/licenciaturaquimica\/?page_id=1477"},"modified":"2022-03-22T15:34:53","modified_gmt":"2022-03-22T18:34:53","slug":"quebra-de-pre-requisito-2","status":"publish","type":"page","link":"https:\/\/wp.ufpel.edu.br\/licenciaturaquimica\/solicitacoes\/quebra-de-pre-requisito-2\/","title":{"rendered":"Solicita\u00e7\u00e3o de Quebra de Pr\u00e9-Requisito"},"content":{"rendered":"<p><strong>Defini\u00e7\u00e3o<\/strong><br \/>\nA Quebra de Pr\u00e9-Requisito, orientada pela Nota T\u00e9cnica do COCEPE 3\/2017, busca permitir que discentes cursem uma disciplina sem que tenha obtido os pr\u00e9-requisitos exigidos, inicialmente e constantes no Projeto do Curso. Ela deve ser justificada e busca ser um processo excepcional. A quebra pode ser requerida pelos discentes que t\u00eam a necessidade de cursar componente curricular sem ainda ter conclu\u00eddo todos os pr\u00e9-requisitos estabelecidos no projeto pedag\u00f3gico do curso.<\/p>\n<p><strong>Como solicitar<\/strong><\/p>\n<p>Se voc\u00ea deseja solicitar alguma quebra de pr\u00e9-requisito, utilize o formul\u00e1rio abaixo para a solicita\u00e7\u00e3o.<\/p>\n<p style=\"text-align: center\">Formul\u00e1rio de Solicita\u00e7\u00e3o de Quebra de Pr\u00e9-Requisito:<span style=\"color: #0000ff\"> <a style=\"color: #0000ff\" href=\"https:\/\/wp.ufpel.edu.br\/licenciaturaquimica\/files\/2020\/01\/Quebra-de-pr\u00e9-requisito.pdf\">Clique aqui<\/a>.<\/span><\/p>\n<p style=\"text-align: center\">(obs: Voc\u00ea pode baixar seu hist\u00f3rico do Cobalto. A Integraliza\u00e7\u00e3o Curricular n\u00e3o necessita anexar, pois a secretaria insere depois no processo)<\/p>\n<p>O formul\u00e1rio\u00a0dever\u00e1 ser <strong>preenchido<\/strong>\u00a0e <strong>encaminhado<\/strong> para \u00a0<span style=\"background-color: #ffff00;color: #ff0000\"><strong>secretarialicqui@ufpel.edu.br<\/strong><\/span>. O assunto da mensagem dever\u00e1 conter o texto: &#8220;<em>Solicita\u00e7\u00e3o: Quebra de Pr\u00e9-Requisito, de &#8216;seu nome&#8217;<\/em>&#8220;.<\/p>\n<p><strong>Fluxograma<\/strong><\/p>\n<table>\n<tbody>\n<tr>\n<td width=\"64\">Etapa<\/td>\n<td width=\"132\">Respons\u00e1vel<\/td>\n<td width=\"399\">Procedimento<\/td>\n<\/tr>\n<tr>\n<td width=\"64\">1<\/td>\n<td width=\"132\">Discente<\/td>\n<td width=\"399\">\u2013 Solicitar a quebra de pr\u00e9-requisito no colegiado.<\/td>\n<\/tr>\n<tr>\n<td width=\"64\">2<\/td>\n<td width=\"132\">Colegiado de curso<\/td>\n<td width=\"399\">\u2013 Avaliar a solicita\u00e7\u00e3o;<br \/>\n\u2013 Informar o resultado ao discente;<br \/>\nSe deferida:<br \/>\n\u2013 Matricular no componente curricular;<\/td>\n<\/tr>\n<tr>\n<td width=\"64\"><\/td>\n<td width=\"132\"><\/td>\n<td width=\"399\">Se indeferido:<\/td>\n<\/tr>\n<tr>\n<td width=\"64\">3<\/td>\n<td width=\"132\">Discente<\/td>\n<td width=\"399\">\u2013 Poder\u00e1 recorrer da decis\u00e3o no colegiado do curso;<\/td>\n<\/tr>\n<tr>\n<td width=\"64\">4<\/td>\n<td width=\"132\">Colegiado de curso<\/td>\n<td width=\"399\">\u2013 Receber recurso;<br \/>\n\u2013 Enviar ao COCEPE.<\/td>\n<\/tr>\n<tr>\n<td width=\"64\">5<\/td>\n<td width=\"132\">COCEPE<\/td>\n<td width=\"399\">\u2013 Deliberar sobre a solicita\u00e7\u00e3o;<br \/>\n\u2013 Encaminhar a CRA para registro.<\/td>\n<\/tr>\n<tr>\n<td width=\"64\">6<\/td>\n<td width=\"132\">CRA<\/td>\n<td width=\"399\">\u2013 Registrar matricula.<\/td>\n<\/tr>\n<\/tbody>\n<\/table>\n<p><strong>Legisla\u00e7\u00e3o espec\u00edfica<\/strong><br \/>\n<a href=\"https:\/\/wp.ufpel.edu.br\/scs\/2017\/07\/18\/cocepe-lanca-nota-sobre-quebra-de-pre-equisito\/\">Nota COCEPE N\u00b0 03\/2017<\/a><\/p>\n<p>&nbsp;<\/p>\n<p>&nbsp;<\/p>\n","protected":false},"excerpt":{"rendered":"<p>Defini\u00e7\u00e3o A Quebra de Pr\u00e9-Requisito, orientada pela Nota T\u00e9cnica do COCEPE 3\/2017, busca permitir que discentes cursem uma disciplina sem que tenha obtido os pr\u00e9-requisitos exigidos, inicialmente e constantes no Projeto do Curso. Ela deve ser justificada e busca ser um processo excepcional. A quebra pode ser requerida pelos discentes que t\u00eam a necessidade de [&hellip;]<\/p>\n","protected":false},"author":656,"featured_media":0,"parent":1462,"menu_order":0,"comment_status":"closed","ping_status":"closed","template":"","meta":{"footnotes":""},"class_list":["post-1477","page","type-page","status-publish","hentry"],"_links":{"self":[{"href":"https:\/\/wp.ufpel.edu.br\/licenciaturaquimica\/wp-json\/wp\/v2\/pages\/1477","targetHints":{"allow":["GET"]}}],"collection":[{"href":"https:\/\/wp.ufpel.edu.br\/licenciaturaquimica\/wp-json\/wp\/v2\/pages"}],"about":[{"href":"https:\/\/wp.ufpel.edu.br\/licenciaturaquimica\/wp-json\/wp\/v2\/types\/page"}],"author":[{"embeddable":true,"href":"https:\/\/wp.ufpel.edu.br\/licenciaturaquimica\/wp-json\/wp\/v2\/users\/656"}],"replies":[{"embeddable":true,"href":"https:\/\/wp.ufpel.edu.br\/licenciaturaquimica\/wp-json\/wp\/v2\/comments?post=1477"}],"version-history":[{"count":7,"href":"https:\/\/wp.ufpel.edu.br\/licenciaturaquimica\/wp-json\/wp\/v2\/pages\/1477\/revisions"}],"predecessor-version":[{"id":1940,"href":"https:\/\/wp.ufpel.edu.br\/licenciaturaquimica\/wp-json\/wp\/v2\/pages\/1477\/revisions\/1940"}],"up":[{"embeddable":true,"href":"https:\/\/wp.ufpel.edu.br\/licenciaturaquimica\/wp-json\/wp\/v2\/pages\/1462"}],"wp:attachment":[{"href":"https:\/\/wp.ufpel.edu.br\/licenciaturaquimica\/wp-json\/wp\/v2\/media?parent=1477"}],"curies":[{"name":"wp","href":"https:\/\/api.w.org\/{rel}","templated":true}]}}