{"id":100,"date":"2016-06-14T16:37:33","date_gmt":"2016-06-14T19:37:33","guid":{"rendered":"https:\/\/wp.ufpel.edu.br\/licenciaturaquimica\/?page_id=100"},"modified":"2021-11-04T14:04:30","modified_gmt":"2021-11-04T17:04:30","slug":"contatos","status":"publish","type":"page","link":"https:\/\/wp.ufpel.edu.br\/licenciaturaquimica\/contatos\/","title":{"rendered":"CONTATOS"},"content":{"rendered":"<p>O Curso de Licenciatura em Qu\u00edmica localiza-se no Campus Cap\u00e3o do Le\u00e3o, e pertence ao Centro de Ci\u00eancias Qu\u00edmicas, Farmac\u00eauticas e de Alimentos (CCQFA).<\/p>\n<p>A Secretaria do curso est\u00e1 localizada no Pr\u00e9dio 31, sala 102.<\/p>\n<p>Para contato com a Secretaria do Colegiado ligue: <strong>+55 (53) 3275-7454<\/strong><\/p>\n<p><strong>e-mail da Secretaria<\/strong>: \u00a0<span style=\"color: #3366ff\">secretarialicqui@ufpel.edu.br<\/span><\/p>\n<p>&nbsp;<\/p>\n<p>J\u00e1 a coordena\u00e7\u00e3o do curso localiza-se na sala 107 (tamb\u00e9m do Pr\u00e9dio 31, do CCQFA)<\/p>\n<p>Para contato com a Coordena\u00e7\u00e3o do Curso ligue: <strong>+55 (53) 3275-7433<\/strong><\/p>\n<p><strong>e-mail da Coordena\u00e7\u00e3o<\/strong>: <span style=\"color: #0000ff\">coordenacaolicqui@ufpel.edu.br<\/span><\/p>\n<p>&nbsp;<\/p>\n<p><strong>HOR\u00c1RIOS DE ATENDIMENTO:<\/strong><\/p>\n<p>Em per\u00edodo de recesso acad\u00eamico: das <strong>08h<\/strong> \u00e0s <strong>12h<\/strong><\/p>\n<p>Em per\u00edodo letivo: das <strong>08h<\/strong> <strong>\u00e0s 12h e das 13h \u00e0s\u00a017h<\/strong><\/p>\n","protected":false},"excerpt":{"rendered":"<p>O Curso de Licenciatura em Qu\u00edmica localiza-se no Campus Cap\u00e3o do Le\u00e3o, e pertence ao Centro de Ci\u00eancias Qu\u00edmicas, Farmac\u00eauticas e de Alimentos (CCQFA). A Secretaria do curso est\u00e1 localizada no Pr\u00e9dio 31, sala 102. Para contato com a Secretaria do Colegiado ligue: +55 (53) 3275-7454 e-mail da Secretaria: \u00a0secretarialicqui@ufpel.edu.br &nbsp; J\u00e1 a coordena\u00e7\u00e3o do [&hellip;]<\/p>\n","protected":false},"author":656,"featured_media":0,"parent":0,"menu_order":0,"comment_status":"closed","ping_status":"closed","template":"","meta":{"footnotes":""},"class_list":["post-100","page","type-page","status-publish","hentry"],"_links":{"self":[{"href":"https:\/\/wp.ufpel.edu.br\/licenciaturaquimica\/wp-json\/wp\/v2\/pages\/100","targetHints":{"allow":["GET"]}}],"collection":[{"href":"https:\/\/wp.ufpel.edu.br\/licenciaturaquimica\/wp-json\/wp\/v2\/pages"}],"about":[{"href":"https:\/\/wp.ufpel.edu.br\/licenciaturaquimica\/wp-json\/wp\/v2\/types\/page"}],"author":[{"embeddable":true,"href":"https:\/\/wp.ufpel.edu.br\/licenciaturaquimica\/wp-json\/wp\/v2\/users\/656"}],"replies":[{"embeddable":true,"href":"https:\/\/wp.ufpel.edu.br\/licenciaturaquimica\/wp-json\/wp\/v2\/comments?post=100"}],"version-history":[{"count":23,"href":"https:\/\/wp.ufpel.edu.br\/licenciaturaquimica\/wp-json\/wp\/v2\/pages\/100\/revisions"}],"predecessor-version":[{"id":1710,"href":"https:\/\/wp.ufpel.edu.br\/licenciaturaquimica\/wp-json\/wp\/v2\/pages\/100\/revisions\/1710"}],"wp:attachment":[{"href":"https:\/\/wp.ufpel.edu.br\/licenciaturaquimica\/wp-json\/wp\/v2\/media?parent=100"}],"curies":[{"name":"wp","href":"https:\/\/api.w.org\/{rel}","templated":true}]}}