{"id":950,"date":"2016-03-23T16:47:10","date_gmt":"2016-03-23T19:47:10","guid":{"rendered":"https:\/\/wp.ufpel.edu.br\/libertas\/?page_id=950"},"modified":"2025-07-16T19:27:18","modified_gmt":"2025-07-16T22:27:18","slug":"editais","status":"publish","type":"page","link":"https:\/\/wp.ufpel.edu.br\/libertas\/publicacoes\/editais\/","title":{"rendered":"Editais"},"content":{"rendered":"<p><span style=\"color: #000000;\"><strong>Programa de extens\u00e3o: LIBERTAS &#8211; Programa de Enfrentamento da Vulnerabilidade em Ambientes Prisionais<\/strong><\/span><\/p>\n<p>E<span style=\"color: #000000;\">DITAL DE SELE\u00c7\u00c3O DE ADVOGADO\/AS VOLUNT\u00c1RIO\/AS 2018:\u00a0<a style=\"color: #000000;\" href=\"https:\/\/wp.ufpel.edu.br\/libertas\/files\/2018\/06\/EDITAL-ADVOGADOS-LIBERTAS-2018.pdf\">EDITAL ADVOGADOS LIBERTAS 2018<\/a><\/span><\/p>\n<p><span class=\"Apple-style-span\" style=\"color: #000000;\"><span class=\"Apple-style-span\"><span style=\"color: #000000;\">EDITAL DE RESULTADO:\u00a0<a style=\"color: #000000;\" href=\"https:\/\/wp.ufpel.edu.br\/libertas\/files\/2018\/07\/EDITAL-ADVOGADXS-2018-RESULTADO.pdf\">EDITAL ADVOGADXS 2018 &#8211; RESULTADO<\/a>\u00a0<strong>(Resultado publicado em 10\/07\/2018)<\/strong><\/span><\/span><\/span><\/p>\n<p><span class=\"Apple-style-span\" style=\"color: #000000;\"><span class=\"Apple-style-span\">EDITAL DE SELE\u00c7\u00c3O DE ESTUDANTES 2018:\u00a0<a style=\"color: #000000;\" href=\"https:\/\/wp.ufpel.edu.br\/libertas\/files\/2018\/04\/EDITAL-SELE\u00c7AO-LIBERTAS-2018.pdf\">EDITAL SELE\u00c7AO LIBERTAS 2018<\/a><\/span><\/span><\/p>\n<p><span class=\"Apple-style-span\" style=\"color: #000000;\"><span class=\"Apple-style-span\"><span style=\"color: #000000;\">EDITAL DE RESULTADO:\u00a0<\/span><a style=\"color: #000000;\" href=\"https:\/\/wp.ufpel.edu.br\/libertas\/files\/2018\/04\/EDITAL-RESULTADO-SELE\u00c7AO-LIBERTAS-2018.pdf\"><span style=\"color: #000000;\">EDITAL R<\/span>ESULTADO SELE\u00c7AO LIBERTAS 2018<\/a>\u00a0<strong>(Resultado publicado em 28\/02\/2018)<\/strong><\/span><\/span><\/p>\n<p><span class=\"Apple-style-span\" style=\"color: #000000;\">EDITAL DE SELE\u00c7\u00c3O DE ESTUDANTES 2017:\u00a0<a style=\"color: #000000;\" href=\"https:\/\/wp.ufpel.edu.br\/libertas\/files\/2018\/04\/EDITAL-SELE\u00c7AO-LIBERTAS-2017.pdf\">EDITAL-SELE\u00c7AO-LIBERTAS-2017<\/a><\/span><\/p>\n<p><span class=\"Apple-style-span\" style=\"color: #000000;\"><span class=\"Apple-style-span\">EDITAL DE RESULTADO:\u00a0<a style=\"color: #000000;\" href=\"https:\/\/wp.ufpel.edu.br\/libertas\/files\/2018\/04\/EDITAL-RESULTADO-SELE\u00c7AO-LIBERTAS-2017.pdf\">EDITAL RESULTADO SELE\u00c7AO LIBERTAS 2017<\/a>\u00a0<strong>(Resultado publicado em 11\/10\/2017)<\/strong><\/span><\/span><\/p>\n<p><span class=\"Apple-style-span\"><span class=\"Apple-style-span\" style=\"color: #ff0000;\"><span style=\"color: #000000;\">EDITAL DE SELE\u00c7\u00c3O DE ESTUDANTES 2016-2:\u00a0<\/span><\/span><span class=\"Apple-style-span\" style=\"color: #ff0000;\"><span style=\"color: #000000;\"><a style=\"color: #000000;\" href=\"https:\/\/wp.ufpel.edu.br\/libertas\/files\/2016\/03\/EDITAL-SELE\u00c7AO-LIBERTAS-2016-2.pdf\">EDITAL-SELE\u00c7AO-LIBERTAS-2016-2<\/a><\/span><\/span><strong><span class=\"Apple-style-span\" style=\"color: #ff0000;\"><span style=\"color: #000000;\">\u00a0<\/span><\/span><\/strong><\/span><\/p>\n<p><span class=\"Apple-style-span\" style=\"color: #000000;\">EDITAL DE RESULTADO:\u00a0<a style=\"color: #000000;\" href=\"https:\/\/wp.ufpel.edu.br\/libertas\/files\/2016\/03\/EDITAL-RESULTADO-SELE\u00c7AO-LIBERTAS-2016-2.pdf\">edital-resultado-selecao-lib<span style=\"color: #000000;\">ertas-2016-2<\/span><\/a>\u00a0<strong>(Resultado publicado em 02\/10\/2016)<\/strong><\/span><\/p>\n<p><b><\/b><span class=\"Apple-style-span\" style=\"color: #000000;\">EDITAL DE SELE\u00c7\u00c3O DE ESTUDANTES 2016:\u00a0<a style=\"color: #000000;\" href=\"https:\/\/wp.ufpel.edu.br\/libertas\/files\/2016\/03\/EDITAL-SELE\u00c7AO-LIBERTAS-2016.pdf\">EDITAL SELE\u00c7AO LIBERTAS 2016<\/a>\u00a0<\/span><\/p>\n<p><span class=\"Apple-style-span\" style=\"color: #000000;\"><span class=\"Apple-style-span\">EDITAL DE RESULTA<span style=\"color: #000000;\">DO:\u00a0<a style=\"color: #000000;\" href=\"https:\/\/wp.ufpel.edu.br\/libertas\/files\/2016\/03\/EDITAL-RESULTADO-SELE\u00c7AO-LIBERTAS-2016.pdf\">EDITAL RESULTADO SELE\u00c7AO LIBERTAS 2016<\/a>\u00a0<strong>(Resultado publicado em 16\/05\/2016)<\/strong><\/span><\/span><\/span><\/p>\n<p>&nbsp;<\/p>\n<p><span style=\"color: #000000;\"><strong>Projeto de extens\u00e3o: DEFENSA &#8211; Assessoria Criminal Popular<\/strong><\/span><\/p>\n<p><span class=\"Apple-style-span\" style=\"color: #000000;\">EDITAL DE SELE\u00c7\u00c3O DE ADVOGADA\/OS VOLUNT\u00c1RIA\/OS 202<\/span><span class=\"Apple-style-span\">2: <\/span><span class=\"Apple-style-span\"><a href=\"https:\/\/wp.ufpel.edu.br\/libertas\/files\/2022\/06\/EDITAL-ADVOGADOS-2022.pdf\">EDITAL ADVOGADOS 2022<\/a><\/span><\/p>\n<p><span class=\"Apple-style-span\">EDITAL DE SELE\u00c7\u00c3O DE ESTUDANTES VOLUNT\u00c1RIA\/OS 2022: <a href=\"https:\/\/wp.ufpel.edu.br\/libertas\/files\/2022\/06\/EDITAL-SELECAO-DEFENSA-ESTUDANTES-2022.pdf\">EDITAL SELE\u00c7AO DEFENSA ESTUDANTES 2022<\/a><\/span><\/p>\n<p><span class=\"Apple-style-span\" style=\"color: #000000;\">EDITAL DE SELE\u00c7\u00c3O DE ADVOGADXS VOLUNT\u00c1RIXS 2021: <a style=\"color: #000000;\" href=\"https:\/\/wp.ufpel.edu.br\/libertas\/files\/2021\/09\/EDITAL-ADVOGADOS-2021-.pdf\">EDITAL ADVOGADOS 2021-<\/a>\u00a0<\/span><\/p>\n<p><span class=\"Apple-style-span\" style=\"color: #000000;\">EDITAL DE SELE\u00c7\u00c3O DE ESTUDANTES VOLUNT\u00c1RIXS 2021: <span class=\"Apple-style-span\"><a style=\"color: #000000;\" href=\"https:\/\/wp.ufpel.edu.br\/libertas\/files\/2021\/09\/EDITAL-SELECAO-DEFENSA-ESTUDANTES-2021-.pdf\">EDITAL SELE\u00c7AO DEFENSA ESTUDANTES 2021-<\/a><\/span>\u00a0<\/span><\/p>\n<p><span style=\"color: #000000;\">RESULTADO S<span class=\"Apple-style-span\" style=\"color: #000000;\">ELE\u00c7\u00c3O DE ESTUDANTES VOLUNT\u00c1RIXS 2020: <a style=\"color: #000000;\" href=\"https:\/\/wp.ufpel.edu.br\/libertas\/files\/2020\/08\/EDITAL-RESULTADO-SELE\u00c7AO-DEFENSA-2020.pdf\">EDITAL RESULTADO SELE\u00c7AO DEFENSA 2020<\/a> <span class=\"Apple-style-span\"><strong>(Resultado publicado em 19\/08\/2020)<\/strong><\/span><\/span><\/span><\/p>\n<p><span class=\"Apple-style-span\" style=\"color: #000000;\">EDITAL DE SELE\u00c7\u00c3O DE ESTUDANTES VOLUNT\u00c1RIXS 2020: <a style=\"color: #000000;\" href=\"https:\/\/wp.ufpel.edu.br\/libertas\/files\/2020\/08\/EDITAL-SELE\u00c7AO-DEFENSA-2020.pdf\">EDITAL SELE\u00c7AO DEFENSA 2020\u00a0<\/a>\u00a0<\/span><\/p>\n<p><span style=\"color: #000000;\">FORMUL\u00c1RIO DE INSCRI\u00c7\u00d5ES 2020: <a style=\"color: #000000;\" href=\"https:\/\/wp.ufpel.edu.br\/libertas\/files\/2020\/08\/DEFENSA_FORMULARIO_DE_INSCRI\u00c7OES-1.doc\">DEFENSA_FORMULARIO_DE_INSCRI\u00c7OES<\/a><\/span><\/p>\n<p><span style=\"color: #000000;\">EDITAL DE SELE\u00c7\u00c3O DE BOLSISTA:\u00a0<a style=\"color: #000000;\" href=\"https:\/\/wp.ufpel.edu.br\/libertas\/files\/2019\/05\/Edital-de-Sele%C3%A7%C3%A3o-de-Bolsista-Defensa-Assessoria-Criminal-Popular-2019.pdf\">Edital de Sele\u00e7\u00e3o de Bolsista Defensa Assessoria Criminal Popular 2019<\/a> <\/span><\/p>\n<p><span style=\"color: #000000;\">RESULTADO: <a style=\"color: #000000;\" href=\"https:\/\/wp.ufpel.edu.br\/libertas\/files\/2019\/05\/Ata-Resultado-DEFENSA.pdf\">Ata Resultado DEFENSA<\/a> <strong>(Resultado publicado em 11\/05\/2019)<\/strong><\/span><\/p>\n<p><span style=\"color: #000000;\"><span class=\"Apple-style-span\">EDITAL DE SELE\u00c7\u00c3O DE ADVOGADXS VOLUNT\u00c1RIXS 20<\/span><span class=\"Apple-style-span\">19: <\/span><span class=\"Apple-style-span\"><a style=\"color: #000000;\" href=\"https:\/\/wp.ufpel.edu.br\/libertas\/files\/2019\/03\/EDITAL-ADVOGADOS-VOLUNTARIOS-2019.pdf\">EDITAL ADVOGADOS VOLUNTARIOS 2019<\/a><\/span><\/span><\/p>\n<p><span style=\"color: #000000;\">EDITAL DE RESULTADO DE <span class=\"Apple-style-span\" style=\"color: #000000;\">ADVOGADXS VOLUNT\u00c1RIXS 2019: <a style=\"color: #000000;\" href=\"https:\/\/wp.ufpel.edu.br\/libertas\/files\/2019\/04\/RESULTADO-DEFENSA_ADVOGADAS-2019.pdf\">RESULTADO DEFENSA_ADVOGADAS 2019<\/a> <strong>(Resultado publicado em 03\/04\/2019)<\/strong><\/span><\/span><\/p>\n<p><span class=\"Apple-style-span\" style=\"color: #000000;\">EDITAL DE SELE\u00c7\u00c3O DE ESTUDANTES VOLUNT\u00c1RIXS 2019: <a style=\"color: #000000;\" href=\"https:\/\/wp.ufpel.edu.br\/libertas\/files\/2019\/03\/EDITAL-SELE\u00c7AO-DEFENSA-2019.pdf\">EDITAL SELE\u00c7AO DEFENSA 2019<\/a> <\/span><\/p>\n<p><span style=\"color: #000000;\"><span class=\"Apple-style-span\">EDITAL DE SELE\u00c7\u00c3O DE ESTUDANTES VOLUNT\u00c1RIXS 2019: <a style=\"color: #000000;\" href=\"https:\/\/wp.ufpel.edu.br\/libertas\/files\/2019\/04\/RESULTADO-DEFENSA_ESTUDANTES-2019.pdf\">RESULTADO DEFENSA_ESTUDANTES 2019<\/a> <strong>(Resultado publicado em 03\/04\/2019)<\/strong><\/span><\/span><\/p>\n<p><span class=\"Apple-style-span\" style=\"color: #000000;\">EDITAL DE SELE\u00c7\u00c3O DE ESTUDANTES VOLUNT\u00c1RIXS 2018:\u00a0<a style=\"color: #000000;\" href=\"https:\/\/wp.ufpel.edu.br\/libertas\/files\/2018\/04\/EDITAL-SELE\u00c7AO-DEFENSA-2018.pdf\">EDITAL SELE\u00c7AO DEFENSA 2018\u00a0<\/a>\u00a0<\/span><\/p>\n<p><span style=\"color: #000000;\">EDITAL DE RESULTADO:\u00a0<a style=\"color: #000000;\" href=\"https:\/\/wp.ufpel.edu.br\/libertas\/files\/2018\/04\/EDITAL-RESULTADO-SELE\u00c7AO-2018.pdf\">EDITAL RESULTADO SELE\u00c7AO 2018\u00a0<\/a>\u00a0<span class=\"Apple-style-span\" style=\"color: #000000;\"><span class=\"Apple-style-span\"><strong>(Resultado publicado em 20\/04\/2018)<\/strong><\/span><\/span>\u00a0<\/span><\/p>\n<p><span class=\"Apple-style-span\" style=\"color: #000000;\">EDITAL DE SELE\u00c7\u00c3O DE ADVOGADXS\u00a0VOLUNT\u00c1RIXS 2016:\u00a0<a style=\"color: #000000;\" href=\"https:\/\/wp.ufpel.edu.br\/libertas\/files\/2016\/03\/EDITAL-ADVOGADOS-2017.pdf\">EDITAL ADVOGADOS 2017<\/a>\u00a0<\/span><\/p>\n<p><span class=\"Apple-style-span\" style=\"color: #000000;\">EDITAL DE SELE\u00c7\u00c3O DE ESTUDANTES VOLUNT\u00c1RIXS 2017:\u00a0<a style=\"color: #000000;\" href=\"https:\/\/wp.ufpel.edu.br\/libertas\/files\/2016\/03\/EDITAL-SELE\u00c7AO-DEFENSA-2017.pdf\">EDITAL SELE\u00c7AO DEFENSA 2017<\/a>\u00a0<\/span><\/p>\n<p><span class=\"Apple-style-span\" style=\"color: #000000;\">EDITAL DE SELE\u00c7\u00c3O DE ESTUDANTES E ADVOGADXS VOLUNT\u00c1RIXS:\u00a0<a style=\"color: #000000;\" href=\"https:\/\/wp.ufpel.edu.br\/libertas\/files\/2016\/03\/EDITAL-RESULTADO-SELE\u00c7AO-ESTUDANTES-E-ADVOGADOS-2017.pdf\">EDITAL RESULTADO SELE\u00c7AO ESTUDANTES E ADVOGADOS 2017<\/a> <strong>(Resultado publicado em 16\/05\/2017)<\/strong><\/span><\/p>\n<p><span class=\"Apple-style-span\" style=\"color: #000000;\"><span class=\"Apple-style-span\">EDITAL DE SELE\u00c7\u00c3O DE ADVOGADXS\u00a0VOLUNT\u00c1RIXS 2016:\u00a0<a style=\"color: #000000;\" href=\"https:\/\/wp.ufpel.edu.br\/libertas\/files\/2016\/03\/EDITAL-ADVOGADOS-2016.pdf\">EDITAL ADVOGADOS 2016<\/a>\u00a0<\/span><\/span><\/p>\n<p><span class=\"Apple-style-span\" style=\"color: #000000;\">EDITAL DE RESULTADO:\u00a0<a style=\"color: #000000;\" href=\"https:\/\/wp.ufpel.edu.br\/libertas\/files\/2016\/03\/RESULTADO-EDITAL-ADVOGADOS-2016.pdf\">resultado-edital-advogados-2016<\/a>\u00a0<strong> (Resultado publicado em 02\/10\/2016)<\/strong><\/span><\/p>\n<p><span style=\"color: #000000;\"><span class=\"Apple-style-span\"><span style=\"color: #000000;\">EDITAL DE SELE\u00c7\u00c3O DE ESTUDANTES VOLUNT\u00c1RI<\/span>XS 2016-2:\u00a0<\/span><span class=\"Apple-style-span\"><a style=\"color: #000000;\" href=\"https:\/\/wp.ufpel.edu.br\/libertas\/files\/2016\/03\/EDITAL-SELE\u00c7AO-DEFENSA-2016-2.pdf\">EDITAL SELE\u00c7AO DEFENSA 2016-2<\/a><\/span><strong><span class=\"Apple-style-span\">\u00a0<\/span><\/strong><\/span><\/p>\n<p><span class=\"Apple-style-span\" style=\"color: #000000;\">EDITAL DE RESULTADO:\u00a0<a style=\"color: #000000;\" href=\"https:\/\/wp.ufpel.edu.br\/libertas\/files\/2016\/03\/EDITAL-RESULTADO-SELE\u00c7AO-2016-2.pdf\">edital-resultado-selecao-2016-2<\/a><strong>\u00a0(Resultado publicado em 12\/09\/2016)<\/strong><\/span><\/p>\n<p><span style=\"color: #000000;\">EDITAL DE SELE\u00c7\u00c3O DE ESTUDANTES VOLUNT\u00c1RIXS 2016:\u00a0<a style=\"color: #000000;\" href=\"https:\/\/wp.ufpel.edu.br\/libertas\/files\/2016\/03\/EDITAL-SELE\u00c7AO-DEFENSA-2016.pdf\">EDITAL SELE\u00c7AO DEFENSA 2016<\/a>\u00a0<\/span><\/p>\n<p><span style=\"color: #000000;\">EDITAL DE CONVOCA\u00c7\u00c3O PARA 2\u00aa CHAMADA:\u00a0<a style=\"color: #000000;\" href=\"https:\/\/wp.ufpel.edu.br\/libertas\/files\/2016\/03\/EDITAL-2-CHAMADA-SELE\u00c7AO-DEFENSA-2016.pdf\">EDITAL 2 CHAMADA SELE\u00c7AO DEFENSA 2016<\/a><\/span><\/p>\n<p><span style=\"color: #000000;\"> FORMUL\u00c1RIO DE INSCRI\u00c7\u00c3O:\u00a0<a style=\"color: #000000;\" href=\"https:\/\/wp.ufpel.edu.br\/libertas\/files\/2016\/03\/DEFENSA_FORMULARIO_DE_INSCRI\u00c7OES.pdf\">DEFENSA_FORMULARIO_DE_INSCRI\u00c7OES<\/a><\/span><\/p>\n<p><span class=\"Apple-style-span\" style=\"color: #000000;\">EDITAL DE RESULTADO:\u00a0<a style=\"color: #000000;\" href=\"https:\/\/wp.ufpel.edu.br\/libertas\/files\/2016\/03\/EDITAL-RESULTADO-SELE\u00c7AO-DEFENSA-2016.pdf\">EDITAL RESULTADO SELE\u00c7AO DEFENSA 2016<\/a><strong><span style=\"color: #000000;\"> (Result<\/span>ado publicado em 14\/04\/2016)<\/strong><\/span><\/p>\n<p>&nbsp;<\/p>\n<p><span style=\"color: #000000;\"><strong>Projeto de extens\u00e3o: Cl\u00ednica Jur\u00eddico-Penitenci\u00e1ria<\/strong><\/span><\/p>\n<p><span class=\"Apple-style-span\" style=\"color: #000000;\">EDITAL DE SELE\u00c7\u00c3O DE ESTUDANTES VOLUNT\u00c1RIA\/OS 2022<\/span><span class=\"Apple-style-span\">: <\/span><span class=\"Apple-style-span\"><a href=\"https:\/\/wp.ufpel.edu.br\/libertas\/files\/2022\/06\/EDITAL-SELECAO-CLINICA-ESTUDANTES-2022.pdf\">EDITAL SELE\u00c7AO CLINICA ESTUDANTES 2022<\/a><\/span><\/p>\n<p><span style=\"color: #000000;\">EDITAL DE SELE\u00c7\u00c3O DE BOLSISTAS:\u00a0<a style=\"color: #000000;\" href=\"https:\/\/wp.ufpel.edu.br\/libertas\/files\/2019\/05\/Edital-de-Sele%C3%A7%C3%A3o-de-Bolsista-Clinica-Juridico-Penitenciaria-2019.pdf\">Edital de Sele\u00e7\u00e3o de Bolsista Clinica Juridico-Penitenciaria 2019<\/a> <\/span><\/p>\n<p><span style=\"color: #000000;\">RESULTADO:\u00a0<a style=\"color: #000000;\" href=\"https:\/\/wp.ufpel.edu.br\/libertas\/files\/2019\/05\/Ata-Resultado-CLINICA-JURIDICO-PENITENCIARIA.pdf\">Ata Resultado CLINICA JURIDICO PENITENCIARIA<\/a>\u00a0<strong>(Resultado publicado em 11\/05\/2019)<\/strong><\/span><\/p>\n<p>&nbsp;<\/p>\n<p><span class=\"Apple-style-span\" style=\"color: #000000;\"><strong>Projeto de pesquisa: <strong>O desenvolvimento dos m\u00e9todos de puni\u00e7\u00e3o e de controle social no Brasil<\/strong><\/strong><\/span><\/p>\n<p><span style=\"color: #000000;\">EDITAL DE SELE\u00c7\u00c3O DE ESTUDANTE BOLSISTA:\u00a0<a style=\"color: #000000;\" href=\"https:\/\/wp.ufpel.edu.br\/libertas\/files\/2016\/03\/EDITAL-PBIP-DA-2016.pdf\">EDITAL PBIP-DA 2016<\/a>\u00a0<\/span><\/p>\n<p><span style=\"color: #000000;\">EDITAL DE RESULTADO:\u00a0<a style=\"color: #000000;\" href=\"https:\/\/wp.ufpel.edu.br\/libertas\/files\/2016\/03\/EDITAL-RESULTADO-PBIP-DA-2016.pdf\">EDITAL RESULTADO PBIP-DA 2016<\/a>\u00a0<span class=\"Apple-style-span\"><strong>(Resultado publicado em 07\/04\/2016)<\/strong><\/span><\/span><\/p>\n<p>&nbsp;<\/p>\n<p><span class=\"Apple-style-span\" style=\"color: #000000;\"><strong>Projeto de pesquisa:\u00a0Exe<span style=\"color: #000000;\">cu\u00e7\u00e3o penal e educa\u00e7\u00e3o jur\u00eddica no Brasil\u00a0<\/span><\/strong><\/span><\/p>\n<p><span style=\"color: #000000;\">EDITAL DE SELE\u00c7\u00c3O DE ESTUDANTE BOLSISTA:\u00a0<a style=\"color: #000000;\" href=\"https:\/\/wp.ufpel.edu.br\/libertas\/files\/2016\/03\/EDITAL-PBIC_2016-2017.pdf\">EDITAL PBIC_2016-2017<\/a><\/span><\/p>\n<p><span class=\"Apple-style-span\" style=\"color: #000000;\">EDITAL DE RESULTADO:\u00a0<a style=\"color: #000000;\" href=\"https:\/\/wp.ufpel.edu.br\/libertas\/files\/2016\/03\/EDITAL-resultado-PBIC-CNPq-2016-2017.pdf\">EDITAL resultado PBIC CNPq 2016-2017<\/a>\u00a0<strong>(Resultado publicado em 26\/06\/2016)<\/strong><\/span><\/p>\n<p>&nbsp;<\/p>\n<p><span style=\"color: #000000;\"><strong>Projeto de ensino: Ensino-Aprendizagem em Ci\u00eancias Criminais\u00a0<\/strong><\/span><\/p>\n<p><span style=\"color: #000000;\">EDITAL DE SELE\u00c7\u00c3O DE BOLSISTA DE MONITORIA:\u00a0<a style=\"color: #000000;\" href=\"https:\/\/wp.ufpel.edu.br\/libertas\/files\/2016\/03\/EDITAL-DE-SELE\u00c7\u00c3O-DE-BOLSISTA-MONITORIA-2016.pdf\">EDITAL DE SELE\u00c7\u00c3O DE BOLSISTA MONITORIA 2016<\/a><\/span><\/p>\n<p style=\"text-align: justify;\"><span style=\"color: #000000;\">EDITAL DE DIVULGA\u00c7\u00c3O DO RESULTADO:\u00a0<a style=\"color: #000000;\" href=\"https:\/\/wp.ufpel.edu.br\/libertas\/files\/2016\/03\/EDITAL-RESULTADO-MON-ITORIA-2016.pdf\">EDITAL RESULTADO MON ITORIA 2016<\/a>\u00a0<span class=\"Apple-style-span\"><strong>(Resultado publicado em 28\/04\/2016)<\/strong><\/span><\/span><\/p>\n<p>&nbsp;<\/p>\n<p><span style=\"color: #000000;\"><strong>Projeto de ensino: Grupo de Estud<\/strong><strong>os e Pesquisa em Puni\u00e7\u00e3o e Controle Social (GEPUCS)<\/strong><\/span><\/p>\n<p><span style=\"color: #000000;\">EDITAL DE SELE\u00c7\u00c3O DE BOLSISTA 2019<\/span>:\u00a0<span style=\"color: #000000;\"><a style=\"color: #000000;\" href=\"https:\/\/wp.ufpel.edu.br\/libertas\/files\/2019\/05\/Edital-de-sele%C3%A7%C3%A3o-de-bolsista-GEPUCS-2019.pdf\">Edital de sele\u00e7\u00e3o de bolsista GEPUCS 2019<\/a>\u00a0<\/span><\/p>\n<p><span style=\"color: #000000;\">RESULTADO DE SELE\u00c7\u00c3O DE BOLSISTA 2019: <span style=\"color: #0000ff;\"><span style=\"color: #000000;\"><a style=\"color: #000000;\" href=\"https:\/\/wp.ufpel.edu.br\/libertas\/files\/2019\/05\/Ata-Resultado.pdf\">Ata Resultado<\/a> <strong>(Resultado publicado em 09\/05\/2019)<\/strong><\/span><\/span><\/span><\/p>\n<p><span style=\"color: #000000;\">EDITAL DE SELE\u00c7\u00c3O DE BOLSISTA DE\u00a0PROJETO DE ENSINO:\u00a0<a style=\"color: #000000;\" href=\"https:\/\/wp.ufpel.edu.br\/libertas\/files\/2016\/03\/EDITAL-DE-SELE\u00c7\u00c3O-DE-BOLSISTA-GEPUCS-2016.pdf\">EDITAL DE SELE\u00c7\u00c3O DE BOLSISTA GEPUCS 2016<\/a>\u00a0<\/span><\/p>\n<p><span style=\"color: #000000;\"><span class=\"Apple-style-span\">EDIT<\/span><span class=\"Apple-style-span\">AL DE DIVULGA\u00c7\u00c3O DO RESULTADO:\u00a0<a style=\"color: #000000;\" href=\"https:\/\/wp.ufpel.edu.br\/libertas\/files\/2016\/03\/EDITAL-RESULTADO-GEPUCS-2016.pdf\">EDITAL RESULTADO GEPUCS 2016<\/a>\u00a0<strong>(Resultado publicado em 28\/04\/2016)<\/strong><\/span><\/span><\/p>\n","protected":false},"excerpt":{"rendered":"<p>Programa de extens\u00e3o: LIBERTAS &#8211; Programa de Enfrentamento da Vulnerabilidade em Ambientes Prisionais EDITAL DE SELE\u00c7\u00c3O DE ADVOGADO\/AS VOLUNT\u00c1RIO\/AS 2018:\u00a0EDITAL ADVOGADOS LIBERTAS 2018 EDITAL DE RESULTADO:\u00a0EDITAL ADVOGADXS 2018 &#8211; RESULTADO\u00a0(Resultado publicado em 10\/07\/2018) EDITAL DE SELE\u00c7\u00c3O DE ESTUDANTES 2018:\u00a0EDITAL SELE\u00c7AO LIBERTAS 2018 EDITAL DE RESULTADO:\u00a0EDITAL RESULTADO SELE\u00c7AO LIBERTAS 2018\u00a0(Resultado publicado em 28\/02\/2018) EDITAL DE SELE\u00c7\u00c3O [&hellip;]<\/p>\n","protected":false},"author":440,"featured_media":0,"parent":12,"menu_order":0,"comment_status":"closed","ping_status":"closed","template":"","meta":{"footnotes":""},"class_list":["post-950","page","type-page","status-publish","hentry"],"_links":{"self":[{"href":"https:\/\/wp.ufpel.edu.br\/libertas\/wp-json\/wp\/v2\/pages\/950","targetHints":{"allow":["GET"]}}],"collection":[{"href":"https:\/\/wp.ufpel.edu.br\/libertas\/wp-json\/wp\/v2\/pages"}],"about":[{"href":"https:\/\/wp.ufpel.edu.br\/libertas\/wp-json\/wp\/v2\/types\/page"}],"author":[{"embeddable":true,"href":"https:\/\/wp.ufpel.edu.br\/libertas\/wp-json\/wp\/v2\/users\/440"}],"replies":[{"embeddable":true,"href":"https:\/\/wp.ufpel.edu.br\/libertas\/wp-json\/wp\/v2\/comments?post=950"}],"version-history":[{"count":57,"href":"https:\/\/wp.ufpel.edu.br\/libertas\/wp-json\/wp\/v2\/pages\/950\/revisions"}],"predecessor-version":[{"id":2100,"href":"https:\/\/wp.ufpel.edu.br\/libertas\/wp-json\/wp\/v2\/pages\/950\/revisions\/2100"}],"up":[{"embeddable":true,"href":"https:\/\/wp.ufpel.edu.br\/libertas\/wp-json\/wp\/v2\/pages\/12"}],"wp:attachment":[{"href":"https:\/\/wp.ufpel.edu.br\/libertas\/wp-json\/wp\/v2\/media?parent=950"}],"curies":[{"name":"wp","href":"https:\/\/api.w.org\/{rel}","templated":true}]}}