{"id":520,"date":"2015-07-22T00:59:01","date_gmt":"2015-07-22T03:59:01","guid":{"rendered":"https:\/\/wp.ufpel.edu.br\/libertas\/?page_id=520"},"modified":"2016-01-21T23:02:47","modified_gmt":"2016-01-22T01:02:47","slug":"seminario-internacional-de-execucao-penal","status":"publish","type":"page","link":"https:\/\/wp.ufpel.edu.br\/libertas\/eventos\/seminario-internacional-de-execucao-penal\/","title":{"rendered":"Semin\u00e1rio Internacional de Execu\u00e7\u00e3o Penal"},"content":{"rendered":"<p style=\"text-align: center\"><span style=\"font-size: 18pt;color: #000000\"><strong><span style=\"font-family: georgia, palatino, serif\">SEMIN\u00c1RIO INTERNACIONAL DE EXECU\u00c7\u00c3O PENAL<\/span><\/strong><\/span><\/p>\n<p style=\"text-align: center\"><span style=\"font-size: 14pt;color: #000000\"><strong><span style=\"font-family: georgia, palatino, serif\">ESTADO, C\u00c1RCERE E DIREITOS<\/span><\/strong><\/span><\/p>\n<p style=\"text-align: center\"><span style=\"color: #000000\"><a style=\"color: #000000\" href=\"https:\/\/wp.ufpel.edu.br\/libertas\/files\/2015\/07\/SIEXPE-UFPel3.jpg\"><img class=\"alignnone size-medium wp-image-537\" src=\"https:\/\/wp.ufpel.edu.br\/libertas\/files\/2015\/07\/SIEXPE-UFPel3-424x294.jpg\" alt=\"SIEXPE-UFPel\" width=\"424\" height=\"294\" srcset=\"https:\/\/wp.ufpel.edu.br\/libertas\/files\/2015\/07\/SIEXPE-UFPel3-424x294.jpg 424w, https:\/\/wp.ufpel.edu.br\/libertas\/files\/2015\/07\/SIEXPE-UFPel3-212x147.jpg 212w, https:\/\/wp.ufpel.edu.br\/libertas\/files\/2015\/07\/SIEXPE-UFPel3.jpg 1040w\" sizes=\"(max-width: 424px) 100vw, 424px\" \/><\/a><\/span><\/p>\n<p style=\"text-align: justify\"><span style=\"color: #000000\"><span style=\"font-family: georgia, palatino, serif;font-size: 12pt\">O <strong>Semin\u00e1rio Internacional de Execu\u00e7\u00e3o Penal: Estado, C\u00e1rcere\u00a0e Direitos<\/strong> \u00e9 uma atividade de<\/span><span style=\"font-family: georgia, palatino, serif;font-size: 12pt\">\u00a0<\/span><span style=\"font-family: georgia, palatino, serif;font-size: 12pt\">extens\u00e3o vinculada ao Programa LIBERTAS, e est\u00e1 voltada \u00e0 apresenta\u00e7\u00e3o de palestras, pain\u00e9is e<\/span><span style=\"font-family: georgia, palatino, serif;font-size: 12pt\">\u00a0<\/span><span style=\"font-family: georgia, palatino, serif;font-size: 12pt\">grupos de trabalhos, com o intuito de aprimorar a percep\u00e7\u00e3o cr\u00edtica das ci\u00eancias criminais no \u00e2mbito<\/span><span style=\"font-family: georgia, palatino, serif;font-size: 12pt\">\u00a0<\/span><span style=\"font-family: georgia, palatino, serif;font-size: 12pt\">do sistema prisional e das institui\u00e7\u00f5es estatais de sequestro. A atividade visa proporcionar um maior<\/span><span style=\"font-family: georgia, palatino, serif;font-size: 12pt\">\u00a0<\/span><span style=\"font-family: georgia, palatino, serif;font-size: 12pt\">debate acad\u00eamico sobre o sistema penal, notadamente a quest\u00e3o penitenci\u00e1ria e a execu\u00e7\u00e3o da<\/span><span style=\"font-family: georgia, palatino, serif;font-size: 12pt\">\u00a0<\/span><span style=\"font-family: georgia, palatino, serif;font-size: 12pt\">pena no Brasil e em outros pa\u00edses da Am\u00e9rica do Sul. O evento pretende agregar estudiosos e<\/span><span style=\"font-family: georgia, palatino, serif;font-size: 12pt\">\u00a0<\/span><span style=\"font-family: georgia, palatino, serif;font-size: 12pt\">pesquisadores de diferentes pa\u00edses em torno de assuntos e eixos interdisciplinares relativos \u00e0<\/span><span style=\"font-family: georgia, palatino, serif;font-size: 12pt\">\u00a0<\/span><span style=\"font-family: georgia, palatino, serif;font-size: 12pt\">execu\u00e7\u00e3o penal.\u00a0<span class=\"Apple-style-span\">O evento conta com o apoio da Faculdade de Direito e da Universidade Federal de Pelotas, e com a colabora\u00e7\u00e3o do Grupo Interdisciplinar de Trabalho e Estudos Criminais-Penitenci\u00e1rios (GITEP) da Unversidade Cat\u00f3lica de Pelotas.<\/span><\/span><\/span><\/p>\n<p style=\"text-align: center\"><span style=\"color: #000000\"><strong>APRESENTA\u00c7\u00c3O DE TRABALHOS<\/strong><\/span><\/p>\n<p style=\"text-align: justify\"><span style=\"font-family: georgia, palatino, serif;font-size: 12pt;color: #000000\">As propostas de trabalhos devem se referir ao cen\u00e1rio da execu\u00e7\u00e3o penal em geral. <strong>Data limite para envio das propostas: 15 de agosto de 2015 e dever\u00e3o ser enviadas ao e-mail: <a style=\"color: #000000\" href=\"mailto:siexpeufpel@gmail.com\">siexpeufpel@gmail.com<\/a>. <\/strong>As propostas dever\u00e3o ser enviadas no formato de resumo, em uma extens\u00e3o m\u00e1xima de 4 (quatro) p\u00e1ginas, especificando t\u00edtulo, autor(es) e orientador(es), institui\u00e7\u00e3o de origem e financiadores (quando houver). O resultado ser\u00e1 divulgado no dia 17 de agosto de 2015. Os trabalhos apresentados ser\u00e3o publicados no Boletim LIBERTAS.<\/span><\/p>\n<p><span style=\"color: #000000\"><a style=\"color: #000000\" href=\"https:\/\/docs.google.com\/forms\/d\/16MPpcuomsa5skImLNcSkaKsHigpSo2_ZQOW3UNFTO9M\/viewform?usp=send_form\">INSCRI\u00c7\u00d5ES COMO OUVINTE AQUI<\/a><\/span><\/p>\n<p style=\"text-align: center\"><span style=\"color: #000000\"><strong>PROGRAMA\u00c7\u00c3O<\/strong><\/span><\/p>\n<p><span style=\"color: #000000\"><strong><span style=\"font-family: georgia, palatino, serif;font-size: 12pt\">18 de Agosto de 2015 (Ter\u00e7a-feira)<\/span><\/strong><\/span><\/p>\n<p><span style=\"font-family: georgia, palatino, serif;font-size: 12pt;color: #000000\"><strong>18h<\/strong> \u2013 Inscri\u00e7\u00e3o<\/span><\/p>\n<p><span style=\"font-family: georgia, palatino, serif;font-size: 12pt;color: #000000\"><strong>19h30<\/strong> \u2013 Confer\u00eancias<\/span><\/p>\n<p><span style=\"font-family: georgia, palatino, serif;font-size: 12pt;color: #000000\"><strong><em>Confer\u00eancia I<\/em>: <em><strong>Cid<\/strong>adania pol\u00edtica e quest\u00e3o penitenci\u00e1ria<\/em><\/strong><\/span><\/p>\n<p><span style=\"font-family: georgia, palatino, serif;font-size: 12pt;color: #000000\">Luiz Ant\u00f4nio Bogo Chies (Universidade Cat\u00f3lica de Pelotas)<\/span><\/p>\n<p><span style=\"font-family: georgia, palatino, serif;font-size: 12pt;color: #000000\"><em><strong>Confer\u00eancia II<\/strong><\/em>: <strong>Direitos das pessoas privadas da liberdade na Argentina <\/strong><\/span><\/p>\n<p><span style=\"font-family: georgia, palatino, serif;font-size: 12pt;color: #000000\">Gustavo Isaac Plat (<em>Unidad Fiscal de Ejecuci\u00f3n Penal (UFEP), Ministerio P\u00fablico Fiscal de la Naci\u00f3n<\/em>, Argentina)<\/span><\/p>\n<p><span style=\"font-family: georgia, palatino, serif;font-size: 12pt;color: #000000\">Local: Sal\u00e3o de Atos da Faculdade de Direito da UFPel<\/span><\/p>\n<p>&nbsp;<\/p>\n<p><span style=\"color: #000000\"><strong><span style=\"font-family: georgia, palatino, serif;font-size: 12pt\">19 de Agosto de 2015 (Quarta-feira)<\/span><\/strong><\/span><\/p>\n<p><span style=\"font-family: georgia, palatino, serif;font-size: 12pt;color: #000000\"><strong>09h30 <\/strong>\u2013 Pain\u00e9is<\/span><\/p>\n<p><span style=\"font-family: georgia, palatino, serif;font-size: 12pt;color: #000000\"><strong><em>Painel 1:<\/em> Superlota\u00e7\u00e3o carcer\u00e1ria e mecanismos de controle<\/strong><\/span><\/p>\n<p><span style=\"font-family: georgia, palatino, serif;font-size: 12pt;color: #000000\">Guilherme Camargo Massa\u00fa (Universidade Federal de Pelotas)<\/span><\/p>\n<p><span style=\"font-family: georgia, palatino, serif;font-size: 12pt;color: #000000\">Gustavo Isaac Plat (<em>Unidad Fiscal de Ejecuci\u00f3n Penal (UFEP), Ministerio P\u00fablico Fiscal de la Naci\u00f3n<\/em>, Argentina)<\/span><\/p>\n<p><span style=\"font-family: georgia, palatino, serif;font-size: 12pt;color: #000000\"><strong><em>Painel 2:<\/em> Sistema legal e progressividade de regime no cumprimento da pena <\/strong><\/span><\/p>\n<p><span style=\"font-family: georgia, palatino, serif;font-size: 12pt;color: #000000\">Daniel Brod Rodrigues de Sousa (Universidade Cat\u00f3lica de Pelotas, Universidade Federal de Pelotas)<\/span><\/p>\n<p><span style=\"color: #000000\"><span style=\"font-family: georgia, palatino, serif;font-size: 12pt\">Leonardo Gabriel Pitlevnik (<em>Universidad de Buenos Aires<\/em>-Argentina)<\/span><span style=\"font-family: georgia, palatino, serif;font-size: 12pt\"><strong>\u00a0<\/strong><\/span><\/span><\/p>\n<p><span style=\"color: #000000\">Local: Sal\u00e3o de Atos da Faculdade de Direito da UFPel<\/span><\/p>\n<p>&nbsp;<\/p>\n<p><span style=\"font-family: georgia, palatino, serif;font-size: 12pt;color: #000000\"><strong>Intervalo<\/strong><\/span><\/p>\n<p>&nbsp;<\/p>\n<p><span style=\"color: #000000\"><span style=\"font-family: georgia, palatino, serif;font-size: 12pt\"><strong>14h <\/strong>\u2013 <strong>17h<\/strong> \u2013 <strong>Grupo<\/strong><\/span><span style=\"font-family: georgia, palatino, serif;font-size: 12pt\"><strong>\u00a0de Trabalho<\/strong><\/span><\/span><\/p>\n<table>\n<tbody>\n<tr>\n<td style=\"text-align: center\" width=\"288\"><span style=\"color: #000000\"><strong>T\u00cdTULO DO TRABALHO<\/strong><\/span><\/td>\n<td style=\"text-align: center\" width=\"288\"><span style=\"color: #000000\"><strong>AUTORES\/ORIENTADORES<\/strong><\/span><\/td>\n<\/tr>\n<tr>\n<td width=\"288\"><span style=\"color: #000000\">A APURA\u00c7\u00c3O DO COMETIMENTO DE FALTAS GRAVES NO PRES\u00cdDIO REGIONAL DE PELOTAS<\/span><\/td>\n<td width=\"288\">\n<p><span style=\"color: #000000\">Thales Vieira dos Santos<\/span><\/p>\n<p><span style=\"color: #000000\">Lu\u00eds Felipe Wazlawick<\/span><\/p>\n<p><span style=\"color: #000000\">Bruno Rotta Almeida<\/span><\/td>\n<\/tr>\n<tr>\n<td width=\"288\"><span style=\"color: #000000\">A PENA NO PER\u00cdODO DO IMP\u00c9RIO E DA REP\u00daBLICA VELHA NO BRASIL<\/span><\/td>\n<td width=\"288\">\n<p><span style=\"color: #000000\">Bruna Hoisler Sallet<\/span><\/p>\n<p><span style=\"color: #000000\">Bruno Rotta Almeida<\/span><\/td>\n<\/tr>\n<tr>\n<td width=\"288\">\n<p><span style=\"color: #000000\">A REALIDADE CARCER\u00c1RIA DO BRASIL: A CRISE DO SISTEMA PRISIONAL<\/span><\/p>\n<p><span style=\"color: #000000\">\u00a0<\/span><\/td>\n<td width=\"288\">\n<p><span style=\"color: #000000\">Vanessa Aguiar Figueiredo<\/span><\/p>\n<p><span style=\"color: #000000\">Dandara Trentin Demiranda<\/span><\/p>\n<p><span style=\"color: #000000\">Nathielen Isquierdo Monteiro<\/span><\/p>\n<p><span style=\"color: #000000\">Maria de F\u00e1tima Prado Gaut\u00e9rio<\/span><\/td>\n<\/tr>\n<tr>\n<td width=\"288\"><span style=\"color: #000000\">A REALIDADE MARGINAL E A RELEV\u00c2NCIA DA TEORIA AGN\u00d3STICA DA PENA COMO FORMA DE CONTEN\u00c7\u00c3O AO GRANDE ENCARCERAMENTO<\/span><\/td>\n<td width=\"288\">\n<p><span style=\"color: #000000\">Isadhora Bol\u00f4nia Horta de Oliveira<\/span><\/p>\n<p><span style=\"color: #000000\">Paula Garcia Gon\u00e7alves<\/span><\/p>\n<p><span style=\"color: #000000\">\u00a0<\/span><\/td>\n<\/tr>\n<tr>\n<td width=\"288\"><span style=\"color: #000000\">AN\u00c1LISE DA (IN)CONSTITUCIONALIDADE DA DISPENSA DO TR\u00c2NSITO EM JULGADO PARA FATOS OCORRIDOS DURANTE O CUMPRIMENTO DE PENA<\/span><\/td>\n<td width=\"288\">\n<p><span style=\"color: #000000\">Amanda D\u2019Andrea L\u00f6wenhaupt<\/span><\/p>\n<p><span style=\"color: #000000\">Bruno Rotta Almeida<\/span><\/p>\n<p><span style=\"color: #000000\">\u00a0<\/span><\/td>\n<\/tr>\n<tr>\n<td width=\"288\"><span style=\"color: #000000\">C\u00c1RCERE E DIREITOS SOCIAIS: O ACESSO AO TRABALHO PELO PRESO EM REGIME ABERTO<\/span><\/td>\n<td width=\"288\">\n<p><span style=\"color: #000000\">Lucas Rocha de Paula<\/span><\/p>\n<p><span style=\"color: #000000\">Bruno Rotta Almeida<\/span><\/p>\n<p><span style=\"color: #000000\">\u00a0<\/span><\/td>\n<\/tr>\n<tr>\n<td width=\"288\"><span style=\"color: #000000\">COL\u00d4NIAS AGR\u00cdCOLAS: AS MAZELAS DO REGIME SEMIABERTO DE EXECU\u00c7\u00c3O DE PENA NO BRASIL<\/span><\/td>\n<td width=\"288\">\n<p><span style=\"color: #000000\">Ana Carolina Maron<\/span><\/p>\n<p><span style=\"color: #000000\">Bruno Rotta Almeida<\/span><\/td>\n<\/tr>\n<tr>\n<td width=\"288\"><span style=\"color: #000000\">JUSTI\u00c7A RESTAURATIVA NAS PRIS\u00d5ES: UMA BREVE AN\u00c1LISE SOBRE A POSSIBILIDADE DE APLICA\u00c7\u00c3O DAS PR\u00c1TICAS RESTAURATIVAS NO CONTEXTO CARCER\u00c1RIO<\/span><\/td>\n<td width=\"288\">\n<p><span style=\"color: #000000\">Daniele Ramires da Silva Robaina<\/span><\/p>\n<p><span style=\"color: #000000\">Bruno Rotta Almeida<\/span><\/td>\n<\/tr>\n<tr>\n<td width=\"288\"><span style=\"color: #000000\">O MONITORAMENTO ELETR\u00d4NICO A SERVI\u00c7O DA POL\u00cdTICA DE SEGREGA\u00c7\u00c3O URBANA: UMA POSSIBILIDADE<\/span><\/td>\n<td width=\"288\">\n<p><span style=\"color: #000000\">Henrique de Melo Passos Teixeira<\/span><\/p>\n<p><span style=\"color: #000000\">Leonardo da Silva Ribeiro<\/span><\/p>\n<p><span style=\"color: #000000\">Lucas e Silva Batista Pilau<\/span><\/td>\n<\/tr>\n<tr>\n<td width=\"288\"><span style=\"color: #000000\">O TRABALHO NOS PRES\u00cdDIOS BRASILEIROS ENTRE 1888-1923<\/span><\/td>\n<td width=\"288\">\n<p><span style=\"color: #000000\">Ruan Lombardy Medeiros<\/span><\/p>\n<p><span style=\"color: #000000\">Bruno Rotta Almeida<\/span><\/td>\n<\/tr>\n<tr>\n<td width=\"288\"><span style=\"color: #000000\">SEGREGA\u00c7\u00d5ES JUDICIAIS ATRAV\u00c9S DO AUX\u00cdLIO-RECLUS\u00c3O: REGULA\u00c7\u00c3O, EMANCIPA\u00c7\u00c3O E CRUEL COMPAIX\u00c3O NAS DECIS\u00d5ES DOS TRIBUNAIS REGIONAIS FEDERAIS<\/span><\/td>\n<td width=\"288\">\n<p><span style=\"color: #000000\">Filipe Blank Uarthe<\/span><\/p>\n<p><span style=\"color: #000000\">Rodrigo Gon\u00e7alves da Silva<\/span><\/p>\n<p><span style=\"color: #000000\">Luiz Ant\u00f4nio Bogo Chies<\/span><\/td>\n<\/tr>\n<\/tbody>\n<\/table>\n<p><span style=\"color: #000000\">Local: Sala 9 da Faculdade de Direito da UFPel.<\/span><\/p>\n<p>&nbsp;<\/p>\n<p><span style=\"font-family: georgia, palatino, serif;font-size: 12pt;color: #000000\"><strong>17h \u2013 18h30 <\/strong>\u2013 Painel<\/span><\/p>\n<p><span style=\"font-family: georgia, palatino, serif;font-size: 12pt;color: #000000\"><strong><em>Painel 3:<\/em><\/strong><strong> Estado, c\u00e1rcere e heran\u00e7as<\/strong><\/span><\/p>\n<p><span style=\"font-family: georgia, palatino, serif;font-size: 12pt;color: #000000\">Bruno Rotta Almeida (Universidade Federal de Pelotas)<\/span><\/p>\n<p><span style=\"font-family: georgia, palatino, serif;font-size: 12pt;color: #000000\">Marcelo Nunes Apolin\u00e1rio (Universidade Federal de Pelotas)<\/span><\/p>\n<p><span style=\"font-family: georgia, palatino, serif;font-size: 12pt;color: #000000\">Marcelo Oliveira de Moura (Universidade Cat\u00f3lica de Pelotas)<\/span><\/p>\n<p><span style=\"color: #000000\">Local: Sal\u00e3o de Atos da Faculdade de Direito da UFPel<\/span><\/p>\n<p>&nbsp;<\/p>\n<p><span style=\"font-family: georgia, palatino, serif;font-size: 12pt;color: #000000\"><strong>Intervalo<\/strong><\/span><\/p>\n<p>&nbsp;<\/p>\n<p><span style=\"font-family: georgia, palatino, serif;font-size: 12pt;color: #000000\"><strong>19h30<\/strong> \u2013 Confer\u00eancias<\/span><\/p>\n<p><span style=\"color: #000000\"><strong><span style=\"font-family: georgia, palatino, serif;font-size: 12pt\"><em>Confer\u00eancia III:<\/em> Projetos, boas pr\u00e1ticas e obst\u00e1culos em torno da quest\u00e3o penitenci\u00e1ria<\/span><\/strong><\/span><\/p>\n<p><span style=\"font-family: georgia, palatino, serif;font-size: 12pt;color: #000000\">Hamilton Luis da Silva Fernandes (5\u00aa Delegacia Penitenci\u00e1ria Regional- SUSEPE\/RS)<\/span><\/p>\n<p><span style=\"font-family: georgia, palatino, serif;font-size: 12pt;color: #000000\"><strong><em>Confer\u00eancia IV:<\/em> As decis\u00f5es da Suprema Corte de Justi\u00e7a Argentina sobre a pena de pris\u00e3o<\/strong><\/span><\/p>\n<p><span style=\"font-family: georgia, palatino, serif;font-size: 12pt;color: #000000\">Leonardo Gabriel Pitlevnik (<em>Universidad de Buenos Aires<\/em>, Argentina)<\/span><\/p>\n<p><span style=\"font-family: georgia, palatino, serif;font-size: 12pt;color: #000000\"><strong>Encerramento<\/strong><\/span><\/p>\n<p><span style=\"color: #000000\">Local: Sal\u00e3o de Atos da Faculdade de Direito da UFPel<\/span><\/p>\n<p>&nbsp;<\/p>\n<p><span style=\"color: #000000\">In<span style=\"font-family: georgia, palatino, serif;font-size: 12pt\">vestimento (ouvinte e apresenta\u00e7\u00e3o de trabalhos): <strong>1 kg de alimento n\u00e3o perec\u00edvel.<\/strong><\/span><\/span><\/p>\n<p><span style=\"font-family: georgia, palatino, serif;font-size: 12pt;color: #000000\"> Ser\u00e1 fornecido certificado\u00a0de 12 horas de atividades complementares,\u00a0observada a\u00a0frequ\u00eancia (7<em>5<\/em>%).<\/span><\/p>\n","protected":false},"excerpt":{"rendered":"<p>SEMIN\u00c1RIO INTERNACIONAL DE EXECU\u00c7\u00c3O PENAL ESTADO, C\u00c1RCERE E DIREITOS O Semin\u00e1rio Internacional de Execu\u00e7\u00e3o Penal: Estado, C\u00e1rcere\u00a0e Direitos \u00e9 uma atividade de\u00a0extens\u00e3o vinculada ao Programa LIBERTAS, e est\u00e1 voltada \u00e0 apresenta\u00e7\u00e3o de palestras, pain\u00e9is e\u00a0grupos de trabalhos, com o intuito de aprimorar a percep\u00e7\u00e3o cr\u00edtica das ci\u00eancias criminais no \u00e2mbito\u00a0do sistema prisional e das institui\u00e7\u00f5es [&hellip;]<\/p>\n","protected":false},"author":440,"featured_media":0,"parent":161,"menu_order":0,"comment_status":"closed","ping_status":"closed","template":"","meta":{"footnotes":""},"class_list":["post-520","page","type-page","status-publish","hentry"],"_links":{"self":[{"href":"https:\/\/wp.ufpel.edu.br\/libertas\/wp-json\/wp\/v2\/pages\/520","targetHints":{"allow":["GET"]}}],"collection":[{"href":"https:\/\/wp.ufpel.edu.br\/libertas\/wp-json\/wp\/v2\/pages"}],"about":[{"href":"https:\/\/wp.ufpel.edu.br\/libertas\/wp-json\/wp\/v2\/types\/page"}],"author":[{"embeddable":true,"href":"https:\/\/wp.ufpel.edu.br\/libertas\/wp-json\/wp\/v2\/users\/440"}],"replies":[{"embeddable":true,"href":"https:\/\/wp.ufpel.edu.br\/libertas\/wp-json\/wp\/v2\/comments?post=520"}],"version-history":[{"count":29,"href":"https:\/\/wp.ufpel.edu.br\/libertas\/wp-json\/wp\/v2\/pages\/520\/revisions"}],"predecessor-version":[{"id":688,"href":"https:\/\/wp.ufpel.edu.br\/libertas\/wp-json\/wp\/v2\/pages\/520\/revisions\/688"}],"up":[{"embeddable":true,"href":"https:\/\/wp.ufpel.edu.br\/libertas\/wp-json\/wp\/v2\/pages\/161"}],"wp:attachment":[{"href":"https:\/\/wp.ufpel.edu.br\/libertas\/wp-json\/wp\/v2\/media?parent=520"}],"curies":[{"name":"wp","href":"https:\/\/api.w.org\/{rel}","templated":true}]}}