{"id":430,"date":"2015-04-26T23:47:22","date_gmt":"2015-04-27T02:47:22","guid":{"rendered":"https:\/\/wp.ufpel.edu.br\/libertas\/?page_id=430"},"modified":"2019-05-31T19:22:41","modified_gmt":"2019-05-31T22:22:41","slug":"a-construcao-do-pensamento-juridico-penal-brasileiro-punicao-criminalizacao-e-violencia","status":"publish","type":"page","link":"https:\/\/wp.ufpel.edu.br\/libertas\/pesquisa\/a-construcao-do-pensamento-juridico-penal-brasileiro-punicao-criminalizacao-e-violencia\/","title":{"rendered":"A constru\u00e7\u00e3o do pensamento jur\u00eddico-penal brasileiro: puni\u00e7\u00e3o, criminaliza\u00e7\u00e3o e viol\u00eancia"},"content":{"rendered":"<div class=\"separator\" style=\"text-align: justify\"><span style=\"font-family: georgia, palatino;font-size: 12pt;color: #000000\">O projeto de Pesquisa destinou-se\u00a0a estudar a forma que se deu a constru\u00e7\u00e3o do pensamento jur\u00eddico-penal brasileiro no per\u00edodo do p\u00f3s-independ\u00eancia, explorando e refletindo nos seus variados m\u00e9todos de puni\u00e7\u00e3o, criminaliza\u00e7\u00e3o e viol\u00eancia. <\/span><\/div>\n<div class=\"separator\" style=\"text-align: justify\"><\/div>\n<div class=\"separator\" style=\"text-align: justify\"><span style=\"font-family: georgia, palatino;font-size: 12pt;color: #000000\">O problema descrito est\u00e1 focado em uma an\u00e1lise a respeito da constru\u00e7\u00e3o das ideias relacionadas ao sistema penal, refletindo os aspectos que decorrem do estudo da pol\u00edtica criminal, do c\u00f3digo criminal e de processo criminal do in\u00edcio do s\u00e9culo XIX, da situa\u00e7\u00e3o das pris\u00f5es, bem como do surgimento da criminologia no Brasil.\u00a0O objetivo geral do projeto trata-se de estudar a constru\u00e7\u00e3o do pensamento jur\u00eddico-penal brasileiro no in\u00edcio do s\u00e9culo XIX. Como objetivos espec\u00edficos, o projeto pretende: (a) explorar os alicerces da edifica\u00e7\u00e3o das ideias sobre sistema penal, no seu desdobramento na pol\u00edtica criminal, na criminologia e nos meios de aplica\u00e7\u00e3o do direito material, como c\u00f3digos penais e processuais penais da \u00e9poca; (b) apontar os reflexos observados na conjuntura do c\u00e1rcere e dos encarcerados; (c) dialogar com as incid\u00eancias da brasilidade na sociedade do s\u00e9culo XIX. <\/span><\/div>\n<div class=\"separator\" style=\"text-align: justify\"><\/div>\n<div class=\"separator\" style=\"text-align: justify\"><span style=\"font-family: georgia, palatino;font-size: 12pt;color: #000000\">Per\u00edodo de realiza\u00e7\u00e3o: 2012<\/span><\/div>\n","protected":false},"excerpt":{"rendered":"<p>O projeto de Pesquisa destinou-se\u00a0a estudar a forma que se deu a constru\u00e7\u00e3o do pensamento jur\u00eddico-penal brasileiro no per\u00edodo do p\u00f3s-independ\u00eancia, explorando e refletindo nos seus variados m\u00e9todos de puni\u00e7\u00e3o, criminaliza\u00e7\u00e3o e viol\u00eancia. O problema descrito est\u00e1 focado em uma an\u00e1lise a respeito da constru\u00e7\u00e3o das ideias relacionadas ao sistema penal, refletindo os aspectos que [&hellip;]<\/p>\n","protected":false},"author":440,"featured_media":0,"parent":31,"menu_order":5,"comment_status":"closed","ping_status":"closed","template":"","meta":{"footnotes":""},"class_list":["post-430","page","type-page","status-publish","hentry"],"_links":{"self":[{"href":"https:\/\/wp.ufpel.edu.br\/libertas\/wp-json\/wp\/v2\/pages\/430","targetHints":{"allow":["GET"]}}],"collection":[{"href":"https:\/\/wp.ufpel.edu.br\/libertas\/wp-json\/wp\/v2\/pages"}],"about":[{"href":"https:\/\/wp.ufpel.edu.br\/libertas\/wp-json\/wp\/v2\/types\/page"}],"author":[{"embeddable":true,"href":"https:\/\/wp.ufpel.edu.br\/libertas\/wp-json\/wp\/v2\/users\/440"}],"replies":[{"embeddable":true,"href":"https:\/\/wp.ufpel.edu.br\/libertas\/wp-json\/wp\/v2\/comments?post=430"}],"version-history":[{"count":7,"href":"https:\/\/wp.ufpel.edu.br\/libertas\/wp-json\/wp\/v2\/pages\/430\/revisions"}],"predecessor-version":[{"id":1555,"href":"https:\/\/wp.ufpel.edu.br\/libertas\/wp-json\/wp\/v2\/pages\/430\/revisions\/1555"}],"up":[{"embeddable":true,"href":"https:\/\/wp.ufpel.edu.br\/libertas\/wp-json\/wp\/v2\/pages\/31"}],"wp:attachment":[{"href":"https:\/\/wp.ufpel.edu.br\/libertas\/wp-json\/wp\/v2\/media?parent=430"}],"curies":[{"name":"wp","href":"https:\/\/api.w.org\/{rel}","templated":true}]}}