{"id":33,"date":"2014-09-08T10:50:08","date_gmt":"2014-09-08T13:50:08","guid":{"rendered":"https:\/\/wp.ufpel.edu.br\/libertas\/?page_id=33"},"modified":"2023-04-13T10:03:12","modified_gmt":"2023-04-13T13:03:12","slug":"extensao","status":"publish","type":"page","link":"https:\/\/wp.ufpel.edu.br\/libertas\/extensao\/","title":{"rendered":"Extens\u00e3o"},"content":{"rendered":"<p><span style=\"color: #0000ff; font-size: 12pt; font-family: georgia, palatino, serif;\"><a style=\"color: #0000ff;\" href=\"https:\/\/wp.ufpel.edu.br\/libertas\/extensao\/programa-de-enfrentamento-da-vulnerabilidade-em-ambientes-prisionais\/\">PROGRAMA DE ENFRENTAMENTO DA VULNERABILIDADE EM AMBIENTES PRISIONAIS<\/a><\/span><\/p>\n<p><span style=\"color: #0000ff; font-size: 12pt; font-family: georgia, palatino, serif;\"><a style=\"color: #0000ff;\" href=\"https:\/\/wp.ufpel.edu.br\/libertas\/extensao\/clinica-juridico-penitenciaria\/\">CL\u00cdNICA JUR\u00cdDICO-PENITENCI\u00c1RIA<\/a><\/span><\/p>\n<p><span style=\"color: #0000ff; font-size: 12pt; font-family: georgia, palatino, serif;\"><a style=\"color: #0000ff;\" href=\"https:\/\/wp.ufpel.edu.br\/libertas\/extensao\/defensa\/\">DEFENSA \u2013 ASSESSORIA CRIMINAL POPULAR<\/a><\/span><\/p>\n<div>\n<p><span style=\"color: #0000ff; font-size: 12pt; font-family: georgia, palatino, serif;\"><a style=\"color: #0000ff;\" href=\"https:\/\/wp.ufpel.edu.br\/libertas\/extensao\/dialogos-universidade-carcere\/\">DI\u00c1LOGOS UNIVERSIDADE-C\u00c1RCERE<\/a><\/span><\/p>\n<\/div>\n<p>&nbsp;<\/p>\n","protected":false},"excerpt":{"rendered":"<p>PROGRAMA DE ENFRENTAMENTO DA VULNERABILIDADE EM AMBIENTES PRISIONAIS CL\u00cdNICA JUR\u00cdDICO-PENITENCI\u00c1RIA DEFENSA \u2013 ASSESSORIA CRIMINAL POPULAR DI\u00c1LOGOS UNIVERSIDADE-C\u00c1RCERE &nbsp;<\/p>\n","protected":false},"author":440,"featured_media":0,"parent":0,"menu_order":3,"comment_status":"closed","ping_status":"closed","template":"","meta":{"footnotes":""},"class_list":["post-33","page","type-page","status-publish","hentry"],"_links":{"self":[{"href":"https:\/\/wp.ufpel.edu.br\/libertas\/wp-json\/wp\/v2\/pages\/33","targetHints":{"allow":["GET"]}}],"collection":[{"href":"https:\/\/wp.ufpel.edu.br\/libertas\/wp-json\/wp\/v2\/pages"}],"about":[{"href":"https:\/\/wp.ufpel.edu.br\/libertas\/wp-json\/wp\/v2\/types\/page"}],"author":[{"embeddable":true,"href":"https:\/\/wp.ufpel.edu.br\/libertas\/wp-json\/wp\/v2\/users\/440"}],"replies":[{"embeddable":true,"href":"https:\/\/wp.ufpel.edu.br\/libertas\/wp-json\/wp\/v2\/comments?post=33"}],"version-history":[{"count":8,"href":"https:\/\/wp.ufpel.edu.br\/libertas\/wp-json\/wp\/v2\/pages\/33\/revisions"}],"predecessor-version":[{"id":1894,"href":"https:\/\/wp.ufpel.edu.br\/libertas\/wp-json\/wp\/v2\/pages\/33\/revisions\/1894"}],"wp:attachment":[{"href":"https:\/\/wp.ufpel.edu.br\/libertas\/wp-json\/wp\/v2\/media?parent=33"}],"curies":[{"name":"wp","href":"https:\/\/api.w.org\/{rel}","templated":true}]}}

Extensão

<p><span style="color: #0000ff; font-size: 12pt; font-family: georgia, palatino, serif;"><a style="color: #0000ff;" href="https://wp.ufpel.edu.br/libertas/extensao/programa-de-enfrentamento-da-vulnerabilidade-em-ambientes-prisionais/">PROGRAMA DE ENFRENTAMENTO DA VULNERABILIDADE EM AMBIENTES PRISIONAIS</a></span></p>
<p><span style="color: #0000ff; font-size: 12pt; font-family: georgia, palatino, serif;"><a style="color: #0000ff;" href="https://wp.ufpel.edu.br/libertas/extensao/clinica-juridico-penitenciaria/">CLÍNICA JURÍDICO-PENITENCIÁRIA</a></span></p>
<p><span style="color: #0000ff; font-size: 12pt; font-family: georgia, palatino, serif;"><a style="color: #0000ff;" href="https://wp.ufpel.edu.br/libertas/extensao/defensa/">DEFENSA – ASSESSORIA CRIMINAL POPULAR</a></span></p>
<div>
<p><span style="color: #0000ff; font-size: 12pt; font-family: georgia, palatino, serif;"><a style="color: #0000ff;" href="https://wp.ufpel.edu.br/libertas/extensao/dialogos-universidade-carcere/">DIÁLOGOS UNIVERSIDADE-CÁRCERE</a></span></p>
</div>
<p>&nbsp;</p>

<p>PROGRAMA DE ENFRENTAMENTO DA VULNERABILIDADE EM AMBIENTES PRISIONAIS CLÍNICA JURÍDICO-PENITENCIÁRIA DEFENSA – ASSESSORIA CRIMINAL POPULAR DIÁLOGOS UNIVERSIDADE-CÁRCERE &nbsp;</p>
