{"id":31,"date":"2014-09-08T10:49:54","date_gmt":"2014-09-08T13:49:54","guid":{"rendered":"https:\/\/wp.ufpel.edu.br\/libertas\/?page_id=31"},"modified":"2023-04-13T10:06:34","modified_gmt":"2023-04-13T13:06:34","slug":"pesquisa","status":"publish","type":"page","link":"https:\/\/wp.ufpel.edu.br\/libertas\/pesquisa\/","title":{"rendered":"Pesquisa"},"content":{"rendered":"<p><span style=\"color: #0000ff; font-family: georgia, palatino, serif; font-size: 12pt;\"><a style=\"color: #0000ff;\" href=\"https:\/\/wp.ufpel.edu.br\/libertas\/pesquisa\/linhas-de-pesquisa\/\"><span style=\"font-size: 12pt; font-family: georgia, palatino, serif;\">LINHAS DE PESQUISA<\/span><\/a><\/span><\/p>\n<p><span style=\"color: #0000ff; background-color: #ffffff; font-size: 12pt; font-family: georgia, palatino, serif;\"><a style=\"color: #0000ff; background-color: #ffffff;\" href=\"https:\/\/wp.ufpel.edu.br\/libertas\/pesquisa\/carcere-e-vulnerabilidade-social\/\">C\u00c1RCERE E VULNERABILIDADE SOCIAL<\/a><\/span><\/p>\n<p><span style=\"color: #0000ff; font-size: 12pt; font-family: georgia, palatino, serif;\"><a style=\"color: #0000ff;\" href=\"https:\/\/wp.ufpel.edu.br\/libertas\/pesquisa\/estado-crimes-de-sistema-e-danos-sociais\/\">ESTADO, CRIMES DE SISTEMA E DANOS SOCIAIS<\/a><\/span><\/p>\n<p><span style=\"color: #0000ff; background-color: #ffffff; font-size: 12pt; font-family: georgia, palatino, serif;\"><a style=\"color: #0000ff; background-color: #ffffff;\" href=\"https:\/\/wp.ufpel.edu.br\/libertas\/pesquisa\/modelos-e-mecanismos-de-superacao-da-prisao-a-partir-da-sociedade-civil-experiencias-europeias-e-latino-americanas\/\">MODELOS E MECANISMOS DE SUPERA\u00c7\u00c3O DA PRIS\u00c3O A PARTIR DA SOCIEDADE CIVIL: EXPERI\u00caNCIAS EUROPEIAS E LATINO-AMERICANAS<\/a><\/span><\/p>\n<p><span style=\"color: #0000ff; background-color: #ffffff; font-size: 12pt; font-family: georgia, palatino, serif;\"><a style=\"color: #0000ff; background-color: #ffffff;\" href=\"https:\/\/wp.ufpel.edu.br\/libertas\/pesquisa\/morte-sob-custodia-penal-argentina-brasil-e-uruguai\/\">MORTE SOB CUST\u00d3DIA PENAL: ARGENTINA, BRASIL E URUGUAI<\/a><\/span><\/p>\n<p><span style=\"color: #0000ff; font-size: 12pt; font-family: georgia, palatino, serif;\"><a style=\"color: #0000ff;\" href=\"https:\/\/wp.ufpel.edu.br\/libertas\/pesquisa\/experiencias-e-boas-praticas-de-combate-e-prevencao-a-violencia-institucional-em-ambientes-prisionais\/\">EXPERI\u00caNCIAS E BOAS PR\u00c1TICAS DE COMBATE E PREVEN\u00c7\u00c3O \u00c0 VIOL\u00caNCIA INSTITUCIONAL EM AMBIENTES PRISIONAIS<\/a><\/span><\/p>\n<p><span class=\"Apple-style-span\" style=\"color: #0000ff; font-family: georgia, palatino, serif; font-size: 12pt; background-color: #ffffff;\"><span class=\"Apple-style-span\"><a style=\"color: #0000ff; background-color: #ffffff;\" href=\"https:\/\/wp.ufpel.edu.br\/libertas\/pesquisa\/o-desenvolvimento-dos-metodos-de-punicao-e-de-controle-social-no-brasil\/\">O DESENVOLVIMENTO DOS M\u00c9TODOS DE PUNI\u00c7\u00c3O E DE CONTROLE SOCIAL NO BRASIL<\/a><\/span><\/span><\/p>\n<p><span style=\"color: #0000ff; font-family: georgia, palatino, serif; font-size: 12pt; background-color: #ffffff;\"><a style=\"color: #0000ff; background-color: #ffffff;\" href=\"http:\/\/ESTRAT\u00c9GIAS DE PUNI\u00c7\u00c3O E DE CONTROLE SOCIAL EM TEMPOS DE REPRESS\u00c3O NO BRASIL: ERA VARGAS (1937-1945) E DITADURA MILITAR (1964-1985)\">ESTRAT\u00c9GIAS DE PUNI\u00c7\u00c3O E DE CONTROLE SOCIAL EM TEMPOS DE REPRESS\u00c3O NO BRASIL: ERA VARGAS (1937-1945) E DITADURA MILITAR (1964-1985)<\/a><\/span><\/p>\n<p><span style=\"color: #0000ff; font-family: georgia, palatino, serif; font-size: 12pt; background-color: #ffffff;\"><a style=\"color: #0000ff; background-color: #ffffff;\" href=\"https:\/\/wp.ufpel.edu.br\/libertas\/pesquisa\/execucao-penal-e-educacao-juridica-no-brasil\/\">EXECU\u00c7\u00c3O PENAL E EDUCA\u00c7\u00c3O JUR\u00cdDICA NO BRASIL<\/a><\/span><\/p>\n<p><span class=\"Apple-style-span\" style=\"color: #0000ff; font-family: georgia, palatino, serif; font-size: 12pt; background-color: #ffffff;\"><span class=\"Apple-style-span\"><a style=\"color: #0000ff; background-color: #ffffff;\" href=\"https:\/\/wp.ufpel.edu.br\/libertas\/pesquisa\/estudo-comparado-sobre-o-sistema-prisional-e-o-encarceramento-no-brasil-e-no-peru\/\">ESTUDO COMPARADO SOBRE O SISTEMA PRISIONAL E O ENCARCERAMENTO NO BRASIL E NO PERU<\/a><\/span><\/span><\/p>\n<p><span class=\"Apple-style-span\" style=\"color: #0000ff; font-family: georgia, palatino, serif; font-size: 12pt; background-color: #ffffff;\"><a style=\"color: #0000ff; background-color: #ffffff;\" href=\"https:\/\/wp.ufpel.edu.br\/libertas\/pesquisa\/a-construcao-do-pensamento-juridico-penal-brasileiro-punicao-criminalizacao-e-violencia\/\">A CONSTRU\u00c7\u00c3O DO PENSAMENTO JUR\u00cdDICO-PENAL BRASILEIRO: PUNI\u00c7\u00c3O, CRIMINALIZA\u00c7\u00c3O E VIOL\u00caNCIA\u00a0<\/a><\/span><\/p>\n","protected":false},"excerpt":{"rendered":"<p>LINHAS DE PESQUISA C\u00c1RCERE E VULNERABILIDADE SOCIAL ESTADO, CRIMES DE SISTEMA E DANOS SOCIAIS MODELOS E MECANISMOS DE SUPERA\u00c7\u00c3O DA PRIS\u00c3O A PARTIR DA SOCIEDADE CIVIL: EXPERI\u00caNCIAS EUROPEIAS E LATINO-AMERICANAS MORTE SOB CUST\u00d3DIA PENAL: ARGENTINA, BRASIL E URUGUAI EXPERI\u00caNCIAS E BOAS PR\u00c1TICAS DE COMBATE E PREVEN\u00c7\u00c3O \u00c0 VIOL\u00caNCIA INSTITUCIONAL EM AMBIENTES PRISIONAIS O DESENVOLVIMENTO DOS [&hellip;]<\/p>\n","protected":false},"author":440,"featured_media":0,"parent":0,"menu_order":2,"comment_status":"closed","ping_status":"closed","template":"","meta":{"footnotes":""},"class_list":["post-31","page","type-page","status-publish","hentry"],"_links":{"self":[{"href":"https:\/\/wp.ufpel.edu.br\/libertas\/wp-json\/wp\/v2\/pages\/31","targetHints":{"allow":["GET"]}}],"collection":[{"href":"https:\/\/wp.ufpel.edu.br\/libertas\/wp-json\/wp\/v2\/pages"}],"about":[{"href":"https:\/\/wp.ufpel.edu.br\/libertas\/wp-json\/wp\/v2\/types\/page"}],"author":[{"embeddable":true,"href":"https:\/\/wp.ufpel.edu.br\/libertas\/wp-json\/wp\/v2\/users\/440"}],"replies":[{"embeddable":true,"href":"https:\/\/wp.ufpel.edu.br\/libertas\/wp-json\/wp\/v2\/comments?post=31"}],"version-history":[{"count":15,"href":"https:\/\/wp.ufpel.edu.br\/libertas\/wp-json\/wp\/v2\/pages\/31\/revisions"}],"predecessor-version":[{"id":1895,"href":"https:\/\/wp.ufpel.edu.br\/libertas\/wp-json\/wp\/v2\/pages\/31\/revisions\/1895"}],"wp:attachment":[{"href":"https:\/\/wp.ufpel.edu.br\/libertas\/wp-json\/wp\/v2\/media?parent=31"}],"curies":[{"name":"wp","href":"https:\/\/api.w.org\/{rel}","templated":true}]}}

<p><span style="color: #0000ff; font-family: georgia, palatino, serif; font-size: 12pt;"><a style="color: #0000ff;" href="https://wp.ufpel.edu.br/libertas/pesquisa/linhas-de-pesquisa/"><span style="font-size: 12pt; font-family: georgia, palatino, serif;">LINHAS DE PESQUISA</span></a></span></p>
<p><span style="color: #0000ff; background-color: #ffffff; font-size: 12pt; font-family: georgia, palatino, serif;"><a style="color: #0000ff; background-color: #ffffff;" href="https://wp.ufpel.edu.br/libertas/pesquisa/carcere-e-vulnerabilidade-social/">CÁRCERE E VULNERABILIDADE SOCIAL</a></span></p>
<p><span style="color: #0000ff; font-size: 12pt; font-family: georgia, palatino, serif;"><a style="color: #0000ff;" href="https://wp.ufpel.edu.br/libertas/pesquisa/estado-crimes-de-sistema-e-danos-sociais/">ESTADO, CRIMES DE SISTEMA E DANOS SOCIAIS</a></span></p>
<p><span style="color: #0000ff; background-color: #ffffff; font-size: 12pt; font-family: georgia, palatino, serif;"><a style="color: #0000ff; background-color: #ffffff;" href="https://wp.ufpel.edu.br/libertas/pesquisa/modelos-e-mecanismos-de-superacao-da-prisao-a-partir-da-sociedade-civil-experiencias-europeias-e-latino-americanas/">MODELOS E MECANISMOS DE SUPERAÇÃO DA PRISÃO A PARTIR DA SOCIEDADE CIVIL: EXPERIÊNCIAS EUROPEIAS E LATINO-AMERICANAS</a></span></p>
<p><span style="color: #0000ff; background-color: #ffffff; font-size: 12pt; font-family: georgia, palatino, serif;"><a style="color: #0000ff; background-color: #ffffff;" href="https://wp.ufpel.edu.br/libertas/pesquisa/morte-sob-custodia-penal-argentina-brasil-e-uruguai/">MORTE SOB CUSTÓDIA PENAL: ARGENTINA, BRASIL E URUGUAI</a></span></p>
<p><span style="color: #0000ff; font-size: 12pt; font-family: georgia, palatino, serif;"><a style="color: #0000ff;" href="https://wp.ufpel.edu.br/libertas/pesquisa/experiencias-e-boas-praticas-de-combate-e-prevencao-a-violencia-institucional-em-ambientes-prisionais/">EXPERIÊNCIAS E BOAS PRÁTICAS DE COMBATE E PREVENÇÃO À VIOLÊNCIA INSTITUCIONAL EM AMBIENTES PRISIONAIS</a></span></p>
<p><span class="Apple-style-span" style="color: #0000ff; font-family: georgia, palatino, serif; font-size: 12pt; background-color: #ffffff;"><span class="Apple-style-span"><a style="color: #0000ff; background-color: #ffffff;" href="https://wp.ufpel.edu.br/libertas/pesquisa/o-desenvolvimento-dos-metodos-de-punicao-e-de-controle-social-no-brasil/">O DESENVOLVIMENTO DOS MÉTODOS DE PUNIÇÃO E DE CONTROLE SOCIAL NO BRASIL</a></span></span></p>
<p><span style="color: #0000ff; font-family: georgia, palatino, serif; font-size: 12pt; background-color: #ffffff;"><a style="color: #0000ff; background-color: #ffffff;" href="http://ESTRATÉGIAS DE PUNIÇÃO E DE CONTROLE SOCIAL EM TEMPOS DE REPRESSÃO NO BRASIL: ERA VARGAS (1937-1945) E DITADURA MILITAR (1964-1985)">ESTRATÉGIAS DE PUNIÇÃO E DE CONTROLE SOCIAL EM TEMPOS DE REPRESSÃO NO BRASIL: ERA VARGAS (1937-1945) E DITADURA MILITAR (1964-1985)</a></span></p>
<p><span style="color: #0000ff; font-family: georgia, palatino, serif; font-size: 12pt; background-color: #ffffff;"><a style="color: #0000ff; background-color: #ffffff;" href="https://wp.ufpel.edu.br/libertas/pesquisa/execucao-penal-e-educacao-juridica-no-brasil/">EXECUÇÃO PENAL E EDUCAÇÃO JURÍDICA NO BRASIL</a></span></p>
<p><span class="Apple-style-span" style="color: #0000ff; font-family: georgia, palatino, serif; font-size: 12pt; background-color: #ffffff;"><span class="Apple-style-span"><a style="color: #0000ff; background-color: #ffffff;" href="https://wp.ufpel.edu.br/libertas/pesquisa/estudo-comparado-sobre-o-sistema-prisional-e-o-encarceramento-no-brasil-e-no-peru/">ESTUDO COMPARADO SOBRE O SISTEMA PRISIONAL E O ENCARCERAMENTO NO BRASIL E NO PERU</a></span></span></p>
<p><span class="Apple-style-span" style="color: #0000ff; font-family: georgia, palatino, serif; font-size: 12pt; background-color: #ffffff;"><a style="color: #0000ff; background-color: #ffffff;" href="https://wp.ufpel.edu.br/libertas/pesquisa/a-construcao-do-pensamento-juridico-penal-brasileiro-punicao-criminalizacao-e-violencia/">A CONSTRUÇÃO DO PENSAMENTO JURÍDICO-PENAL BRASILEIRO: PUNIÇÃO, CRIMINALIZAÇÃO E VIOLÊNCIA </a></span></p>

<p>LINHAS DE PESQUISA CÁRCERE E VULNERABILIDADE SOCIAL ESTADO, CRIMES DE SISTEMA E DANOS SOCIAIS MODELOS E MECANISMOS DE SUPERAÇÃO DA PRISÃO A PARTIR DA SOCIEDADE CIVIL: EXPERIÊNCIAS EUROPEIAS E LATINO-AMERICANAS MORTE SOB CUSTÓDIA PENAL: ARGENTINA, BRASIL E URUGUAI EXPERIÊNCIAS E BOAS PRÁTICAS DE COMBATE E PREVENÇÃO À VIOLÊNCIA INSTITUCIONAL EM AMBIENTES PRISIONAIS O DESENVOLVIMENTO DOS [&hellip;]</p>
