{"id":288,"date":"2014-10-28T20:38:04","date_gmt":"2014-10-28T22:38:04","guid":{"rendered":"https:\/\/wp.ufpel.edu.br\/libertas\/?page_id=288"},"modified":"2021-06-28T22:47:26","modified_gmt":"2021-06-29T01:47:26","slug":"ciclo-de-conferencias","status":"publish","type":"page","link":"https:\/\/wp.ufpel.edu.br\/libertas\/eventos\/ciclo-de-conferencias\/","title":{"rendered":"Ciclo de Confer\u00eancias"},"content":{"rendered":"<p style=\"color: #666666\"><span style=\"color: #000000\">O <strong>LIBERTAS<\/strong>\u00a0promove,\u00a0periodicamente, a realiza\u00e7\u00e3o de confer\u00eancias, tendo como objetivo principal agregar estudiosos, pesquisadores e operadores do Direito em torno de assuntos e eixos interdisciplinares relativos \u00e0\u00a0<strong style=\"font-weight: bold;font-style: inherit\">Criminologia<\/strong>, ao\u00a0<strong style=\"font-weight: bold;font-style: inherit\">Direito Penal,\u00a0<\/strong>ao\u00a0<strong style=\"font-weight: bold;font-style: inherit\">Processo Penal <\/strong>e \u00e0<strong style=\"font-weight: bold;font-style: inherit\">\u00a0 Execu\u00e7\u00e3o Penal,\u00a0<\/strong>como tamb\u00e9m \u00e1reas correlatas.<\/span><\/p>\n<p style=\"color: #666666\"><span style=\"color: #000000\"><a style=\"color: #000000\" href=\"https:\/\/wp.ufpel.edu.br\/libertas\/eventos\/ciclo-de-conferencias\/desafios-da-advocacia-criminal-na-atualidade\/\">DESAFIOS DA ADVOCACIA CRIMINAL NA ATUALIDADE<\/a><\/span><\/p>\n<p style=\"color: #666666\">\n","protected":false},"excerpt":{"rendered":"<p>O LIBERTAS\u00a0promove,\u00a0periodicamente, a realiza\u00e7\u00e3o de confer\u00eancias, tendo como objetivo principal agregar estudiosos, pesquisadores e operadores do Direito em torno de assuntos e eixos interdisciplinares relativos \u00e0\u00a0Criminologia, ao\u00a0Direito Penal,\u00a0ao\u00a0Processo Penal e \u00e0\u00a0 Execu\u00e7\u00e3o Penal,\u00a0como tamb\u00e9m \u00e1reas correlatas. DESAFIOS DA ADVOCACIA CRIMINAL NA ATUALIDADE<\/p>\n","protected":false},"author":440,"featured_media":0,"parent":161,"menu_order":2,"comment_status":"closed","ping_status":"closed","template":"","meta":{"footnotes":""},"class_list":["post-288","page","type-page","status-publish","hentry"],"_links":{"self":[{"href":"https:\/\/wp.ufpel.edu.br\/libertas\/wp-json\/wp\/v2\/pages\/288","targetHints":{"allow":["GET"]}}],"collection":[{"href":"https:\/\/wp.ufpel.edu.br\/libertas\/wp-json\/wp\/v2\/pages"}],"about":[{"href":"https:\/\/wp.ufpel.edu.br\/libertas\/wp-json\/wp\/v2\/types\/page"}],"author":[{"embeddable":true,"href":"https:\/\/wp.ufpel.edu.br\/libertas\/wp-json\/wp\/v2\/users\/440"}],"replies":[{"embeddable":true,"href":"https:\/\/wp.ufpel.edu.br\/libertas\/wp-json\/wp\/v2\/comments?post=288"}],"version-history":[{"count":5,"href":"https:\/\/wp.ufpel.edu.br\/libertas\/wp-json\/wp\/v2\/pages\/288\/revisions"}],"predecessor-version":[{"id":1734,"href":"https:\/\/wp.ufpel.edu.br\/libertas\/wp-json\/wp\/v2\/pages\/288\/revisions\/1734"}],"up":[{"embeddable":true,"href":"https:\/\/wp.ufpel.edu.br\/libertas\/wp-json\/wp\/v2\/pages\/161"}],"wp:attachment":[{"href":"https:\/\/wp.ufpel.edu.br\/libertas\/wp-json\/wp\/v2\/media?parent=288"}],"curies":[{"name":"wp","href":"https:\/\/api.w.org\/{rel}","templated":true}]}}

Ciclo de Conferências

<p style="color: #666666"><span style="color: #000000">O <strong>LIBERTAS</strong> promove, periodicamente, a realização de conferências, tendo como objetivo principal agregar estudiosos, pesquisadores e operadores do Direito em torno de assuntos e eixos interdisciplinares relativos à <strong style="font-weight: bold;font-style: inherit">Criminologia</strong>, ao <strong style="font-weight: bold;font-style: inherit">Direito Penal, </strong>ao <strong style="font-weight: bold;font-style: inherit">Processo Penal </strong>e à<strong style="font-weight: bold;font-style: inherit">  Execução Penal, </strong>como também áreas correlatas.</span></p>
<p style="color: #666666"><span style="color: #000000"><a style="color: #000000" href="https://wp.ufpel.edu.br/libertas/eventos/ciclo-de-conferencias/desafios-da-advocacia-criminal-na-atualidade/">DESAFIOS DA ADVOCACIA CRIMINAL NA ATUALIDADE</a></span></p>
<p style="color: #666666">

<p>O LIBERTAS promove, periodicamente, a realização de conferências, tendo como objetivo principal agregar estudiosos, pesquisadores e operadores do Direito em torno de assuntos e eixos interdisciplinares relativos à Criminologia, ao Direito Penal, ao Processo Penal e à  Execução Penal, como também áreas correlatas. DESAFIOS DA ADVOCACIA CRIMINAL NA ATUALIDADE</p>
