{"id":2180,"date":"2025-11-10T09:11:43","date_gmt":"2025-11-10T12:11:43","guid":{"rendered":"https:\/\/wp.ufpel.edu.br\/libertas\/?page_id=2180"},"modified":"2025-12-09T14:23:34","modified_gmt":"2025-12-09T17:23:34","slug":"iii-seminario-acesso-a-justica-prisoes-e-protecao-dos-direitos-humanos","status":"publish","type":"page","link":"https:\/\/wp.ufpel.edu.br\/libertas\/iii-seminario-acesso-a-justica-prisoes-e-protecao-dos-direitos-humanos\/","title":{"rendered":"III Semin\u00e1rio Acesso \u00e0 Justi\u00e7a, Pris\u00f5es e Prote\u00e7\u00e3o dos Direitos Humanos"},"content":{"rendered":"<p><strong>SEMIN\u00c1RIO ACESSO \u00c0 JUSTI\u00c7A, PRIS\u00d5ES E PROTE\u00c7\u00c3O DOS DIREITOS HUMANOS (3\u00aa EDI\u00c7\u00c3O)<\/strong><\/p>\n<p><strong>Simp\u00f3sio &#8220;Testemunho como categoria de an\u00e1lise das viol\u00eancias&#8221;<\/strong><\/p>\n<p><strong>Pelotas\/RS, 09 e 10 de dezembro de 2025.<\/strong><\/p>\n<p>Faculdade de Direito da Universidade Federal de Pelotas<\/p>\n<p><a href=\"https:\/\/wp.ufpel.edu.br\/libertas\/files\/2025\/11\/Cartaz-Seminario-1-1.png\"><img class=\"alignnone size-medium wp-image-2188\" src=\"https:\/\/wp.ufpel.edu.br\/libertas\/files\/2025\/11\/Cartaz-Seminario-1-1-400x400.png\" alt=\"\" width=\"400\" height=\"400\" srcset=\"https:\/\/wp.ufpel.edu.br\/libertas\/files\/2025\/11\/Cartaz-Seminario-1-1-400x400.png 400w, https:\/\/wp.ufpel.edu.br\/libertas\/files\/2025\/11\/Cartaz-Seminario-1-1-1024x1024.png 1024w, https:\/\/wp.ufpel.edu.br\/libertas\/files\/2025\/11\/Cartaz-Seminario-1-1-200x200.png 200w, https:\/\/wp.ufpel.edu.br\/libertas\/files\/2025\/11\/Cartaz-Seminario-1-1-768x768.png 768w, https:\/\/wp.ufpel.edu.br\/libertas\/files\/2025\/11\/Cartaz-Seminario-1-1.png 1080w\" sizes=\"(max-width: 400px) 100vw, 400px\" \/><\/a><\/p>\n<p><a href=\"https:\/\/wp.ufpel.edu.br\/libertas\/files\/2025\/11\/Cartaz-Seminario-2.png\"><img class=\"alignnone size-medium wp-image-2186\" src=\"https:\/\/wp.ufpel.edu.br\/libertas\/files\/2025\/11\/Cartaz-Seminario-2-400x400.png\" alt=\"\" width=\"400\" height=\"400\" srcset=\"https:\/\/wp.ufpel.edu.br\/libertas\/files\/2025\/11\/Cartaz-Seminario-2-400x400.png 400w, https:\/\/wp.ufpel.edu.br\/libertas\/files\/2025\/11\/Cartaz-Seminario-2-1024x1024.png 1024w, https:\/\/wp.ufpel.edu.br\/libertas\/files\/2025\/11\/Cartaz-Seminario-2-200x200.png 200w, https:\/\/wp.ufpel.edu.br\/libertas\/files\/2025\/11\/Cartaz-Seminario-2-768x768.png 768w, https:\/\/wp.ufpel.edu.br\/libertas\/files\/2025\/11\/Cartaz-Seminario-2.png 1080w\" sizes=\"(max-width: 400px) 100vw, 400px\" \/><\/a><\/p>\n<p>&nbsp;<\/p>\n<p><strong>APRESENTA\u00c7\u00c3O<\/strong><\/p>\n<p>O Semin\u00e1rio\u00a0<strong>ACESSO \u00c0 JUSTI\u00c7A, PRIS\u00d5ES E PROTE\u00c7\u00c3O DOS DIREITOS HUMANOS<\/strong> est\u00e1 na sua terceira edi\u00e7\u00e3o, e busca reunir universidades, institui\u00e7\u00f5es, \u00f3rg\u00e3os, sociedade civil e demais atores interessados a fim de compartilhar e debater pr\u00e1ticas em torno do <strong>Simp\u00f3sio Testemunho como categoria de an\u00e1lise das viol\u00eancias, <\/strong>o qual pretende abordar o testemunho como categoria epistemol\u00f3gica ou metodol\u00f3gica na promo\u00e7\u00e3o de pr\u00e1ticas e a\u00e7\u00f5es de prote\u00e7\u00e3o e defesa dos direitos humanos no sistema prisional.<\/p>\n<p>Convidamos universidades, institui\u00e7\u00f5es, \u00f3rg\u00e3os, sociedade civil e demais atores interessados a compartilhar suas pr\u00e1ticas.<\/p>\n<p>____<\/p>\n<p><strong>CHAMADA PARA ENVIO DE PR\u00c1TICAS<\/strong><\/p>\n<p>Data limite de recep\u00e7\u00e3o do resumo da pr\u00e1tica (at\u00e9 2 p\u00e1ginas): 02\/12\/2025<\/p>\n<p>Resultado das pr\u00e1ticas aceitas: 04\/12\/2025<\/p>\n<p>Os resumos das pr\u00e1ticas devem ser enviados ao e-mail:\u00a0libertas@ufpel.edu.br<\/p>\n<p>As pr\u00e1ticas selecionadas ser\u00e3o apresentadas no dia 09\/12\/2025, no turno da tarde, em formato remoto.<\/p>\n<p>Evento gratuito.<\/p>\n<p>____<\/p>\n<p><strong>INSCRI\u00c7\u00d5ES DE OUVINTES OU PARTICIPANTES:<\/strong><\/p>\n<p>Em breve.<\/p>\n<p>\u2014-<\/p>\n<p><strong>PROGRAMA\u00c7\u00c3O<\/strong><\/p>\n<p>&nbsp;<\/p>\n<p>09\/12\/2025, das 14h \u00e0s 18h (remoto): apresenta\u00e7\u00e3o das pr\u00e1ticas<\/p>\n<p>10\/12\/2025 (transferido para 17\/12\/2025), das 14h \u00e0s 19h (presencial): simp\u00f3sio<\/p>\n<p>Mais detalhes em breve.<\/p>\n<p>____<\/p>\n<p><strong>ORGANIZA\u00c7\u00c3O<\/strong><\/p>\n<p>Defensoria P\u00fablica do Estado do Rio Grande do Sul<\/p>\n<p>Libertas \u2013 Programa Puni\u00e7\u00e3o, Controle Social e Direitos Humanos, UFPel<\/p>\n<p>____<\/p>\n<p><strong>PARCEIROS<\/strong><\/p>\n<p>Programa de P\u00f3s-Gradua\u00e7\u00e3o em Direito \u2013 UFPel<\/p>\n<p>Programa de P\u00f3s-Gradua\u00e7\u00e3o em Hist\u00f3ria \u2013 UFPel<\/p>\n<p>Programa de P\u00f3s-Gradua\u00e7\u00e3o em Ci\u00eancia Pol\u00edtica \u2013 UFPel<\/p>\n<p>Programa de P\u00f3s-Gradua\u00e7\u00e3o em Artes \u2013 UFPel<\/p>\n<p>Frente dos Coletivos Carcer\u00e1rios do Rio Grande do Sul<\/p>\n<p>N\u00facleo de Pesquisa sobre Pol\u00edticas da Mem\u00f3ria IFISP \u2013 UFPel<\/p>\n<p>Lapso \u2013 Laborat\u00f3rio de Arte e Psicologia Social \u2013 UFPel<\/p>\n<p>\u00cdcaro. Interdisciplinaridade, Cr\u00edtica ao Autoritarismo, Regionalidade e Oralidade \u2013 UFPel<\/p>\n<p>Grupo Primaveras \u2013 Psicologia\/UFPel<\/p>\n<p>Red Alas. Academia, G\u00e9nero, Derecho y Sexualidad<\/p>\n<p>____<\/p>\n<p><strong>COORDENA\u00c7\u00c3O<\/strong><\/p>\n<p>Mariana Py Muniz (N\u00facleo de Defesa em Execu\u00e7\u00e3o Penal, DPE\/RS)<\/p>\n<p>Bruno Rotta Almeida (Libertas, UFPel)<\/p>\n","protected":false},"excerpt":{"rendered":"<p>SEMIN\u00c1RIO ACESSO \u00c0 JUSTI\u00c7A, PRIS\u00d5ES E PROTE\u00c7\u00c3O DOS DIREITOS HUMANOS (3\u00aa EDI\u00c7\u00c3O) Simp\u00f3sio &#8220;Testemunho como categoria de an\u00e1lise das viol\u00eancias&#8221; Pelotas\/RS, 09 e 10 de dezembro de 2025. Faculdade de Direito da Universidade Federal de Pelotas &nbsp; APRESENTA\u00c7\u00c3O O Semin\u00e1rio\u00a0ACESSO \u00c0 JUSTI\u00c7A, PRIS\u00d5ES E PROTE\u00c7\u00c3O DOS DIREITOS HUMANOS est\u00e1 na sua terceira edi\u00e7\u00e3o, e busca [&hellip;]<\/p>\n","protected":false},"author":440,"featured_media":0,"parent":0,"menu_order":0,"comment_status":"closed","ping_status":"closed","template":"","meta":{"footnotes":""},"class_list":["post-2180","page","type-page","status-publish","hentry"],"_links":{"self":[{"href":"https:\/\/wp.ufpel.edu.br\/libertas\/wp-json\/wp\/v2\/pages\/2180","targetHints":{"allow":["GET"]}}],"collection":[{"href":"https:\/\/wp.ufpel.edu.br\/libertas\/wp-json\/wp\/v2\/pages"}],"about":[{"href":"https:\/\/wp.ufpel.edu.br\/libertas\/wp-json\/wp\/v2\/types\/page"}],"author":[{"embeddable":true,"href":"https:\/\/wp.ufpel.edu.br\/libertas\/wp-json\/wp\/v2\/users\/440"}],"replies":[{"embeddable":true,"href":"https:\/\/wp.ufpel.edu.br\/libertas\/wp-json\/wp\/v2\/comments?post=2180"}],"version-history":[{"count":3,"href":"https:\/\/wp.ufpel.edu.br\/libertas\/wp-json\/wp\/v2\/pages\/2180\/revisions"}],"predecessor-version":[{"id":2195,"href":"https:\/\/wp.ufpel.edu.br\/libertas\/wp-json\/wp\/v2\/pages\/2180\/revisions\/2195"}],"wp:attachment":[{"href":"https:\/\/wp.ufpel.edu.br\/libertas\/wp-json\/wp\/v2\/media?parent=2180"}],"curies":[{"name":"wp","href":"https:\/\/api.w.org\/{rel}","templated":true}]}}