{"id":16,"date":"2014-09-03T10:45:32","date_gmt":"2014-09-03T13:45:32","guid":{"rendered":"https:\/\/wp.ufpel.edu.br\/libertas\/?page_id=16"},"modified":"2025-08-20T12:48:12","modified_gmt":"2025-08-20T15:48:12","slug":"quemsomos","status":"publish","type":"page","link":"https:\/\/wp.ufpel.edu.br\/libertas\/quemsomos\/","title":{"rendered":"Quem somos"},"content":{"rendered":"<p><a href=\"https:\/\/wp.ufpel.edu.br\/libertas\/files\/2023\/04\/Marca-COLORIDA-8.png\"><img class=\"alignnone wp-image-1868\" src=\"https:\/\/wp.ufpel.edu.br\/libertas\/files\/2023\/04\/Marca-COLORIDA-8-400x169.png\" alt=\"\" width=\"445\" height=\"188\" srcset=\"https:\/\/wp.ufpel.edu.br\/libertas\/files\/2023\/04\/Marca-COLORIDA-8-400x169.png 400w, https:\/\/wp.ufpel.edu.br\/libertas\/files\/2023\/04\/Marca-COLORIDA-8-1024x431.png 1024w, https:\/\/wp.ufpel.edu.br\/libertas\/files\/2023\/04\/Marca-COLORIDA-8-768x324.png 768w, https:\/\/wp.ufpel.edu.br\/libertas\/files\/2023\/04\/Marca-COLORIDA-8.png 1405w\" sizes=\"(max-width: 445px) 100vw, 445px\" \/><\/a><\/p>\n<p style=\"text-align: justify;\"><span style=\"color: #000000; font-family: georgia, palatino, serif; font-size: 12pt;\">O Libertas se destina \u00e0s a\u00e7\u00f5es de enfrentamento da puni\u00e7\u00e3o e do controle social a partir da perspectiva dos direitos humanos. O Programa pretende elaborar pol\u00edticas sociais em parceria com a comunidade e as institui\u00e7\u00f5es parceiras na defesa dos direitos humanos e na luta contra a viol\u00eancia institucional no \u00e2mbito penal. <\/span><\/p>\n<p style=\"text-align: justify;\"><span style=\"color: #000000; font-family: georgia, palatino, serif; font-size: 12pt;\">O programa Libertas tem como objetivo geral o enfrentamento em torno da puni\u00e7\u00e3o e do controle social a partir da perspectiva de defesa dos direitos humanos. Os objetivos espec\u00edficos s\u00e3o: Desempenhar a\u00e7\u00f5es sociais para a constru\u00e7\u00e3o de uma concep\u00e7\u00e3o cr\u00edtica das ci\u00eancias criminais; Fomentar o pensamento cr\u00edtico na luta em defesa dos direitos humanos; Realizar atividades acad\u00eamicas voltadas \u00e0 capacita\u00e7\u00e3o e forma\u00e7\u00e3o de agentes qualificados e envolvidos com o compromisso social e os direitos humanos em ambientes prisionais; Elaborar pol\u00edticas sociais em parceria com a comunidade na tentativa de supera\u00e7\u00e3o da vulnerabilidade social; Conciliar ensino, pesquisa e extens\u00e3o, na tentativa de aprimorar a produ\u00e7\u00e3o do conhecimento; Realizar grupos de estudos sobre direitos humanos e vulnerabilidade; Desenvolver produ\u00e7\u00e3o acad\u00eamica.\u00a0<\/span><\/p>\n<p><span style=\"color: #000000; font-family: georgia, palatino, serif; font-size: 12pt;\">Aproximando-se da realidade social, o Programa potencializa a discuss\u00e3o das reais demandas da sociedade e, a partir da compreens\u00e3o das mesmas, possibilita compor mecanismos capazes de promover uma transforma\u00e7\u00e3o social. O desenvolvimento de um programa espec\u00edfico na \u00e1rea dos Direitos Humanos no Sistema Penal, o qual visa coadunar variadas a\u00e7\u00f5es de defesa dos direitos e das garantias de pessoas presas, configura-se na necessidade preeminente de fomentar a implementa\u00e7\u00e3o de atividades de assessoria jur\u00eddica, objetivando o acesso \u00e0 justi\u00e7a e das demandas sociais, bem como o imprescind\u00edvel est\u00edmulo ao trip\u00e9 acad\u00eamico na \u00e1rea dos Direitos Humanos no Sistema Penal.<\/span><\/p>\n<p><span style=\"color: #000000; font-family: georgia, palatino, serif; font-size: 12pt;\">A relev\u00e2ncia do Libertas se concentra no cumprimento da fun\u00e7\u00e3o social das institui\u00e7\u00f5es de ensino, por meio do fomento do pensamento cr\u00edtico na luta pela defesa dos direitos humanos e contra a viol\u00eancia institucional, e atrav\u00e9s da realiza\u00e7\u00e3o de a\u00e7\u00f5es que conciliem ensino, pesquisa e extens\u00e3o na compreens\u00e3o das realidades sociais. <\/span><\/p>\n<p><span style=\"font-family: georgia, palatino, serif; font-size: 12pt; color: #000000;\">Convidamos voc\u00ea a buscar este objetivo conosco! Conhe\u00e7a nossas atividades e n\u00e3o deixe de participar!<\/span><\/p>\n<p><span style=\"color: #000000; font-family: georgia, palatino, serif; font-size: 12pt;\"><strong><span class=\"Apple-style-span\">CONTATO<\/span><\/strong><\/span><\/p>\n<p><span class=\"Apple-style-span\" style=\"color: #000000; font-family: georgia, palatino, serif; font-size: 12pt;\">libertas@ufpel.edu.br<\/span><\/p>\n<p style=\"text-align: justify;\"><span style=\"color: #000000; font-family: georgia, palatino, serif; font-size: 12pt;\">\u00a0<\/span><\/p>\n","protected":false},"excerpt":{"rendered":"<p>O Libertas se destina \u00e0s a\u00e7\u00f5es de enfrentamento da puni\u00e7\u00e3o e do controle social a partir da perspectiva dos direitos humanos. O Programa pretende elaborar pol\u00edticas sociais em parceria com a comunidade e as institui\u00e7\u00f5es parceiras na defesa dos direitos humanos e na luta contra a viol\u00eancia institucional no \u00e2mbito penal. O programa Libertas tem [&hellip;]<\/p>\n","protected":false},"author":440,"featured_media":0,"parent":0,"menu_order":7,"comment_status":"closed","ping_status":"closed","template":"","meta":{"footnotes":""},"class_list":["post-16","page","type-page","status-publish","hentry"],"_links":{"self":[{"href":"https:\/\/wp.ufpel.edu.br\/libertas\/wp-json\/wp\/v2\/pages\/16","targetHints":{"allow":["GET"]}}],"collection":[{"href":"https:\/\/wp.ufpel.edu.br\/libertas\/wp-json\/wp\/v2\/pages"}],"about":[{"href":"https:\/\/wp.ufpel.edu.br\/libertas\/wp-json\/wp\/v2\/types\/page"}],"author":[{"embeddable":true,"href":"https:\/\/wp.ufpel.edu.br\/libertas\/wp-json\/wp\/v2\/users\/440"}],"replies":[{"embeddable":true,"href":"https:\/\/wp.ufpel.edu.br\/libertas\/wp-json\/wp\/v2\/comments?post=16"}],"version-history":[{"count":4,"href":"https:\/\/wp.ufpel.edu.br\/libertas\/wp-json\/wp\/v2\/pages\/16\/revisions"}],"predecessor-version":[{"id":2149,"href":"https:\/\/wp.ufpel.edu.br\/libertas\/wp-json\/wp\/v2\/pages\/16\/revisions\/2149"}],"wp:attachment":[{"href":"https:\/\/wp.ufpel.edu.br\/libertas\/wp-json\/wp\/v2\/media?parent=16"}],"curies":[{"name":"wp","href":"https:\/\/api.w.org\/{rel}","templated":true}]}}

<p><a href="https://wp.ufpel.edu.br/libertas/files/2023/04/Marca-COLORIDA-8.png"><img class="alignnone wp-image-1868" src="https://wp.ufpel.edu.br/libertas/files/2023/04/Marca-COLORIDA-8-400x169.png" alt="" width="445" height="188" srcset="https://wp.ufpel.edu.br/libertas/files/2023/04/Marca-COLORIDA-8-400x169.png 400w, https://wp.ufpel.edu.br/libertas/files/2023/04/Marca-COLORIDA-8-1024x431.png 1024w, https://wp.ufpel.edu.br/libertas/files/2023/04/Marca-COLORIDA-8-768x324.png 768w, https://wp.ufpel.edu.br/libertas/files/2023/04/Marca-COLORIDA-8.png 1405w" sizes="(max-width: 445px) 100vw, 445px" /></a></p>
<p style="text-align: justify;"><span style="color: #000000; font-family: georgia, palatino, serif; font-size: 12pt;">O Libertas se destina às ações de enfrentamento da punição e do controle social a partir da perspectiva dos direitos humanos. O Programa pretende elaborar políticas sociais em parceria com a comunidade e as instituições parceiras na defesa dos direitos humanos e na luta contra a violência institucional no âmbito penal. </span></p>
<p style="text-align: justify;"><span style="color: #000000; font-family: georgia, palatino, serif; font-size: 12pt;">O programa Libertas tem como objetivo geral o enfrentamento em torno da punição e do controle social a partir da perspectiva de defesa dos direitos humanos. Os objetivos específicos são: Desempenhar ações sociais para a construção de uma concepção crítica das ciências criminais; Fomentar o pensamento crítico na luta em defesa dos direitos humanos; Realizar atividades acadêmicas voltadas à capacitação e formação de agentes qualificados e envolvidos com o compromisso social e os direitos humanos em ambientes prisionais; Elaborar políticas sociais em parceria com a comunidade na tentativa de superação da vulnerabilidade social; Conciliar ensino, pesquisa e extensão, na tentativa de aprimorar a produção do conhecimento; Realizar grupos de estudos sobre direitos humanos e vulnerabilidade; Desenvolver produção acadêmica. </span></p>
<p><span style="color: #000000; font-family: georgia, palatino, serif; font-size: 12pt;">Aproximando-se da realidade social, o Programa potencializa a discussão das reais demandas da sociedade e, a partir da compreensão das mesmas, possibilita compor mecanismos capazes de promover uma transformação social. O desenvolvimento de um programa específico na área dos Direitos Humanos no Sistema Penal, o qual visa coadunar variadas ações de defesa dos direitos e das garantias de pessoas presas, configura-se na necessidade preeminente de fomentar a implementação de atividades de assessoria jurídica, objetivando o acesso à justiça e das demandas sociais, bem como o imprescindível estímulo ao tripé acadêmico na área dos Direitos Humanos no Sistema Penal.</span></p>
<p><span style="color: #000000; font-family: georgia, palatino, serif; font-size: 12pt;">A relevância do Libertas se concentra no cumprimento da função social das instituições de ensino, por meio do fomento do pensamento crítico na luta pela defesa dos direitos humanos e contra a violência institucional, e através da realização de ações que conciliem ensino, pesquisa e extensão na compreensão das realidades sociais. </span></p>
<p><span style="font-family: georgia, palatino, serif; font-size: 12pt; color: #000000;">Convidamos você a buscar este objetivo conosco! Conheça nossas atividades e não deixe de participar!</span></p>
<p><span style="color: #000000; font-family: georgia, palatino, serif; font-size: 12pt;"><strong><span class="Apple-style-span">CONTATO</span></strong></span></p>
<p><span class="Apple-style-span" style="color: #000000; font-family: georgia, palatino, serif; font-size: 12pt;">libertas@ufpel.edu.br</span></p>
<p style="text-align: justify;"><span style="color: #000000; font-family: georgia, palatino, serif; font-size: 12pt;"> </span></p>

<p>O Libertas se destina às ações de enfrentamento da punição e do controle social a partir da perspectiva dos direitos humanos. O Programa pretende elaborar políticas sociais em parceria com a comunidade e as instituições parceiras na defesa dos direitos humanos e na luta contra a violência institucional no âmbito penal. O programa Libertas tem [&hellip;]</p>
