{"id":1558,"date":"2019-05-31T19:25:39","date_gmt":"2019-05-31T22:25:39","guid":{"rendered":"https:\/\/wp.ufpel.edu.br\/libertas\/?page_id=1558"},"modified":"2021-06-28T21:42:58","modified_gmt":"2021-06-29T00:42:58","slug":"carcere-e-vulnerabilidade-social","status":"publish","type":"page","link":"https:\/\/wp.ufpel.edu.br\/libertas\/pesquisa\/carcere-e-vulnerabilidade-social\/","title":{"rendered":"C\u00e1rcere e vulnerabilidade social"},"content":{"rendered":"<p><span style=\"color: #000000\">C\u00e1rcere e vulnerabilidade social<\/span><\/p>\n<p><span style=\"color: #000000\">As pessoas privadas de liberdade correspondem a um grupo humano especialmente vulner\u00e1vel ao abuso do poder e \u00e0s viola\u00e7\u00f5es de direitos fundamentais. Diante disso, uma gama de instrumentos normativos foi proclamada em dire\u00e7\u00e3o a um tratamento carcer\u00e1rio humanizado. Recentes normativas publicadas pela Organiza\u00e7\u00e3o das Na\u00e7\u00f5es Unidas demonstram a urg\u00eancia do enfrentamento das diversidades que envolve o c\u00e1rcere: Regras das Na\u00e7\u00f5es Unidas para o tratamento de mulheres presas e medidas n\u00e3o privativas de liberdade para mulheres infratoras (Regras de Bangkok), de 2010; e Nelson Mandela Rules, de 2015. \u00c9 relevante ressaltar que os diplomas internacionais apontam para a necessidade de que as pol\u00edticas e servi\u00e7os penitenci\u00e1rios incorporem progressivamente o olhar das diversidades, buscando oferecer um tratamento digno e adequado \u00e0s singularidades de cada pessoa e sua comunidade. Assim, a pesquisa tem como objetivo estudar a vulnerabilidade social das pessoas privadas de liberdade, no que diz respeito especialmente a efetividade dos direitos sociais.\u00a0<\/span><\/p>\n<p><span style=\"color: #000000\">Per\u00edodo de realiza\u00e7\u00e3o: 2017 &#8211; atual.<\/span><\/p>\n<p><span style=\"color: #000000\">Aux\u00edlio financeiro: FAPERGS \u2013 Funda\u00e7\u00e3o de Amparo \u00e0 Pesquisa do Estado do Rio Grande do Sul. Edital 01\/2017 \u2013 ARD. Execu\u00e7\u00e3o em 2018 e 2019.<\/span><\/p>\n","protected":false},"excerpt":{"rendered":"<p>C\u00e1rcere e vulnerabilidade social As pessoas privadas de liberdade correspondem a um grupo humano especialmente vulner\u00e1vel ao abuso do poder e \u00e0s viola\u00e7\u00f5es de direitos fundamentais. Diante disso, uma gama de instrumentos normativos foi proclamada em dire\u00e7\u00e3o a um tratamento carcer\u00e1rio humanizado. Recentes normativas publicadas pela Organiza\u00e7\u00e3o das Na\u00e7\u00f5es Unidas demonstram a urg\u00eancia do enfrentamento [&hellip;]<\/p>\n","protected":false},"author":440,"featured_media":0,"parent":31,"menu_order":0,"comment_status":"closed","ping_status":"closed","template":"","meta":{"footnotes":""},"class_list":["post-1558","page","type-page","status-publish","hentry"],"_links":{"self":[{"href":"https:\/\/wp.ufpel.edu.br\/libertas\/wp-json\/wp\/v2\/pages\/1558","targetHints":{"allow":["GET"]}}],"collection":[{"href":"https:\/\/wp.ufpel.edu.br\/libertas\/wp-json\/wp\/v2\/pages"}],"about":[{"href":"https:\/\/wp.ufpel.edu.br\/libertas\/wp-json\/wp\/v2\/types\/page"}],"author":[{"embeddable":true,"href":"https:\/\/wp.ufpel.edu.br\/libertas\/wp-json\/wp\/v2\/users\/440"}],"replies":[{"embeddable":true,"href":"https:\/\/wp.ufpel.edu.br\/libertas\/wp-json\/wp\/v2\/comments?post=1558"}],"version-history":[{"count":4,"href":"https:\/\/wp.ufpel.edu.br\/libertas\/wp-json\/wp\/v2\/pages\/1558\/revisions"}],"predecessor-version":[{"id":1703,"href":"https:\/\/wp.ufpel.edu.br\/libertas\/wp-json\/wp\/v2\/pages\/1558\/revisions\/1703"}],"up":[{"embeddable":true,"href":"https:\/\/wp.ufpel.edu.br\/libertas\/wp-json\/wp\/v2\/pages\/31"}],"wp:attachment":[{"href":"https:\/\/wp.ufpel.edu.br\/libertas\/wp-json\/wp\/v2\/media?parent=1558"}],"curies":[{"name":"wp","href":"https:\/\/api.w.org\/{rel}","templated":true}]}}

Cárcere e vulnerabilidade social

<p><span style="color: #000000">Cárcere e vulnerabilidade social</span></p>
<p><span style="color: #000000">As pessoas privadas de liberdade correspondem a um grupo humano especialmente vulnerável ao abuso do poder e às violações de direitos fundamentais. Diante disso, uma gama de instrumentos normativos foi proclamada em direção a um tratamento carcerário humanizado. Recentes normativas publicadas pela Organização das Nações Unidas demonstram a urgência do enfrentamento das diversidades que envolve o cárcere: Regras das Nações Unidas para o tratamento de mulheres presas e medidas não privativas de liberdade para mulheres infratoras (Regras de Bangkok), de 2010; e Nelson Mandela Rules, de 2015. É relevante ressaltar que os diplomas internacionais apontam para a necessidade de que as políticas e serviços penitenciários incorporem progressivamente o olhar das diversidades, buscando oferecer um tratamento digno e adequado às singularidades de cada pessoa e sua comunidade. Assim, a pesquisa tem como objetivo estudar a vulnerabilidade social das pessoas privadas de liberdade, no que diz respeito especialmente a efetividade dos direitos sociais. </span></p>
<p><span style="color: #000000">Período de realização: 2017 &#8211; atual.</span></p>
<p><span style="color: #000000">Auxílio financeiro: FAPERGS – Fundação de Amparo à Pesquisa do Estado do Rio Grande do Sul. Edital 01/2017 – ARD. Execução em 2018 e 2019.</span></p>

<p>Cárcere e vulnerabilidade social As pessoas privadas de liberdade correspondem a um grupo humano especialmente vulnerável ao abuso do poder e às violações de direitos fundamentais. Diante disso, uma gama de instrumentos normativos foi proclamada em direção a um tratamento carcerário humanizado. Recentes normativas publicadas pela Organização das Nações Unidas demonstram a urgência do enfrentamento [&hellip;]</p>
