{"id":1507,"date":"2019-05-21T18:23:39","date_gmt":"2019-05-21T21:23:39","guid":{"rendered":"https:\/\/wp.ufpel.edu.br\/libertas\/?page_id=1507"},"modified":"2020-03-19T17:39:59","modified_gmt":"2020-03-19T20:39:59","slug":"ddhh","status":"publish","type":"page","link":"https:\/\/wp.ufpel.edu.br\/libertas\/cursos\/ddhh\/","title":{"rendered":"Curso de Extens\u00e3o em Direitos Humanos e Sistema Penal e Penitenci\u00e1rio"},"content":{"rendered":"<p><span style=\"color: #000000\">CURSO DE EXTENS\u00c3O EM DIREITOS HUMANOS E SISTEMA PENAL E PENITENCI\u00c1RIO<\/span><\/p>\n<p><span style=\"color: #000000;font-size: 8pt\">C\u00f3digo PREC\/UFPel: 1542<\/span><\/p>\n<p><a href=\"https:\/\/wp.ufpel.edu.br\/libertas\/files\/2019\/05\/Curso-de-extens\u00e3o-em-Direitos-Humanos-e-Sistema-Penal-e-Penitenci\u00e1rio.jpg\"><img class=\"alignnone wp-image-1518\" src=\"https:\/\/wp.ufpel.edu.br\/libertas\/files\/2019\/05\/Curso-de-extens\u00e3o-em-Direitos-Humanos-e-Sistema-Penal-e-Penitenci\u00e1rio-300x400.jpg\" alt=\"\" width=\"414\" height=\"552\" srcset=\"https:\/\/wp.ufpel.edu.br\/libertas\/files\/2019\/05\/Curso-de-extens\u00e3o-em-Direitos-Humanos-e-Sistema-Penal-e-Penitenci\u00e1rio-300x400.jpg 300w, https:\/\/wp.ufpel.edu.br\/libertas\/files\/2019\/05\/Curso-de-extens\u00e3o-em-Direitos-Humanos-e-Sistema-Penal-e-Penitenci\u00e1rio-768x1024.jpg 768w, https:\/\/wp.ufpel.edu.br\/libertas\/files\/2019\/05\/Curso-de-extens\u00e3o-em-Direitos-Humanos-e-Sistema-Penal-e-Penitenci\u00e1rio.jpg 1008w\" sizes=\"(max-width: 414px) 100vw, 414px\" \/><\/a><\/p>\n<p>&nbsp;<\/p>\n<p><span style=\"color: #000000\">O curso pretende apresentar estrat\u00e9gias de defesa dos direitos humanos no sistema penal e penitenci\u00e1rio de diferentes contextos nacionais e regionais, alicer\u00e7ando a forma\u00e7\u00e3o de defensoras e defensores dos direitos humanos. Est\u00e1 dirigido a um p\u00fablico geral, interessadas e interessados em conhecer e compreender o desenvolvimento de estrat\u00e9gias de defesa dos direitos humanos em \u00e2mbito penal e prisional, bem como o campo social, pol\u00edtico e jur\u00eddico em torno da puni\u00e7\u00e3o, do controle social e da viol\u00eancia, tanto no Brasil como na Am\u00e9rica Latina, \u00c1frica e Europa.<\/span><\/p>\n<p><span style=\"color: #000000\">Coordena\u00e7\u00e3o: Prof. <a style=\"color: #000000\" href=\"http:\/\/lattes.cnpq.br\/9101474140548790\">Bruno Rotta Almeida<\/a> (Libertas, Universidade Federal de Pelotas, Brasil)<\/span><\/p>\n<p><span style=\"color: #000000\">Docentes vinculados a institui\u00e7\u00f5es e organiza\u00e7\u00f5es da Am\u00e9rica Latina, \u00c1frica e Europa.<\/span><\/p>\n<p><span style=\"color: #000000\">Curso virtual e gratuito.<\/span><\/p>\n<p><span style=\"color: #000000\">Dura\u00e7\u00e3o: Seis meses (de julho a dezembro de 2019).<\/span><\/p>\n<p><span style=\"color: #000000\">Carga hor\u00e1ria: 60 horas.<\/span><\/p>\n<p><span style=\"color: #000000\">Idiomas: portugu\u00eas, espanhol e italiano. Ser\u00e3o disponibilizadas transcri\u00e7\u00f5es em portugu\u00eas das v\u00eddeo-aulas.\u00a0<\/span><\/p>\n<p><span style=\"color: #000000\">Inscri\u00e7\u00f5es encerradas.<\/span><\/p>\n<p><span style=\"background-color: #0000ff;color: #ffffff\"><strong>CERTIFICADO ONLINE<span style=\"color: #ffffff\">: <a style=\"color: #ffffff\" href=\"https:\/\/drive.google.com\/open?id=1Uu8P93fW6fW8fh-KUeREJwTQYQxgx-Ys\">CLIQUE AQUI<\/a><\/span><\/strong><\/span><\/p>\n<p><span style=\"color: #0000ff;background-color: #ffffff\"><strong><a href=\"https:\/\/wp.ufpel.edu.br\/libertas\/files\/2020\/03\/Declara\u00e7\u00e3o-de-validade-dos-certificados.pdf\">Declara\u00e7\u00e3o de validade dos certificados<\/a><\/strong><\/span><\/p>\n<p><span style=\"color: #000000\"><strong>Estrutura: <\/strong>As aulas foram gravadas pelos pr\u00f3prios docentes entre 2018 e 2019, e enviadas para compor o programa do curso. O curso se realizar\u00e1 completamente a dist\u00e2ncia atrav\u00e9s da internet, em oito m\u00f3dulos, um a cada quinze dias, e um trabalho final. A dura\u00e7\u00e3o total do curso \u00e9 de seis meses, incluindo os m\u00f3dulos e o trabalho final. Cada um dos m\u00f3dulos abordar\u00e1 conte\u00fados assinalados conforme a estrutura do curso. A avalia\u00e7\u00e3o ser\u00e1 feita a partir da realiza\u00e7\u00e3o dos m\u00f3dulos e de um trabalho final sobre um tema espec\u00edfico.<\/span><\/p>\n<p><span style=\"color: #000000\">Apresenta\u00e7\u00e3o.\u00a0<\/span><\/p>\n<p><span style=\"color: #000000\">M\u00f3dulo 1 \u2013 Direitos humanos e sistema penal e penitenci\u00e1rio.\u00a0<\/span><\/p>\n<p><span style=\"color: #000000\">M\u00f3dulo 2 \u2013 Direitos humanos e ci\u00eancias criminais.\u00a0<\/span><\/p>\n<p><span style=\"color: #000000\">M\u00f3dulo 3 \u2013 Direitos humanos, pol\u00edtica criminal e seguran\u00e7a p\u00fablica.\u00a0<\/span><\/p>\n<p><span style=\"color: #000000\">M\u00f3dulo 4 \u2013 Direitos humanos, viol\u00eancia e sociedade.\u00a0<\/span><\/p>\n<p><span style=\"color: #000000\">M\u00f3dulo 5 \u2013 Direitos humanos e diversidade.\u00a0<\/span><\/p>\n<p><span style=\"color: #000000\">M\u00f3dulo 6 \u2013 Direitos humanos e justi\u00e7a.\u00a0<\/span><\/p>\n<p><span style=\"color: #000000\">M\u00f3dulo 7 \u2013 Defesa dos direitos humanos e institui\u00e7\u00f5es.\u00a0<\/span><\/p>\n<p><span style=\"color: #000000\">M\u00f3dulo 8 \u2013 Defesa dos direitos humanos e perspectivas regionais.\u00a0<\/span><\/p>\n<p><span style=\"color: #000000\">Trabalho final.<\/span><\/p>\n<p><strong><span style=\"color: #000000\">Docentes confirmados:<\/span><\/strong><\/p>\n<p><span style=\"color: #000000\"><a style=\"color: #000000\" href=\"http:\/\/lattes.cnpq.br\/7970641455074001\">Adrian Barbosa e Silva<\/a> (Grupo Cabano de Criminologia, Par\u00e1, Brasil)<\/span><\/p>\n<p><span style=\"color: #000000\"><a style=\"color: #000000\" href=\"https:\/\/www.ub.edu\/portal\/documents\/620105\/1622994\/CV_Alejandro+Forero.pdf\/2ab1848f-0b27-4e5c-84c5-d8d675e3671f\">Alejandro Forero Cu\u00e9llar<\/a> (Observatorio del Sistema Penal y los Derechos Humanos, Universitat de Barcelona, Espanha)<\/span><\/p>\n<p><span style=\"color: #000000\"><a style=\"color: #000000\" href=\"https:\/\/wp.ufpel.edu.br\/libertas\/files\/2019\/05\/CV-Alessandro-Albano.pdf\">Alessandro Albano<\/a>\u00a0(Garante Nazionale dei Diritti delle Persone Detenute o Private della Libert\u00e1 Personale, It\u00e1lia)<\/span><\/p>\n<p><span style=\"color: #000000\"><a style=\"color: #000000\" href=\"http:\/\/lattes.cnpq.br\/9865957374821514\">Ana Claudia Cifali<\/a> (Grupo de Pesquisa em Pol\u00edticas P\u00fablicas de Seguran\u00e7a e Administra\u00e7\u00e3o da Justi\u00e7a Penal, GPESC\/PUCRS, Brasil)<\/span><\/p>\n<p><span style=\"color: #000000\"><a style=\"color: #000000\" href=\"http:\/\/lattes.cnpq.br\/0645556530168637\">Andr\u00e9 Rocha Sampaio<\/a> (Centro Universit\u00e1rio Tiradentes \u2013 UNIT, Alagoas, Brasil)<\/span><\/p>\n<p><span style=\"color: #000000\"><a style=\"color: #000000\" href=\"http:\/\/lattes.cnpq.br\/9448206233651012\">Andr\u00e9a Ana do Nascimento<\/a> (Grupo de Pesquisa em Pol\u00edticas P\u00fablicas de Seguran\u00e7a e Administra\u00e7\u00e3o da Justi\u00e7a Penal, GPESC\/PUCRS, Brasil)<\/span><\/p>\n<p><span style=\"color: #000000\"><a style=\"color: #000000\" href=\"https:\/\/ciencia.iscte-iul.pt\/authors\/antonio-pedro-de-andrade-dores\/cv\">Ant\u00f3nio Pedro Dores<\/a> (ISCTE, Instituto Universit\u00e1rio de Lisboa, Portugal)<\/span><\/p>\n<p><span style=\"color: #000000\"><a style=\"color: #000000\" href=\"http:\/\/lattes.cnpq.br\/3481735509601114\"><span style=\"color: #000000\">Arc\u00e9nio Francisco Cuco<\/span><\/a> (Universidade Pedag\u00f3gica de Mo\u00e7ambique &#8211; Delega\u00e7\u00e3o de Nampula)<\/span><\/p>\n<p><span style=\"color: #000000\"><a style=\"color: #000000\" href=\"https:\/\/wp.ufpel.edu.br\/libertas\/files\/2019\/05\/CV-Claudia-Fiorella-Felix-Pacheco-1.pdf\">Claudia Fiorella Felix Pacheco<\/a>\u00a0(Ministerio de Justicia y Derechos Humanos, Peru)<\/span><\/p>\n<p><span style=\"color: #000000\"><a style=\"color: #000000\" href=\"http:\/\/lattes.cnpq.br\/5595426467524862\">Caroline Dias Hilgert<\/a> (Conselho Indigenista Mission\u00e1rio &#8211; CIMI; Instituto das Irm\u00e3s de Santa Cruz &#8211; IISC; Instituto Terra, Trabalho e Cidadania &#8211; ITTC, Brasil)<\/span><\/p>\n<p><span style=\"color: #000000\"><a style=\"color: #000000\" href=\"http:\/\/lattes.cnpq.br\/9686147052228550\">Caroline K\u00f6hler Teixeira<\/a> (Defensoria P\u00fablica do Estado de Santa Catarina, Brasil)<\/span><\/p>\n<p><span style=\"color: #000000\"><a style=\"color: #000000\" href=\"http:\/\/lattes.cnpq.br\/3636148967773367\">Daniel Mourgues Cogoy<\/a> (Defensoria P\u00fablica da Uni\u00e3o, Brasil)<\/span><\/p>\n<p><span style=\"color: #000000\"><a style=\"color: #000000\" href=\"http:\/\/lattes.cnpq.br\/0069486594976182\"><span style=\"color: #000000\">Elaine Piment<\/span>el<\/a> (Universidade Federal de Alagoas, Brasil)<\/span><\/p>\n<p><span style=\"color: #000000\"><a style=\"color: #000000\" href=\"https:\/\/cv.conacyt.gov.py\/publicar\/cv?id=267d3561572109a8d8012932f686784f\">Juan Martens<\/a> (Instituto de Estudios Comparados en Ciencias Penales y Sociales \u2013 INECIP, Paraguai)<\/span><\/p>\n<p><span style=\"color: #000000\"><a style=\"color: #000000\" href=\"http:\/\/www.derecho.uba.ar\/investigacion\/investigadores\/cv\/leonardo-gabriel-pitlevnik.php\">Leonardo Pitlevnik<\/a> (Centro de Estudios de Ejecuci\u00f3n Penal, Universidad de Buenos Aires, Argentina)<\/span><\/p>\n<p><span style=\"color: #000000\"><a style=\"color: #000000\" href=\"http:\/\/lattes.cnpq.br\/5969043947216249\">Leticia Nu\u00f1ez Almeida<\/a> (Centro de Estudios sobre Pol\u00edticas Educativas &#8211; CEPE\/CUR da Universidad de La Rep\u00fablica del Uruguay)<\/span><\/p>\n<p><span style=\"color: #000000\"><a style=\"color: #000000\" href=\"http:\/\/lattes.cnpq.br\/8089974119901042\">Luiz Ant\u00f4nio Bogo Chies<\/a> (Grupo Interdisciplinar de Trabalho e Estudos Criminais-Penitenci\u00e1rios \u2013 GITEP, Universidade Cat\u00f3lica de Pelotas, Brasil)<\/span><\/p>\n<p><span style=\"color: #000000\"><a style=\"color: #000000\" href=\"http:\/\/lattes.cnpq.br\/1216941473436094\">Mariana Py Muniz Cappellari<\/a> (Defensoria P\u00fablica do Estado do Rio Grande do Sul, Brasil)<\/span><\/p>\n<p><span style=\"color: #000000\"><a style=\"color: #000000\" href=\"http:\/\/lattes.cnpq.br\/5676264752470920\">Marina Portella Ghiggi<\/a> (Universidade Cat\u00f3lica de Pelotas; Superintend\u00eancia de Servi\u00e7os Penitenci\u00e1rios do Rio Grande do Sul, Brasil)<\/span><\/p>\n<p><span style=\"color: #000000\"><a style=\"color: #000000\" href=\"https:\/\/wp.ufpel.edu.br\/libertas\/files\/2019\/06\/CV-Mauricio-Manchado.pdf\">Mauricio Manchado<\/a> (Universidad Nacional de Rosario, Argentina)<\/span><\/p>\n<p><span style=\"color: #000000\">Michael Mary Nolan (Conselho Indigenista Mission\u00e1rio &#8211; CIMI; Instituto das Irm\u00e3s de Santa Cruz &#8211; IISC; Instituto Terra, Trabalho e Cidadania &#8211; ITTC, Brasil)<\/span><\/p>\n<p><span style=\"color: #000000\"><a style=\"color: #000000\" href=\"http:\/\/lattes.cnpq.br\/6868425451997606\">Patrick Lemos Cacicedo<\/a> (Defensoria P\u00fablica do Estado de S\u00e3o Paulo, Brasil)<\/span><\/p>\n<p><span style=\"color: #000000\"><a style=\"color: #000000\" href=\"https:\/\/scienzepolitiche.uniroma3.it\/pgonnella\/\">Patrizio Gonnella<\/a> (Antigone &#8211; Associazione per i Diritti e le Garanzie nel Sistema Penale; Universit\u00e0 degli studi Roma Tre, It\u00e1lia)<\/span><\/p>\n<p><span style=\"color: #000000\"><a style=\"color: #000000\" href=\"http:\/\/uba.academia.edu\/RamiroGUAL\/CurriculumVitae\">Ramiro Gual<\/a> (Procuraci\u00f3n Penitenciaria de la Naci\u00f3n; Centro de Estudios de Ejecuci\u00f3n Penal, Universidad de Buenos Aires, Argentina)<\/span><\/p>\n<p><span style=\"color: #000000\"><a style=\"color: #000000\" href=\"http:\/\/lattes.cnpq.br\/7054878061455899\">Renata Barbosa Lacerda<\/a> (Universidade Federal do Rio de Janeiro, Brasil)<\/span><\/p>\n<p><span style=\"color: #000000\">Ricardo Loureiro (ISCTE, Instituto Universit\u00e1rio de Lisboa, Portugal)<\/span><\/p>\n<p><span style=\"color: #000000\"><a style=\"color: #000000\" href=\"http:\/\/lattes.cnpq.br\/4733540920244003\">Simone da Silva Ribeiro Gomes<\/a> (Universidade Federal de Pelotas, Brasil)<\/span><\/p>\n<p><span style=\"color: #000000\"><a style=\"color: #000000\" href=\"http:\/\/lattes.cnpq.br\/7073540668005986\">Stephane Silva de Araujo<\/a> (Departamento Penitenci\u00e1rio Nacional, Minist\u00e9rio da Justi\u00e7a e Seguran\u00e7a P\u00fablica, Brasil)<\/span><\/p>\n<p><span style=\"color: #000000\"><a style=\"color: #000000\" href=\"http:\/\/lattes.cnpq.br\/1569867146113309\">Viviane Balbuglio<\/a> (Conselho Indigenista Mission\u00e1rio &#8211; CIMI; Instituto das Irm\u00e3s de Santa Cruz &#8211; IISC; Instituto Terra, Trabalho e Cidadania &#8211; ITTC, Brasil)<\/span><\/p>\n<p>&nbsp;<\/p>\n<p><span style=\"color: #000000\">Equipe t\u00e9cnica:<\/span><\/p>\n<p><span style=\"color: #000000\"><a style=\"color: #000000\" href=\"http:\/\/lattes.cnpq.br\/8699845927921977\">Aline Santestevan Oliveira Iribarrem<\/a><\/span><\/p>\n<p><span style=\"color: #000000\"><a style=\"color: #000000\" href=\"http:\/\/lattes.cnpq.br\/6319133053906887\">Amanda D\u2019Andrea L\u00f6wenhaupt<\/a><\/span><\/p>\n<p><span style=\"color: #000000\"><a style=\"color: #000000\" href=\"http:\/\/lattes.cnpq.br\/2044944052752976\">Amanda Mesquita K\u00fcster<\/a><\/span><\/p>\n<p><span style=\"color: #000000\">Anderson Alexandre Dias Santos<\/span><\/p>\n<p><span style=\"color: #000000\"><a style=\"color: #000000\" href=\"http:\/\/lattes.cnpq.br\/0631669744646017\">Bruna Hoisler Sallet<\/a><\/span><\/p>\n<p><span style=\"color: #000000\"><a style=\"color: #000000\" href=\"http:\/\/lattes.cnpq.br\/9101474140548790\">Bruno Rotta Almeida<\/a> (coordena\u00e7\u00e3o)<\/span><\/p>\n<p><span style=\"color: #000000\">Camila Silva Rocha<\/span><\/p>\n<p><span style=\"color: #000000\"><a style=\"color: #000000\" href=\"http:\/\/lattes.cnpq.br\/3324473122520141\">Gabrielle Coelho Freire<\/a><\/span><\/p>\n<p><span style=\"color: #000000\">Julia Pereira Hallal<\/span><\/p>\n<p><span style=\"color: #000000\"><a style=\"color: #000000\" href=\"http:\/\/lattes.cnpq.br\/9141666525589377\">Marina Mozzillo de Moura<\/a><\/span><\/p>\n<p><span style=\"color: #000000\"><a style=\"color: #000000\" href=\"http:\/\/lattes.cnpq.br\/0483612047123391\">Thais Bonato Gomes<\/a><\/span><\/p>\n<p><span style=\"color: #000000\"><a style=\"color: #000000\" href=\"http:\/\/lattes.cnpq.br\/4534219251241364\">Victoria Bortolotti Lemos<\/a><\/span><\/p>\n<p>&nbsp;<\/p>\n<p><span style=\"color: #000000\">Promo\u00e7\u00e3o e realiza\u00e7\u00e3o: Libertas \u2013 Programa de Pesquisa, Ensino e Extens\u00e3o em Puni\u00e7\u00e3o, Controle Social e Direitos Humanos<\/span><\/p>\n<p><span style=\"color: #000000\">Faculdade de Direito<\/span><\/p>\n<p><span style=\"color: #000000\">Programa de P\u00f3s-Gradua\u00e7\u00e3o em Direito<\/span><\/p>\n<p><span style=\"color: #000000\">Universidade Federal de Pelotas<\/span><\/p>\n<p>&nbsp;<\/p>\n<p>&nbsp;<\/p>\n<p>&nbsp;<\/p>\n","protected":false},"excerpt":{"rendered":"<p>CURSO DE EXTENS\u00c3O EM DIREITOS HUMANOS E SISTEMA PENAL E PENITENCI\u00c1RIO C\u00f3digo PREC\/UFPel: 1542 &nbsp; O curso pretende apresentar estrat\u00e9gias de defesa dos direitos humanos no sistema penal e penitenci\u00e1rio de diferentes contextos nacionais e regionais, alicer\u00e7ando a forma\u00e7\u00e3o de defensoras e defensores dos direitos humanos. Est\u00e1 dirigido a um p\u00fablico geral, interessadas e interessados [&hellip;]<\/p>\n","protected":false},"author":440,"featured_media":0,"parent":119,"menu_order":0,"comment_status":"closed","ping_status":"closed","template":"","meta":{"footnotes":""},"class_list":["post-1507","page","type-page","status-publish","hentry"],"_links":{"self":[{"href":"https:\/\/wp.ufpel.edu.br\/libertas\/wp-json\/wp\/v2\/pages\/1507","targetHints":{"allow":["GET"]}}],"collection":[{"href":"https:\/\/wp.ufpel.edu.br\/libertas\/wp-json\/wp\/v2\/pages"}],"about":[{"href":"https:\/\/wp.ufpel.edu.br\/libertas\/wp-json\/wp\/v2\/types\/page"}],"author":[{"embeddable":true,"href":"https:\/\/wp.ufpel.edu.br\/libertas\/wp-json\/wp\/v2\/users\/440"}],"replies":[{"embeddable":true,"href":"https:\/\/wp.ufpel.edu.br\/libertas\/wp-json\/wp\/v2\/comments?post=1507"}],"version-history":[{"count":31,"href":"https:\/\/wp.ufpel.edu.br\/libertas\/wp-json\/wp\/v2\/pages\/1507\/revisions"}],"predecessor-version":[{"id":1669,"href":"https:\/\/wp.ufpel.edu.br\/libertas\/wp-json\/wp\/v2\/pages\/1507\/revisions\/1669"}],"up":[{"embeddable":true,"href":"https:\/\/wp.ufpel.edu.br\/libertas\/wp-json\/wp\/v2\/pages\/119"}],"wp:attachment":[{"href":"https:\/\/wp.ufpel.edu.br\/libertas\/wp-json\/wp\/v2\/media?parent=1507"}],"curies":[{"name":"wp","href":"https:\/\/api.w.org\/{rel}","templated":true}]}}