{"id":1428,"date":"2018-09-25T16:09:59","date_gmt":"2018-09-25T19:09:59","guid":{"rendered":"https:\/\/wp.ufpel.edu.br\/libertas\/?page_id=1428"},"modified":"2019-05-31T20:19:52","modified_gmt":"2019-05-31T23:19:52","slug":"consejo-latinoamericano-de-ciencias-sociales-clacso","status":"publish","type":"page","link":"https:\/\/wp.ufpel.edu.br\/libertas\/redes-de-pesquisa\/consejo-latinoamericano-de-ciencias-sociales-clacso\/","title":{"rendered":"Consejo Latinoamericano de Ciencias Sociales (CLACSO)"},"content":{"rendered":"<p><span style=\"color: #000000\">O Grupo de Trabalho <em>Sistema penal y cambio social <\/em>do<em> Consejo Latinoamericano de Ciencias Sociales<\/em> (CLACSO)\u00a0prop\u00f5e estudar as mudan\u00e7as atuais do sistema penal na Am\u00e9rica Latina, reivindicando o car\u00e1ter indispens\u00e1vel do di\u00e1logo emp\u00edrico e comparado para dar conta das peculiaridades locais e regionais e construir enfrentamentos te\u00f3ricos e pol\u00edticos.<\/span><\/p>\n<p><span style=\"color: #000000\">Mais informa\u00e7\u00f5es em: <a style=\"color: #000000\" href=\"http:\/\/www.clacso.org.ar\/grupos_trabajo\/detalle_gt.php?ficha=742&amp;s=5&amp;idioma\">http:\/\/www.clacso.org.ar\/grupos_trabajo\/detalle_gt.php?ficha=742&amp;s=5&amp;idioma<\/a><\/span><\/p>\n","protected":false},"excerpt":{"rendered":"<p>O Grupo de Trabalho Sistema penal y cambio social do Consejo Latinoamericano de Ciencias Sociales (CLACSO)\u00a0prop\u00f5e estudar as mudan\u00e7as atuais do sistema penal na Am\u00e9rica Latina, reivindicando o car\u00e1ter indispens\u00e1vel do di\u00e1logo emp\u00edrico e comparado para dar conta das peculiaridades locais e regionais e construir enfrentamentos te\u00f3ricos e pol\u00edticos. Mais informa\u00e7\u00f5es em: http:\/\/www.clacso.org.ar\/grupos_trabajo\/detalle_gt.php?ficha=742&amp;s=5&amp;idioma<\/p>\n","protected":false},"author":440,"featured_media":0,"parent":701,"menu_order":0,"comment_status":"closed","ping_status":"closed","template":"","meta":{"footnotes":""},"class_list":["post-1428","page","type-page","status-publish","hentry"],"_links":{"self":[{"href":"https:\/\/wp.ufpel.edu.br\/libertas\/wp-json\/wp\/v2\/pages\/1428","targetHints":{"allow":["GET"]}}],"collection":[{"href":"https:\/\/wp.ufpel.edu.br\/libertas\/wp-json\/wp\/v2\/pages"}],"about":[{"href":"https:\/\/wp.ufpel.edu.br\/libertas\/wp-json\/wp\/v2\/types\/page"}],"author":[{"embeddable":true,"href":"https:\/\/wp.ufpel.edu.br\/libertas\/wp-json\/wp\/v2\/users\/440"}],"replies":[{"embeddable":true,"href":"https:\/\/wp.ufpel.edu.br\/libertas\/wp-json\/wp\/v2\/comments?post=1428"}],"version-history":[{"count":2,"href":"https:\/\/wp.ufpel.edu.br\/libertas\/wp-json\/wp\/v2\/pages\/1428\/revisions"}],"predecessor-version":[{"id":1588,"href":"https:\/\/wp.ufpel.edu.br\/libertas\/wp-json\/wp\/v2\/pages\/1428\/revisions\/1588"}],"up":[{"embeddable":true,"href":"https:\/\/wp.ufpel.edu.br\/libertas\/wp-json\/wp\/v2\/pages\/701"}],"wp:attachment":[{"href":"https:\/\/wp.ufpel.edu.br\/libertas\/wp-json\/wp\/v2\/media?parent=1428"}],"curies":[{"name":"wp","href":"https:\/\/api.w.org\/{rel}","templated":true}]}}