{"id":1420,"date":"2018-09-25T15:49:35","date_gmt":"2018-09-25T18:49:35","guid":{"rendered":"https:\/\/wp.ufpel.edu.br\/libertas\/?page_id=1420"},"modified":"2023-04-13T09:48:47","modified_gmt":"2023-04-13T12:48:47","slug":"programa-de-enfrentamento-da-vulnerabilidade-em-ambientes-prisionais","status":"publish","type":"page","link":"https:\/\/wp.ufpel.edu.br\/libertas\/extensao\/programa-de-enfrentamento-da-vulnerabilidade-em-ambientes-prisionais\/","title":{"rendered":"Programa de Enfrentamento da Vulnerabilidade em Ambientes Prisionais"},"content":{"rendered":"<p><span style=\"color: #000000;\">O Programa de Enfrentamento da Vulnerabilidade em Ambientes Prisionais foi um conjunto de a\u00e7\u00f5es realizadas de 2016 a 2018, com aux\u00edlio financeiro do Programa de Apoio \u00e0 Extens\u00e3o Universit\u00e1ria MEC\/SESu, na Linha Tem\u00e1tica:\u00a0<span class=\"Apple-style-span\">Justi\u00e7a e direito do indiv\u00edduo privado de liberdade, e\u00a0<\/span><span class=\"Apple-style-span\">Subtema: Sistema prisional e Direitos Humanos, e Centro Membro Associado ao Conselho Latino-americano de Ci\u00eancias Sociais.<\/span><\/span><\/p>\n<p><span class=\"Apple-style-span\" style=\"color: #000000;\"> Outras a\u00e7\u00f5es do Programa de Enfrentamento foram realizadas pelo Libertas Programa de Pesquisa, Ensino e Extens\u00e3o em Puni\u00e7\u00e3o, Controle Social e Direitos Humanos.\u00a0<\/span><\/p>\n<p><span style=\"color: #0000ff;\"><a style=\"color: #0000ff;\" href=\"https:\/\/institucional.ufpel.edu.br\/projetos\/id\/u1050\">Informa\u00e7\u00e3o institucional UFPel<\/a><\/span><\/p>\n<p><span style=\"color: #0000ff;\"><a style=\"color: #0000ff;\" href=\"https:\/\/www.clacso.org\/en\/institucional\/centros-asociados\/?pag=detalle_pais&amp;id=614&amp;ct=-1\">Informa\u00e7\u00f5es CLACSO<\/a><\/span><\/p>\n","protected":false},"excerpt":{"rendered":"<p>O Programa de Enfrentamento da Vulnerabilidade em Ambientes Prisionais foi um conjunto de a\u00e7\u00f5es realizadas de 2016 a 2018, com aux\u00edlio financeiro do Programa de Apoio \u00e0 Extens\u00e3o Universit\u00e1ria MEC\/SESu, na Linha Tem\u00e1tica:\u00a0Justi\u00e7a e direito do indiv\u00edduo privado de liberdade, e\u00a0Subtema: Sistema prisional e Direitos Humanos, e Centro Membro Associado ao Conselho Latino-americano de Ci\u00eancias [&hellip;]<\/p>\n","protected":false},"author":440,"featured_media":0,"parent":33,"menu_order":0,"comment_status":"closed","ping_status":"closed","template":"","meta":{"footnotes":""},"class_list":["post-1420","page","type-page","status-publish","hentry"],"_links":{"self":[{"href":"https:\/\/wp.ufpel.edu.br\/libertas\/wp-json\/wp\/v2\/pages\/1420","targetHints":{"allow":["GET"]}}],"collection":[{"href":"https:\/\/wp.ufpel.edu.br\/libertas\/wp-json\/wp\/v2\/pages"}],"about":[{"href":"https:\/\/wp.ufpel.edu.br\/libertas\/wp-json\/wp\/v2\/types\/page"}],"author":[{"embeddable":true,"href":"https:\/\/wp.ufpel.edu.br\/libertas\/wp-json\/wp\/v2\/users\/440"}],"replies":[{"embeddable":true,"href":"https:\/\/wp.ufpel.edu.br\/libertas\/wp-json\/wp\/v2\/comments?post=1420"}],"version-history":[{"count":4,"href":"https:\/\/wp.ufpel.edu.br\/libertas\/wp-json\/wp\/v2\/pages\/1420\/revisions"}],"predecessor-version":[{"id":1878,"href":"https:\/\/wp.ufpel.edu.br\/libertas\/wp-json\/wp\/v2\/pages\/1420\/revisions\/1878"}],"up":[{"embeddable":true,"href":"https:\/\/wp.ufpel.edu.br\/libertas\/wp-json\/wp\/v2\/pages\/33"}],"wp:attachment":[{"href":"https:\/\/wp.ufpel.edu.br\/libertas\/wp-json\/wp\/v2\/media?parent=1420"}],"curies":[{"name":"wp","href":"https:\/\/api.w.org\/{rel}","templated":true}]}}