{"id":1397,"date":"2018-07-26T19:38:50","date_gmt":"2018-07-26T22:38:50","guid":{"rendered":"https:\/\/wp.ufpel.edu.br\/libertas\/?page_id=1397"},"modified":"2023-12-09T04:47:15","modified_gmt":"2023-12-09T07:47:15","slug":"clinica-juridico-penitenciaria","status":"publish","type":"page","link":"https:\/\/wp.ufpel.edu.br\/libertas\/extensao\/clinica-juridico-penitenciaria\/","title":{"rendered":"Cl\u00ednica Jur\u00eddico-Penitenci\u00e1ria"},"content":{"rendered":"<p><span style=\"color: #000000; font-size: 12pt; font-family: georgia, palatino, serif;\">O projeto se destina ao treinamento da atividade forense na \u00e1rea da execu\u00e7\u00e3o criminal, preparando os alunos para a pr\u00e1tica junto ao cumprimento da pena por meio da elabora\u00e7\u00e3o de pe\u00e7as processuais e o acompanhamento processual da popula\u00e7\u00e3o carcer\u00e1ria da cidade de Pelotas e regi\u00e3o. Concomitantemente com a pr\u00e1xis, ser\u00e1 aperfei\u00e7oado o aprendizado te\u00f3rico, atrav\u00e9s de grupos de estudos, semin\u00e1rios e debates com a finalidade de manter sempre atualizado o referencial te\u00f3rico na seara da execu\u00e7\u00e3o penal. Aliado \u00e0 pr\u00e1tica e \u00e0 teoria, a promo\u00e7\u00e3o do acesso \u00e0 justi\u00e7a para a popula\u00e7\u00e3o encarcerada da cidade de Pelotas e regi\u00e3o, eminentemente marginalizada socialmente, consolida o objetivo do projeto de humaniza\u00e7\u00e3o do estudante do Curso de Direito acerca do contexto social em que ele est\u00e1 inserido, bem como o papel da Universidade no sentido de emancipa\u00e7\u00e3o social de grupos especialmente vulner\u00e1veis.<\/span><\/p>\n<p><a href=\"https:\/\/wp.ufpel.edu.br\/libertas\/files\/2023\/12\/HORIZ-ORIGINAL.png\"><img class=\"alignnone size-medium wp-image-1969\" src=\"https:\/\/wp.ufpel.edu.br\/libertas\/files\/2023\/12\/HORIZ-ORIGINAL-400x101.png\" alt=\"\" width=\"400\" height=\"101\" srcset=\"https:\/\/wp.ufpel.edu.br\/libertas\/files\/2023\/12\/HORIZ-ORIGINAL-400x101.png 400w, https:\/\/wp.ufpel.edu.br\/libertas\/files\/2023\/12\/HORIZ-ORIGINAL-768x194.png 768w, https:\/\/wp.ufpel.edu.br\/libertas\/files\/2023\/12\/HORIZ-ORIGINAL.png 886w\" sizes=\"(max-width: 400px) 100vw, 400px\" \/><\/a><\/p>\n<p><strong><span style=\"font-size: 12pt; font-family: georgia, palatino, serif; color: #000000;\">A\u00e7\u00f5es<\/span><\/strong><\/p>\n<p><strong><span style=\"font-size: 12pt; font-family: georgia, palatino, serif; color: #000000;\">Sistema de registro, comunica\u00e7\u00e3o e aten\u00e7\u00e3o a v\u00edtimas de viol\u00eancia institucional em contexto de priva\u00e7\u00e3o de liberdade<\/span><\/strong><\/p>\n<p><span style=\"font-size: 12pt; font-family: georgia, palatino, serif; color: #000000;\">Desenvolvimento de um sistema de registro, comunica\u00e7\u00e3o e aten\u00e7\u00e3o a v\u00edtimas de viol\u00eancia institucional em contexto de priva\u00e7\u00e3o de liberdade. Promover a transpar\u00eancia do registro, a comunica\u00e7\u00e3o das institui\u00e7\u00f5es e organiza\u00e7\u00f5es parceiras, e a solicita\u00e7\u00e3o de medidas de prote\u00e7\u00e3o para as v\u00edtimas. Espera-se o incremento da transpar\u00eancia do registro de vulnera\u00e7\u00f5es e da comunica\u00e7\u00e3o por parte de institui\u00e7\u00f5es p\u00fablicas e organiza\u00e7\u00f5es sociais parceiras \u00e0s institui\u00e7\u00f5es respons\u00e1veis pela suposta vulnera\u00e7\u00e3o solicitando informa\u00e7\u00e3o ou a\u00e7\u00f5es concretas para a prote\u00e7\u00e3o das v\u00edtimas.<\/span><\/p>\n<p><strong><span style=\"font-size: 12pt; font-family: georgia, palatino, serif; color: #000000;\">Balc\u00e3o Virtual de Atendimento Jur\u00eddico a Familiares de Pessoas Presas<\/span><\/strong><\/p>\n<p><span style=\"font-size: 12pt; font-family: georgia, palatino, serif; color: #000000;\">O trabalho possibilita a aproxima\u00e7\u00e3o dos estudantes de gradua\u00e7\u00e3o e p\u00f3s-gradua\u00e7\u00e3o com a realidade das pessoas presas e seus familiares, promovendo a interdisciplinaridade entre teoria e pr\u00e1tica atrav\u00e9s do desenvolvimento de Balc\u00e3o Virtual de atendimento a familiares de pessoas presas. O projeto proporciona \u00e0 comunidade acad\u00eamica a an\u00e1lise de situa\u00e7\u00f5es concretas por meio do atendimento a familiares de pessoas encarceradas, associado a atividades de pesquisa te\u00f3rica, promovendo, assim, uma amplia\u00e7\u00e3o do conhecimento sobre execu\u00e7\u00e3o penal, penalidade e vulnerabilidade social.<\/span><\/p>\n<p><a href=\"https:\/\/wp.ufpel.edu.br\/libertas\/files\/2023\/12\/Balcao-Virtual_logo-2.png\"><img class=\"alignnone size-full wp-image-1970\" src=\"https:\/\/wp.ufpel.edu.br\/libertas\/files\/2023\/12\/Balcao-Virtual_logo-2.png\" alt=\"\" width=\"385\" height=\"185\" \/><\/a><\/p>\n<p><span style=\"color: #0000ff; font-size: 12pt; font-family: georgia, palatino, serif;\"><a style=\"color: #0000ff;\" href=\"https:\/\/institucional.ufpel.edu.br\/projetos\/id\/u1543\">Informa\u00e7\u00e3o institucional UFPel<\/a><\/span><\/p>\n","protected":false},"excerpt":{"rendered":"<p>O projeto se destina ao treinamento da atividade forense na \u00e1rea da execu\u00e7\u00e3o criminal, preparando os alunos para a pr\u00e1tica junto ao cumprimento da pena por meio da elabora\u00e7\u00e3o de pe\u00e7as processuais e o acompanhamento processual da popula\u00e7\u00e3o carcer\u00e1ria da cidade de Pelotas e regi\u00e3o. Concomitantemente com a pr\u00e1xis, ser\u00e1 aperfei\u00e7oado o aprendizado te\u00f3rico, atrav\u00e9s [&hellip;]<\/p>\n","protected":false},"author":440,"featured_media":0,"parent":33,"menu_order":2,"comment_status":"closed","ping_status":"closed","template":"","meta":{"footnotes":""},"class_list":["post-1397","page","type-page","status-publish","hentry"],"_links":{"self":[{"href":"https:\/\/wp.ufpel.edu.br\/libertas\/wp-json\/wp\/v2\/pages\/1397","targetHints":{"allow":["GET"]}}],"collection":[{"href":"https:\/\/wp.ufpel.edu.br\/libertas\/wp-json\/wp\/v2\/pages"}],"about":[{"href":"https:\/\/wp.ufpel.edu.br\/libertas\/wp-json\/wp\/v2\/types\/page"}],"author":[{"embeddable":true,"href":"https:\/\/wp.ufpel.edu.br\/libertas\/wp-json\/wp\/v2\/users\/440"}],"replies":[{"embeddable":true,"href":"https:\/\/wp.ufpel.edu.br\/libertas\/wp-json\/wp\/v2\/comments?post=1397"}],"version-history":[{"count":8,"href":"https:\/\/wp.ufpel.edu.br\/libertas\/wp-json\/wp\/v2\/pages\/1397\/revisions"}],"predecessor-version":[{"id":1971,"href":"https:\/\/wp.ufpel.edu.br\/libertas\/wp-json\/wp\/v2\/pages\/1397\/revisions\/1971"}],"up":[{"embeddable":true,"href":"https:\/\/wp.ufpel.edu.br\/libertas\/wp-json\/wp\/v2\/pages\/33"}],"wp:attachment":[{"href":"https:\/\/wp.ufpel.edu.br\/libertas\/wp-json\/wp\/v2\/media?parent=1397"}],"curies":[{"name":"wp","href":"https:\/\/api.w.org\/{rel}","templated":true}]}}

Clínica Jurídico-Penitenciária

<p><span style="color: #000000; font-size: 12pt; font-family: georgia, palatino, serif;">O projeto se destina ao treinamento da atividade forense na área da execução criminal, preparando os alunos para a prática junto ao cumprimento da pena por meio da elaboração de peças processuais e o acompanhamento processual da população carcerária da cidade de Pelotas e região. Concomitantemente com a práxis, será aperfeiçoado o aprendizado teórico, através de grupos de estudos, seminários e debates com a finalidade de manter sempre atualizado o referencial teórico na seara da execução penal. Aliado à prática e à teoria, a promoção do acesso à justiça para a população encarcerada da cidade de Pelotas e região, eminentemente marginalizada socialmente, consolida o objetivo do projeto de humanização do estudante do Curso de Direito acerca do contexto social em que ele está inserido, bem como o papel da Universidade no sentido de emancipação social de grupos especialmente vulneráveis.</span></p>
<p><a href="https://wp.ufpel.edu.br/libertas/files/2023/12/HORIZ-ORIGINAL.png"><img class="alignnone size-medium wp-image-1969" src="https://wp.ufpel.edu.br/libertas/files/2023/12/HORIZ-ORIGINAL-400x101.png" alt="" width="400" height="101" srcset="https://wp.ufpel.edu.br/libertas/files/2023/12/HORIZ-ORIGINAL-400x101.png 400w, https://wp.ufpel.edu.br/libertas/files/2023/12/HORIZ-ORIGINAL-768x194.png 768w, https://wp.ufpel.edu.br/libertas/files/2023/12/HORIZ-ORIGINAL.png 886w" sizes="(max-width: 400px) 100vw, 400px" /></a></p>
<p><strong><span style="font-size: 12pt; font-family: georgia, palatino, serif; color: #000000;">Ações</span></strong></p>
<p><strong><span style="font-size: 12pt; font-family: georgia, palatino, serif; color: #000000;">Sistema de registro, comunicação e atenção a vítimas de violência institucional em contexto de privação de liberdade</span></strong></p>
<p><span style="font-size: 12pt; font-family: georgia, palatino, serif; color: #000000;">Desenvolvimento de um sistema de registro, comunicação e atenção a vítimas de violência institucional em contexto de privação de liberdade. Promover a transparência do registro, a comunicação das instituições e organizações parceiras, e a solicitação de medidas de proteção para as vítimas. Espera-se o incremento da transparência do registro de vulnerações e da comunicação por parte de instituições públicas e organizações sociais parceiras às instituições responsáveis pela suposta vulneração solicitando informação ou ações concretas para a proteção das vítimas.</span></p>
<p><strong><span style="font-size: 12pt; font-family: georgia, palatino, serif; color: #000000;">Balcão Virtual de Atendimento Jurídico a Familiares de Pessoas Presas</span></strong></p>
<p><span style="font-size: 12pt; font-family: georgia, palatino, serif; color: #000000;">O trabalho possibilita a aproximação dos estudantes de graduação e pós-graduação com a realidade das pessoas presas e seus familiares, promovendo a interdisciplinaridade entre teoria e prática através do desenvolvimento de Balcão Virtual de atendimento a familiares de pessoas presas. O projeto proporciona à comunidade acadêmica a análise de situações concretas por meio do atendimento a familiares de pessoas encarceradas, associado a atividades de pesquisa teórica, promovendo, assim, uma ampliação do conhecimento sobre execução penal, penalidade e vulnerabilidade social.</span></p>
<p><a href="https://wp.ufpel.edu.br/libertas/files/2023/12/Balcao-Virtual_logo-2.png"><img class="alignnone size-full wp-image-1970" src="https://wp.ufpel.edu.br/libertas/files/2023/12/Balcao-Virtual_logo-2.png" alt="" width="385" height="185" /></a></p>
<p><span style="color: #0000ff; font-size: 12pt; font-family: georgia, palatino, serif;"><a style="color: #0000ff;" href="https://institucional.ufpel.edu.br/projetos/id/u1543">Informação institucional UFPel</a></span></p>

<p>O projeto se destina ao treinamento da atividade forense na área da execução criminal, preparando os alunos para a prática junto ao cumprimento da pena por meio da elaboração de peças processuais e o acompanhamento processual da população carcerária da cidade de Pelotas e região. Concomitantemente com a práxis, será aperfeiçoado o aprendizado teórico, através [&hellip;]</p>
