{"id":1357,"date":"2018-04-02T22:58:33","date_gmt":"2018-04-03T01:58:33","guid":{"rendered":"https:\/\/wp.ufpel.edu.br\/libertas\/?page_id=1357"},"modified":"2023-01-13T15:41:29","modified_gmt":"2023-01-13T18:41:29","slug":"dossies","status":"publish","type":"page","link":"https:\/\/wp.ufpel.edu.br\/libertas\/publicacoes\/dossies\/","title":{"rendered":"Dossi\u00eas"},"content":{"rendered":"<p><span style=\"color: #000000;\">ALMEIDA, Bruno Rotta; COSTA, Elaine Cristina Pimentel; MELO, Juliana Gon\u00e7alves. DOSSI\u00ca: \u201cPRIS\u00d5ES, DANO SOCIAL E CONTEXTOS CONTEMPOR\u00c2NEOS (Anais do II Congresso Internacional Puni\u00e7\u00e3o e Controle Social: pris\u00f5es, controle e dano social na Am\u00e9rica Latina\u201d. <strong>Revista Eletr\u00f4nica da Faculdade de Direito da Universidade Federal de Pelotas (UFPel<\/strong>), Vol. 7, N. 1 (2021). ISSN &#8211; 2448-3303<\/span><\/p>\n<p>Dispon\u00edvel <a href=\"https:\/\/periodicos.ufpel.edu.br\/ojs2\/index.php\/revistadireito\/issue\/view\/1060\"><span style=\"color: #0000ff;\">aqui.<\/span><\/a><\/p>\n<p>__<\/p>\n<p><span style=\"color: #000000;\">ALMEIDA, Bruno Rotta; COSTA, Elaine Cristina Pimentel; MELO, Juliana Gon\u00e7alves. DOSSI\u00ca: \u201cEXTENS\u00c3O UNIVERSIT\u00c1RIA E SISTEMA PENAL-PENITENCI\u00c1RIO: APORTES TE\u00d3RICOS E EXPERI\u00caNCIAS DE LUTA, PROJETOS E A\u00c7\u00d5ES\u201d. <strong>Revista Eletr\u00f4nica da Faculdade de Direito da Universidade Federal de Pelotas (UFPel<\/strong>), Vol. 4, N. 1 (2018). ISSN &#8211; 2448-3303<\/span><\/p>\n<p><span style=\"color: #000000;\">Dispon\u00edvel <a style=\"color: #000000;\" href=\"https:\/\/periodicos.ufpel.edu.br\/ojs2\/index.php\/revistadireito\/issue\/view\/783\"><span style=\"color: #0000ff;\">aqui<\/span><\/a>.\u00a0<\/span><\/p>\n<p>__<\/p>\n<p><span style=\"color: #000000;\">]ALMEIDA, Bruno Rotta; CHIES, Luiz Antonio Bogo. DOSSI\u00ca \u201cPUNI\u00c7\u00c3O E CONTROLE SOCIAL: DEGRADA\u00c7\u00d5ES CARCER\u00c1RIAS EM AM\u00c9RICA LATINA E EUROPA\u201d. <strong>Revista Eletr\u00f4nica da Faculdade de Direito da Universidade Federal de Pelotas (UFPel)<\/strong>, Vol. 2, N. 2 (julho a dezembro\/2016).\u00a0ISSN &#8211;\u00a02448-3303<\/span><\/p>\n<p><span style=\"color: #000000;\">Dispon\u00edvel<span style=\"color: #0000ff;\"> <a style=\"color: #0000ff;\" href=\"https:\/\/periodicos.ufpel.edu.br\/ojs2\/index.php\/revistadireito\/issue\/view\/645\">aqui<\/a><\/span>.<\/span><\/p>\n<p>__<\/p>\n<p><span style=\"color: #000000;\">ALMEIDA, Bruno Rotta; CHIES, Luiz Antonio Bogo. DOSSI\u00ca \u201cQUEST\u00c3O PENITENCI\u00c1RIA NO CONE SUL\u201d. <strong>Revista Sociedade em Debate (UCPel),<\/strong>\u00a0Vol. 22, N. 2 (2016).\u00a0ISSN &#8211; 2317-0204<\/span><\/p>\n<p><span style=\"color: #000000;\">Dispon\u00edvel <span style=\"color: #0000ff;\"><a style=\"color: #0000ff;\" href=\"http:\/\/revistas.ucpel.edu.br\/index.php\/rsd\/issue\/view\/109\">aqui<\/a>.<\/span><\/span><\/p>\n<p>&nbsp;<\/p>\n","protected":false},"excerpt":{"rendered":"<p>ALMEIDA, Bruno Rotta; COSTA, Elaine Cristina Pimentel; MELO, Juliana Gon\u00e7alves. DOSSI\u00ca: \u201cPRIS\u00d5ES, DANO SOCIAL E CONTEXTOS CONTEMPOR\u00c2NEOS (Anais do II Congresso Internacional Puni\u00e7\u00e3o e Controle Social: pris\u00f5es, controle e dano social na Am\u00e9rica Latina\u201d. Revista Eletr\u00f4nica da Faculdade de Direito da Universidade Federal de Pelotas (UFPel), Vol. 7, N. 1 (2021). ISSN &#8211; 2448-3303 Dispon\u00edvel [&hellip;]<\/p>\n","protected":false},"author":440,"featured_media":0,"parent":12,"menu_order":2,"comment_status":"closed","ping_status":"closed","template":"","meta":{"footnotes":""},"class_list":["post-1357","page","type-page","status-publish","hentry"],"_links":{"self":[{"href":"https:\/\/wp.ufpel.edu.br\/libertas\/wp-json\/wp\/v2\/pages\/1357","targetHints":{"allow":["GET"]}}],"collection":[{"href":"https:\/\/wp.ufpel.edu.br\/libertas\/wp-json\/wp\/v2\/pages"}],"about":[{"href":"https:\/\/wp.ufpel.edu.br\/libertas\/wp-json\/wp\/v2\/types\/page"}],"author":[{"embeddable":true,"href":"https:\/\/wp.ufpel.edu.br\/libertas\/wp-json\/wp\/v2\/users\/440"}],"replies":[{"embeddable":true,"href":"https:\/\/wp.ufpel.edu.br\/libertas\/wp-json\/wp\/v2\/comments?post=1357"}],"version-history":[{"count":5,"href":"https:\/\/wp.ufpel.edu.br\/libertas\/wp-json\/wp\/v2\/pages\/1357\/revisions"}],"predecessor-version":[{"id":1839,"href":"https:\/\/wp.ufpel.edu.br\/libertas\/wp-json\/wp\/v2\/pages\/1357\/revisions\/1839"}],"up":[{"embeddable":true,"href":"https:\/\/wp.ufpel.edu.br\/libertas\/wp-json\/wp\/v2\/pages\/12"}],"wp:attachment":[{"href":"https:\/\/wp.ufpel.edu.br\/libertas\/wp-json\/wp\/v2\/media?parent=1357"}],"curies":[{"name":"wp","href":"https:\/\/api.w.org\/{rel}","templated":true}]}}

Dossiês

<p><span style="color: #000000;">ALMEIDA, Bruno Rotta; COSTA, Elaine Cristina Pimentel; MELO, Juliana Gonçalves. DOSSIÊ: “PRISÕES, DANO SOCIAL E CONTEXTOS CONTEMPORÂNEOS (Anais do II Congresso Internacional Punição e Controle Social: prisões, controle e dano social na América Latina”. <strong>Revista Eletrônica da Faculdade de Direito da Universidade Federal de Pelotas (UFPel</strong>), Vol. 7, N. 1 (2021). ISSN &#8211; 2448-3303</span></p>
<p>Disponível <a href="https://periodicos.ufpel.edu.br/ojs2/index.php/revistadireito/issue/view/1060"><span style="color: #0000ff;">aqui.</span></a></p>
<p>__</p>
<p><span style="color: #000000;">ALMEIDA, Bruno Rotta; COSTA, Elaine Cristina Pimentel; MELO, Juliana Gonçalves. DOSSIÊ: “EXTENSÃO UNIVERSITÁRIA E SISTEMA PENAL-PENITENCIÁRIO: APORTES TEÓRICOS E EXPERIÊNCIAS DE LUTA, PROJETOS E AÇÕES”. <strong>Revista Eletrônica da Faculdade de Direito da Universidade Federal de Pelotas (UFPel</strong>), Vol. 4, N. 1 (2018). ISSN &#8211; 2448-3303</span></p>
<p><span style="color: #000000;">Disponível <a style="color: #000000;" href="https://periodicos.ufpel.edu.br/ojs2/index.php/revistadireito/issue/view/783"><span style="color: #0000ff;">aqui</span></a>. </span></p>
<p>__</p>
<p><span style="color: #000000;">]ALMEIDA, Bruno Rotta; CHIES, Luiz Antonio Bogo. DOSSIÊ “PUNIÇÃO E CONTROLE SOCIAL: DEGRADAÇÕES CARCERÁRIAS EM AMÉRICA LATINA E EUROPA”. <strong>Revista Eletrônica da Faculdade de Direito da Universidade Federal de Pelotas (UFPel)</strong>, Vol. 2, N. 2 (julho a dezembro/2016). ISSN &#8211; 2448-3303</span></p>
<p><span style="color: #000000;">Disponível<span style="color: #0000ff;"> <a style="color: #0000ff;" href="https://periodicos.ufpel.edu.br/ojs2/index.php/revistadireito/issue/view/645">aqui</a></span>.</span></p>
<p>__</p>
<p><span style="color: #000000;">ALMEIDA, Bruno Rotta; CHIES, Luiz Antonio Bogo. DOSSIÊ “QUESTÃO PENITENCIÁRIA NO CONE SUL”. <strong>Revista Sociedade em Debate (UCPel),</strong> Vol. 22, N. 2 (2016). ISSN &#8211; 2317-0204</span></p>
<p><span style="color: #000000;">Disponível <span style="color: #0000ff;"><a style="color: #0000ff;" href="http://revistas.ucpel.edu.br/index.php/rsd/issue/view/109">aqui</a>.</span></span></p>
<p>&nbsp;</p>

<p>ALMEIDA, Bruno Rotta; COSTA, Elaine Cristina Pimentel; MELO, Juliana Gonçalves. DOSSIÊ: “PRISÕES, DANO SOCIAL E CONTEXTOS CONTEMPORÂNEOS (Anais do II Congresso Internacional Punição e Controle Social: prisões, controle e dano social na América Latina”. Revista Eletrônica da Faculdade de Direito da Universidade Federal de Pelotas (UFPel), Vol. 7, N. 1 (2021). ISSN &#8211; 2448-3303 Disponível [&hellip;]</p>
