{"id":1084,"date":"2016-03-29T12:33:20","date_gmt":"2016-03-29T15:33:20","guid":{"rendered":"https:\/\/wp.ufpel.edu.br\/libertas\/?page_id=1084"},"modified":"2016-03-29T12:33:27","modified_gmt":"2016-03-29T15:33:27","slug":"ensino-aprendizagem-em-ciencias-criminais","status":"publish","type":"page","link":"https:\/\/wp.ufpel.edu.br\/libertas\/grupo-de-estudos\/ensino-aprendizagem-em-ciencias-criminais\/","title":{"rendered":"Ensino-Aprendizagem em Ci\u00eancias Criminais"},"content":{"rendered":"<p style=\"text-align: justify\"><span style=\"color: #000000;font-family: georgia, palatino, serif;font-size: 12pt\">O projeto Ensino-Aprendizagem em Ci\u00eancias Criminais est\u00e1\u00a0vinculado ao Segundo Departamento da Faculdade de Direito da Universidade Federal de Pelotas. O projeto tem como objetivo fomentar a forma\u00e7\u00e3o acad\u00eamica dos discentes e despertar o interesse pela doc\u00eancia, mediante o desempenho de atividades de organiza\u00e7\u00e3o e desenvolvimento do ensino nas seguintes disciplinas: Criminologia, Direito Penal I, Direito Penal II, Direito Penal III, Legisla\u00e7\u00e3o Penal Especial, Direito Processual Penal I, Direito Processual Penal II, Direito da Execu\u00e7\u00e3o Penal e Laborat\u00f3rio de Pr\u00e1tica Jur\u00eddica I e II (pr\u00e1tica penal). Al\u00e9m da inser\u00e7\u00e3o do discente nas atividades de ensino, o projeto prop\u00f5e o desenvolvimento did\u00e1tico-pedag\u00f3gico e da pr\u00f3pria disciplina, visando combater os \u00edndices de reprova\u00e7\u00e3o, reten\u00e7\u00e3o e evas\u00e3o.<\/span><\/p>\n<p><span style=\"color: #000000;font-family: georgia, palatino, serif;font-size: 12pt\">Acesse o site do projeto <strong><a style=\"color: #000000\" href=\"https:\/\/wp.ufpel.edu.br\/cienciascriminais\/\">aqui.<\/a><\/strong>\u00a0<\/span><\/p>\n","protected":false},"excerpt":{"rendered":"<p>O projeto Ensino-Aprendizagem em Ci\u00eancias Criminais est\u00e1\u00a0vinculado ao Segundo Departamento da Faculdade de Direito da Universidade Federal de Pelotas. O projeto tem como objetivo fomentar a forma\u00e7\u00e3o acad\u00eamica dos discentes e despertar o interesse pela doc\u00eancia, mediante o desempenho de atividades de organiza\u00e7\u00e3o e desenvolvimento do ensino nas seguintes disciplinas: Criminologia, Direito Penal I, Direito [&hellip;]<\/p>\n","protected":false},"author":440,"featured_media":0,"parent":157,"menu_order":0,"comment_status":"closed","ping_status":"closed","template":"","meta":{"footnotes":""},"class_list":["post-1084","page","type-page","status-publish","hentry"],"_links":{"self":[{"href":"https:\/\/wp.ufpel.edu.br\/libertas\/wp-json\/wp\/v2\/pages\/1084","targetHints":{"allow":["GET"]}}],"collection":[{"href":"https:\/\/wp.ufpel.edu.br\/libertas\/wp-json\/wp\/v2\/pages"}],"about":[{"href":"https:\/\/wp.ufpel.edu.br\/libertas\/wp-json\/wp\/v2\/types\/page"}],"author":[{"embeddable":true,"href":"https:\/\/wp.ufpel.edu.br\/libertas\/wp-json\/wp\/v2\/users\/440"}],"replies":[{"embeddable":true,"href":"https:\/\/wp.ufpel.edu.br\/libertas\/wp-json\/wp\/v2\/comments?post=1084"}],"version-history":[{"count":1,"href":"https:\/\/wp.ufpel.edu.br\/libertas\/wp-json\/wp\/v2\/pages\/1084\/revisions"}],"predecessor-version":[{"id":1085,"href":"https:\/\/wp.ufpel.edu.br\/libertas\/wp-json\/wp\/v2\/pages\/1084\/revisions\/1085"}],"up":[{"embeddable":true,"href":"https:\/\/wp.ufpel.edu.br\/libertas\/wp-json\/wp\/v2\/pages\/157"}],"wp:attachment":[{"href":"https:\/\/wp.ufpel.edu.br\/libertas\/wp-json\/wp\/v2\/media?parent=1084"}],"curies":[{"name":"wp","href":"https:\/\/api.w.org\/{rel}","templated":true}]}}