{"id":10,"date":"2014-09-03T10:45:05","date_gmt":"2014-09-03T13:45:05","guid":{"rendered":"https:\/\/wp.ufpel.edu.br\/libertas\/?page_id=10"},"modified":"2023-12-09T04:47:57","modified_gmt":"2023-12-09T07:47:57","slug":"defensa","status":"publish","type":"page","link":"https:\/\/wp.ufpel.edu.br\/libertas\/extensao\/defensa\/","title":{"rendered":"DEFENSA &#8211; Assessoria Criminal Popular"},"content":{"rendered":"<p style=\"text-align: justify;\"><span style=\"font-size: 12pt; font-family: georgia, palatino, serif; color: #000000;\">O projeto, fundado em 2011, destina-se ao treinamento da atividade forense na \u00e1rea criminal, preparando os alunos para a pr\u00e1tica penal por meio da elabora\u00e7\u00e3o de pe\u00e7as processuais \u00fateis \u00e0 presta\u00e7\u00e3o de assist\u00eancia jur\u00eddica. Juntamente com a pr\u00e1xis, ser\u00e1 aperfei\u00e7oado o aprendizado te\u00f3rico, atrav\u00e9s de grupos de estudos, semin\u00e1rios e debates com a finalidade de manter sempre atualizado o referencial te\u00f3rico na \u00e1rea criminal. Aliado \u00e0 pr\u00e1tica e \u00e0 teoria, a promo\u00e7\u00e3o do acesso \u00e0 justi\u00e7a para a popula\u00e7\u00e3o de baixa renda da cidade de Pelotas e regi\u00e3o consolida o objetivo do projeto de humaniza\u00e7\u00e3o do estudante do Curso de Direito acerca do contexto social em que o mesmo est\u00e1 inserido, bem como o papel da Universidade no sentido de emancipa\u00e7\u00e3o social de grupos especialmente vulner\u00e1veis.<\/span><\/p>\n<p><span style=\"font-size: 12pt; font-family: georgia, palatino, serif; color: #000000;\"><a href=\"https:\/\/wp.ufpel.edu.br\/libertas\/files\/2023\/12\/HORIZ-ORIGINAL-8.png\"><img class=\"alignnone size-medium wp-image-1972\" src=\"https:\/\/wp.ufpel.edu.br\/libertas\/files\/2023\/12\/HORIZ-ORIGINAL-8-400x157.png\" alt=\"\" width=\"400\" height=\"157\" srcset=\"https:\/\/wp.ufpel.edu.br\/libertas\/files\/2023\/12\/HORIZ-ORIGINAL-8-400x157.png 400w, https:\/\/wp.ufpel.edu.br\/libertas\/files\/2023\/12\/HORIZ-ORIGINAL-8-1024x403.png 1024w, https:\/\/wp.ufpel.edu.br\/libertas\/files\/2023\/12\/HORIZ-ORIGINAL-8-768x302.png 768w, https:\/\/wp.ufpel.edu.br\/libertas\/files\/2023\/12\/HORIZ-ORIGINAL-8.png 1233w\" sizes=\"(max-width: 400px) 100vw, 400px\" \/><\/a><\/span><\/p>\n<p><span style=\"color: #0000ff; font-size: 12pt; font-family: georgia, palatino, serif;\"><a style=\"color: #0000ff;\" href=\"https:\/\/institucional.ufpel.edu.br\/projetos\/id\/u823\">Informa\u00e7\u00e3o institucional UFPel<\/a><\/span><\/p>\n<p>&nbsp;<\/p>\n","protected":false},"excerpt":{"rendered":"<p>O projeto, fundado em 2011, destina-se ao treinamento da atividade forense na \u00e1rea criminal, preparando os alunos para a pr\u00e1tica penal por meio da elabora\u00e7\u00e3o de pe\u00e7as processuais \u00fateis \u00e0 presta\u00e7\u00e3o de assist\u00eancia jur\u00eddica. Juntamente com a pr\u00e1xis, ser\u00e1 aperfei\u00e7oado o aprendizado te\u00f3rico, atrav\u00e9s de grupos de estudos, semin\u00e1rios e debates com a finalidade de [&hellip;]<\/p>\n","protected":false},"author":440,"featured_media":0,"parent":33,"menu_order":0,"comment_status":"closed","ping_status":"closed","template":"","meta":{"footnotes":""},"class_list":["post-10","page","type-page","status-publish","hentry"],"_links":{"self":[{"href":"https:\/\/wp.ufpel.edu.br\/libertas\/wp-json\/wp\/v2\/pages\/10","targetHints":{"allow":["GET"]}}],"collection":[{"href":"https:\/\/wp.ufpel.edu.br\/libertas\/wp-json\/wp\/v2\/pages"}],"about":[{"href":"https:\/\/wp.ufpel.edu.br\/libertas\/wp-json\/wp\/v2\/types\/page"}],"author":[{"embeddable":true,"href":"https:\/\/wp.ufpel.edu.br\/libertas\/wp-json\/wp\/v2\/users\/440"}],"replies":[{"embeddable":true,"href":"https:\/\/wp.ufpel.edu.br\/libertas\/wp-json\/wp\/v2\/comments?post=10"}],"version-history":[{"count":16,"href":"https:\/\/wp.ufpel.edu.br\/libertas\/wp-json\/wp\/v2\/pages\/10\/revisions"}],"predecessor-version":[{"id":1973,"href":"https:\/\/wp.ufpel.edu.br\/libertas\/wp-json\/wp\/v2\/pages\/10\/revisions\/1973"}],"up":[{"embeddable":true,"href":"https:\/\/wp.ufpel.edu.br\/libertas\/wp-json\/wp\/v2\/pages\/33"}],"wp:attachment":[{"href":"https:\/\/wp.ufpel.edu.br\/libertas\/wp-json\/wp\/v2\/media?parent=10"}],"curies":[{"name":"wp","href":"https:\/\/api.w.org\/{rel}","templated":true}]}}

<p style="text-align: justify;"><span style="font-size: 12pt; font-family: georgia, palatino, serif; color: #000000;">O projeto, fundado em 2011, destina-se ao treinamento da atividade forense na área criminal, preparando os alunos para a prática penal por meio da elaboração de peças processuais úteis à prestação de assistência jurídica. Juntamente com a práxis, será aperfeiçoado o aprendizado teórico, através de grupos de estudos, seminários e debates com a finalidade de manter sempre atualizado o referencial teórico na área criminal. Aliado à prática e à teoria, a promoção do acesso à justiça para a população de baixa renda da cidade de Pelotas e região consolida o objetivo do projeto de humanização do estudante do Curso de Direito acerca do contexto social em que o mesmo está inserido, bem como o papel da Universidade no sentido de emancipação social de grupos especialmente vulneráveis.</span></p>
<p><span style="font-size: 12pt; font-family: georgia, palatino, serif; color: #000000;"><a href="https://wp.ufpel.edu.br/libertas/files/2023/12/HORIZ-ORIGINAL-8.png"><img class="alignnone size-medium wp-image-1972" src="https://wp.ufpel.edu.br/libertas/files/2023/12/HORIZ-ORIGINAL-8-400x157.png" alt="" width="400" height="157" srcset="https://wp.ufpel.edu.br/libertas/files/2023/12/HORIZ-ORIGINAL-8-400x157.png 400w, https://wp.ufpel.edu.br/libertas/files/2023/12/HORIZ-ORIGINAL-8-1024x403.png 1024w, https://wp.ufpel.edu.br/libertas/files/2023/12/HORIZ-ORIGINAL-8-768x302.png 768w, https://wp.ufpel.edu.br/libertas/files/2023/12/HORIZ-ORIGINAL-8.png 1233w" sizes="(max-width: 400px) 100vw, 400px" /></a></span></p>
<p><span style="color: #0000ff; font-size: 12pt; font-family: georgia, palatino, serif;"><a style="color: #0000ff;" href="https://institucional.ufpel.edu.br/projetos/id/u823">Informação institucional UFPel</a></span></p>
<p>&nbsp;</p>

<p>O projeto, fundado em 2011, destina-se ao treinamento da atividade forense na área criminal, preparando os alunos para a prática penal por meio da elaboração de peças processuais úteis à prestação de assistência jurídica. Juntamente com a práxis, será aperfeiçoado o aprendizado teórico, através de grupos de estudos, seminários e debates com a finalidade de [&hellip;]</p>
