{"id":62,"date":"2019-05-09T15:27:00","date_gmt":"2019-05-09T18:27:00","guid":{"rendered":"https:\/\/wp.ufpel.edu.br\/lho\/?page_id=62"},"modified":"2019-06-27T15:55:01","modified_gmt":"2019-06-27T18:55:01","slug":"solicite-a-entrevista","status":"publish","type":"page","link":"https:\/\/wp.ufpel.edu.br\/lho\/solicite-a-entrevista\/","title":{"rendered":"Solicite a Entrevista"},"content":{"rendered":"<p style=\"text-align: justify\"><strong><span style=\"color: #ff0000\">ATEN\u00c7\u00c3O!\u00a0<\/span><\/strong>Antes de solicitar a (s) entrevista (s) desejada (s), certifique-se de estar ciente dos termos de uso a seguir.<\/p>\n<ol>\n<li style=\"text-align: justify\"><strong><strong>Ser\u00e1 obrigat\u00f3ria a ades\u00e3o ao &#8220;Termo de Compromisso&#8221; abaixo;<\/strong><\/strong><\/li>\n<li style=\"text-align: justify\">O uso das entrevistas sob guarda do Laborat\u00f3rio de Hist\u00f3ria Oral da UFPel (LaHO) deve ser feito apenas para fins acad\u00eamicos, vedada a sua utiliza\u00e7\u00e3o, no todo ou em parte, para fins comerciais e\/ou outros diversos \u00e0queles afeitos a produ\u00e7\u00e3o e divulga\u00e7\u00e3o de conhecimento cient\u00edfico\/acad\u00eamico;<\/li>\n<li style=\"text-align: justify\">No uso cient\u00edfico\/acad\u00eamico das entrevistas sob guarda do LaHO fica o usu\u00e1rio obrigado a cita\u00e7\u00e3o da fonte:<br \/>\n3.1 &#8211; &#8220;Entrevista realizada com Sr. (a) xxxxx (nome verdadeiro do (a) entrevistado (a)), em xx\/xx\/xxxx&#8221;. Aten\u00e7\u00e3o, se estiver expresso a obrigatoriedade de utiliza\u00e7\u00e3o de nome fict\u00edcio (resguardo da fonte), dever\u00e1 constar &#8220;Entrevista realizada com Sr. (a) xxxxx, cujo nome \u00e9 fict\u00edcio, a seu pedido, em xx\/xx\/xxxx&#8221;. Usar o nome adotado na transcri\u00e7\u00e3o;<br \/>\n3.2 &#8211; Nomes e sobrenomes dos entrevistadores (as);<br \/>\n3.3 &#8211; Projeto ao qual se vincula (quando este constar);<br \/>\n3.4 &#8211; Ano da entrevista;<br \/>\n3.5 &#8211; Dispon\u00edvel em: (copiar e colar o link onde encontra-se a entrevista);<br \/>\n3.6 &#8211; Acesso em: xx\/xx\/xxxx.<br \/>\n<span style=\"color: #999999\">Exemplo 1.<\/span> <strong>Entrevista realizada com a Sra. Maria da Silva, em 10\/11\/2015<\/strong>. Entrevistadora: Lorena Almeida Gill. Projeto: \u00c0 beira da extin\u00e7\u00e3o: mem\u00f3rias de trabalhadores cujos of\u00edcios est\u00e3o em vias de desaparecer. 2015. Dispon\u00edvel em https:\/\/wp.ufpel.edu.br\/lho\/lista\/. Acesso em 09\/05\/2019.<br \/>\n<span style=\"color: #999999\">Exemplo 2.<\/span> <strong>Entrevista realizada com a Sra. Cl\u00e1udia, cujo nome \u00e9 fict\u00edcio, a seu pedido, em 10\/11\/2015<\/strong>. Entrevistadora: Lorena Almeida Gill. Projeto: \u00c0 beira da extin\u00e7\u00e3o: mem\u00f3rias de trabalhadores cujos of\u00edcios est\u00e3o em vias de desaparecer. 2015. Dispon\u00edvel em https:\/\/wp.ufpel.edu.br\/lho\/lista\/. Acesso em 09\/05\/2019.<\/li>\n<li style=\"text-align: justify\">Para qualquer d\u00favida quanto a utiliza\u00e7\u00e3o do material enviado, entre em contato atrav\u00e9s do <a href=\"https:\/\/wp.ufpel.edu.br\/lho\/contato\/\"><strong>seguinte formul\u00e1rio<\/strong><\/a>.<\/li>\n<\/ol>\n\n<div class=\"wpcf7 no-js\" id=\"wpcf7-f65-o1\" lang=\"pt-BR\" dir=\"ltr\" data-wpcf7-id=\"65\">\n<div class=\"screen-reader-response\"><p role=\"status\" aria-live=\"polite\" aria-atomic=\"true\"><\/p> <ul><\/ul><\/div>\n<form action=\"\/lho\/wp-json\/wp\/v2\/pages\/62#wpcf7-f65-o1\" method=\"post\" class=\"wpcf7-form init\" aria-label=\"Formul\u00e1rios de contato\" novalidate=\"novalidate\" data-status=\"init\">\n<fieldset class=\"hidden-fields-container\"><input type=\"hidden\" name=\"_wpcf7\" value=\"65\" \/><input type=\"hidden\" name=\"_wpcf7_version\" value=\"6.1.4\" \/><input type=\"hidden\" name=\"_wpcf7_locale\" value=\"pt_BR\" \/><input type=\"hidden\" name=\"_wpcf7_unit_tag\" value=\"wpcf7-f65-o1\" \/><input type=\"hidden\" name=\"_wpcf7_container_post\" value=\"0\" \/><input type=\"hidden\" name=\"_wpcf7_posted_data_hash\" value=\"\" \/>\n<\/fieldset>\n<p><label> Seu nome (obrigat\u00f3rio)<br \/>\n<span class=\"wpcf7-form-control-wrap\" data-name=\"your-name\"><input size=\"40\" maxlength=\"400\" class=\"wpcf7-form-control wpcf7-text wpcf7-validates-as-required\" aria-required=\"true\" aria-invalid=\"false\" value=\"\" type=\"text\" name=\"your-name\" \/><\/span> <\/label>\n<\/p>\n<p><label> Seu e-mail (obrigat\u00f3rio)<br \/>\n<span class=\"wpcf7-form-control-wrap\" data-name=\"your-email\"><input size=\"40\" maxlength=\"400\" class=\"wpcf7-form-control wpcf7-email wpcf7-validates-as-required wpcf7-text wpcf7-validates-as-email\" aria-required=\"true\" aria-invalid=\"false\" value=\"\" type=\"email\" name=\"your-email\" \/><\/span> <\/label>\n<\/p>\n<p><label> Seu Telefone (obrigat\u00f3rio)<br \/>\n<span class=\"wpcf7-form-control-wrap\" data-name=\"tel-624\"><input size=\"40\" maxlength=\"400\" class=\"wpcf7-form-control wpcf7-tel wpcf7-validates-as-required wpcf7-text wpcf7-validates-as-tel\" aria-required=\"true\" aria-invalid=\"false\" value=\"\" type=\"tel\" name=\"tel-624\" \/><\/span> <\/label>\n<\/p>\n<p><label> Assunto<br \/>\n<span class=\"wpcf7-form-control-wrap\" data-name=\"your-subject\"><input size=\"40\" maxlength=\"400\" class=\"wpcf7-form-control wpcf7-text\" aria-invalid=\"false\" value=\"Solicita\u00e7\u00e3o de Entrevista ao LaHO - UFPel\" type=\"text\" name=\"your-subject\" \/><\/span> <\/label>\n<\/p>\n<p><label> Sua mensagem (digite aqui os dados da (s) entrevista (s) solicitada (s))<br \/>\n<span class=\"wpcf7-form-control-wrap\" data-name=\"your-message\"><textarea cols=\"40\" rows=\"10\" maxlength=\"2000\" class=\"wpcf7-form-control wpcf7-textarea\" aria-invalid=\"false\" name=\"your-message\">Entrevistado (a):\nProjeto:\nEntrevistadores (as):\nData:<\/textarea><\/span> <\/label>\n<\/p>\n<p><label><br \/>\n<span class=\"wpcf7-form-control-wrap\" data-name=\"acceptance-333\"><span class=\"wpcf7-form-control wpcf7-acceptance\"><span class=\"wpcf7-list-item\"><label><input type=\"checkbox\" name=\"acceptance-333\" value=\"1\" aria-invalid=\"false\" \/><span class=\"wpcf7-list-item-label\">Termo de Compromisso<\/span><\/label><\/span><\/span><\/span><br \/>\nDeclaro ter lido as orienta\u00e7\u00f5es e condi\u00e7\u00f5es acima, bem como estar de acordo com as mesmas. Declaro, ainda, total responsabilidade por eventual uso indevido do material que me for enviado, por ocasi\u00e3o de minha solicita\u00e7\u00e3o, pelo Laborat\u00f3rio de Hist\u00f3ria Oral da UFPel.<br \/>\nDeclaro estar ciente que a utiliza\u00e7\u00e3o indevida do material, disponibilizado atrav\u00e9s de meu pedido, incorre na Lei de Diretos Autorais (n\u00ba 9.610 de 19 de fevereiro de 1998), na Lei de Arquivos (n\u00ba 8.159 de 08 de janeiro de 1991) e no C\u00f3digo Penal, eximindo o Laborat\u00f3rio de Hist\u00f3ria Oral da UFPel e o N\u00facleo de Documenta\u00e7\u00e3o Hist\u00f3rica da UFPel - Profa. Beatriz Loner de qualquer responsabilidade. Outrossim, comprometo-me a dar, nos trabalhos elaborados, os cr\u00e9ditos \u00e0s pessoas envolvidas nas entrevistas (entrevistadores e, quando n\u00e3o proibido expressamente, entrevistados), ao LaHO e ao NDH\/UFPel.<\/label>\n<\/p>\n<p><input class=\"wpcf7-form-control wpcf7-submit has-spinner\" type=\"submit\" value=\"Enviar\" \/>\n<\/p><p style=\"display: none !important;\" class=\"akismet-fields-container\" data-prefix=\"_wpcf7_ak_\"><label>&#916;<textarea name=\"_wpcf7_ak_hp_textarea\" cols=\"45\" rows=\"8\" maxlength=\"100\"><\/textarea><\/label><input type=\"hidden\" id=\"ak_js_1\" name=\"_wpcf7_ak_js\" value=\"176\"\/><script>document.getElementById( \"ak_js_1\" ).setAttribute( \"value\", ( new Date() ).getTime() );<\/script><\/p><div class=\"wpcf7-response-output\" aria-hidden=\"true\"><\/div>\n<\/form>\n<\/div>\n\n<p>&nbsp;<\/p>\n","protected":false},"excerpt":{"rendered":"<p>ATEN\u00c7\u00c3O!\u00a0Antes de solicitar a (s) entrevista (s) desejada (s), certifique-se de estar ciente dos termos de uso a seguir. Ser\u00e1 obrigat\u00f3ria a ades\u00e3o ao &#8220;Termo de Compromisso&#8221; abaixo; O uso das entrevistas sob guarda do Laborat\u00f3rio de Hist\u00f3ria Oral da UFPel (LaHO) deve ser feito apenas para fins acad\u00eamicos, vedada a sua utiliza\u00e7\u00e3o, no todo&hellip;<\/p>\n","protected":false},"author":718,"featured_media":0,"parent":0,"menu_order":0,"comment_status":"closed","ping_status":"closed","template":"","meta":{"footnotes":""},"class_list":["post-62","page","type-page","status-publish","hentry"],"_links":{"self":[{"href":"https:\/\/wp.ufpel.edu.br\/lho\/wp-json\/wp\/v2\/pages\/62","targetHints":{"allow":["GET"]}}],"collection":[{"href":"https:\/\/wp.ufpel.edu.br\/lho\/wp-json\/wp\/v2\/pages"}],"about":[{"href":"https:\/\/wp.ufpel.edu.br\/lho\/wp-json\/wp\/v2\/types\/page"}],"author":[{"embeddable":true,"href":"https:\/\/wp.ufpel.edu.br\/lho\/wp-json\/wp\/v2\/users\/718"}],"replies":[{"embeddable":true,"href":"https:\/\/wp.ufpel.edu.br\/lho\/wp-json\/wp\/v2\/comments?post=62"}],"version-history":[{"count":24,"href":"https:\/\/wp.ufpel.edu.br\/lho\/wp-json\/wp\/v2\/pages\/62\/revisions"}],"predecessor-version":[{"id":149,"href":"https:\/\/wp.ufpel.edu.br\/lho\/wp-json\/wp\/v2\/pages\/62\/revisions\/149"}],"wp:attachment":[{"href":"https:\/\/wp.ufpel.edu.br\/lho\/wp-json\/wp\/v2\/media?parent=62"}],"curies":[{"name":"wp","href":"https:\/\/api.w.org\/{rel}","templated":true}]}}

<p style="text-align: justify"><strong><span style="color: #ff0000">ATENÇÃO! </span></strong>Antes de solicitar a (s) entrevista (s) desejada (s), certifique-se de estar ciente dos termos de uso a seguir.</p>
<ol>
<li style="text-align: justify"><strong><strong>Será obrigatória a adesão ao &#8220;Termo de Compromisso&#8221; abaixo;</strong></strong></li>
<li style="text-align: justify">O uso das entrevistas sob guarda do Laboratório de História Oral da UFPel (LaHO) deve ser feito apenas para fins acadêmicos, vedada a sua utilização, no todo ou em parte, para fins comerciais e/ou outros diversos àqueles afeitos a produção e divulgação de conhecimento científico/acadêmico;</li>
<li style="text-align: justify">No uso científico/acadêmico das entrevistas sob guarda do LaHO fica o usuário obrigado a citação da fonte:<br />
3.1 &#8211; &#8220;Entrevista realizada com Sr. (a) xxxxx (nome verdadeiro do (a) entrevistado (a)), em xx/xx/xxxx&#8221;. Atenção, se estiver expresso a obrigatoriedade de utilização de nome fictício (resguardo da fonte), deverá constar &#8220;Entrevista realizada com Sr. (a) xxxxx, cujo nome é fictício, a seu pedido, em xx/xx/xxxx&#8221;. Usar o nome adotado na transcrição;<br />
3.2 &#8211; Nomes e sobrenomes dos entrevistadores (as);<br />
3.3 &#8211; Projeto ao qual se vincula (quando este constar);<br />
3.4 &#8211; Ano da entrevista;<br />
3.5 &#8211; Disponível em: (copiar e colar o link onde encontra-se a entrevista);<br />
3.6 &#8211; Acesso em: xx/xx/xxxx.<br />
<span style="color: #999999">Exemplo 1.</span> <strong>Entrevista realizada com a Sra. Maria da Silva, em 10/11/2015</strong>. Entrevistadora: Lorena Almeida Gill. Projeto: À beira da extinção: memórias de trabalhadores cujos ofícios estão em vias de desaparecer. 2015. Disponível em https://wp.ufpel.edu.br/lho/lista/. Acesso em 09/05/2019.<br />
<span style="color: #999999">Exemplo 2.</span> <strong>Entrevista realizada com a Sra. Cláudia, cujo nome é fictício, a seu pedido, em 10/11/2015</strong>. Entrevistadora: Lorena Almeida Gill. Projeto: À beira da extinção: memórias de trabalhadores cujos ofícios estão em vias de desaparecer. 2015. Disponível em https://wp.ufpel.edu.br/lho/lista/. Acesso em 09/05/2019.</li>
<li style="text-align: justify">Para qualquer dúvida quanto a utilização do material enviado, entre em contato através do <a href="https://wp.ufpel.edu.br/lho/contato/"><strong>seguinte formulário</strong></a>.</li>
</ol>

<div class="wpcf7 no-js" id="wpcf7-f65-o1" lang="pt-BR" dir="ltr" data-wpcf7-id="65">
<div class="screen-reader-response"><p role="status" aria-live="polite" aria-atomic="true"></p> <ul></ul></div>
<form action="/lho/wp-json/wp/v2/pages/62#wpcf7-f65-o1" method="post" class="wpcf7-form init" aria-label="Formulários de contato" novalidate="novalidate" data-status="init">
<fieldset class="hidden-fields-container"><input type="hidden" name="_wpcf7" value="65" /><input type="hidden" name="_wpcf7_version" value="6.1.4" /><input type="hidden" name="_wpcf7_locale" value="pt_BR" /><input type="hidden" name="_wpcf7_unit_tag" value="wpcf7-f65-o1" /><input type="hidden" name="_wpcf7_container_post" value="0" /><input type="hidden" name="_wpcf7_posted_data_hash" value="" />
</fieldset>
<p><label> Seu nome (obrigatório)<br />
<span class="wpcf7-form-control-wrap" data-name="your-name"><input size="40" maxlength="400" class="wpcf7-form-control wpcf7-text wpcf7-validates-as-required" aria-required="true" aria-invalid="false" value="" type="text" name="your-name" /></span> </label>
</p>
<p><label> Seu e-mail (obrigatório)<br />
<span class="wpcf7-form-control-wrap" data-name="your-email"><input size="40" maxlength="400" class="wpcf7-form-control wpcf7-email wpcf7-validates-as-required wpcf7-text wpcf7-validates-as-email" aria-required="true" aria-invalid="false" value="" type="email" name="your-email" /></span> </label>
</p>
<p><label> Seu Telefone (obrigatório)<br />
<span class="wpcf7-form-control-wrap" data-name="tel-624"><input size="40" maxlength="400" class="wpcf7-form-control wpcf7-tel wpcf7-validates-as-required wpcf7-text wpcf7-validates-as-tel" aria-required="true" aria-invalid="false" value="" type="tel" name="tel-624" /></span> </label>
</p>
<p><label> Assunto<br />
<span class="wpcf7-form-control-wrap" data-name="your-subject"><input size="40" maxlength="400" class="wpcf7-form-control wpcf7-text" aria-invalid="false" value="Solicitação de Entrevista ao LaHO - UFPel" type="text" name="your-subject" /></span> </label>
</p>
<p><label> Sua mensagem (digite aqui os dados da (s) entrevista (s) solicitada (s))<br />
<span class="wpcf7-form-control-wrap" data-name="your-message"><textarea cols="40" rows="10" maxlength="2000" class="wpcf7-form-control wpcf7-textarea" aria-invalid="false" name="your-message">Entrevistado (a):
Projeto:
Entrevistadores (as):
Data:</textarea></span> </label>
</p>
<p><label><br />
<span class="wpcf7-form-control-wrap" data-name="acceptance-333"><span class="wpcf7-form-control wpcf7-acceptance"><span class="wpcf7-list-item"><label><input type="checkbox" name="acceptance-333" value="1" aria-invalid="false" /><span class="wpcf7-list-item-label">Termo de Compromisso</span></label></span></span></span><br />
Declaro ter lido as orientações e condições acima, bem como estar de acordo com as mesmas. Declaro, ainda, total responsabilidade por eventual uso indevido do material que me for enviado, por ocasião de minha solicitação, pelo Laboratório de História Oral da UFPel.<br />
Declaro estar ciente que a utilização indevida do material, disponibilizado através de meu pedido, incorre na Lei de Diretos Autorais (nº 9.610 de 19 de fevereiro de 1998), na Lei de Arquivos (nº 8.159 de 08 de janeiro de 1991) e no Código Penal, eximindo o Laboratório de História Oral da UFPel e o Núcleo de Documentação Histórica da UFPel - Profa. Beatriz Loner de qualquer responsabilidade. Outrossim, comprometo-me a dar, nos trabalhos elaborados, os créditos às pessoas envolvidas nas entrevistas (entrevistadores e, quando não proibido expressamente, entrevistados), ao LaHO e ao NDH/UFPel.</label>
</p>
<p><input class="wpcf7-form-control wpcf7-submit has-spinner" type="submit" value="Enviar" />
</p><p style="display: none !important;" class="akismet-fields-container" data-prefix="_wpcf7_ak_"><label>&#916;<textarea name="_wpcf7_ak_hp_textarea" cols="45" rows="8" maxlength="100"></textarea></label><input type="hidden" id="ak_js_1" name="_wpcf7_ak_js" value="176"/><script>document.getElementById( "ak_js_1" ).setAttribute( "value", ( new Date() ).getTime() );</script></p><div class="wpcf7-response-output" aria-hidden="true"></div>
</form>
</div>

<p>&nbsp;</p>

<p>ATENÇÃO! Antes de solicitar a (s) entrevista (s) desejada (s), certifique-se de estar ciente dos termos de uso a seguir. Será obrigatória a adesão ao &#8220;Termo de Compromisso&#8221; abaixo; O uso das entrevistas sob guarda do Laboratório de História Oral da UFPel (LaHO) deve ser feito apenas para fins acadêmicos, vedada a sua utilização, no todo&hellip;</p>
