{"id":48,"date":"2019-05-07T17:11:20","date_gmt":"2019-05-07T20:11:20","guid":{"rendered":"https:\/\/wp.ufpel.edu.br\/lho\/?page_id=48"},"modified":"2019-05-07T17:48:33","modified_gmt":"2019-05-07T20:48:33","slug":"apresentacao","status":"publish","type":"page","link":"https:\/\/wp.ufpel.edu.br\/lho\/","title":{"rendered":"Apresenta\u00e7\u00e3o"},"content":{"rendered":"<p style=\"text-align: justify\">O Laborat\u00f3rio de Hist\u00f3ria Oral (LaHO), da Universidade Federal de Pelotas (UFPel), foi fundado em 2010, para ser um local de arquivamento do acervo audiovisual e escrito de entrevistas e das demais atividades que englobam a metodologia de Hist\u00f3ria Oral.<\/p>\n<p style=\"text-align: justify\">Este \u201cbanco de mem\u00f3rias\u201d \u00e9 continuamente acrescido por narrativas, novos projetos de extens\u00e3o e pesquisa, pela colabora\u00e7\u00e3o de professores, estagi\u00e1rios, bolsistas e volunt\u00e1rios que se interessam pela metodologia.<\/p>\n<p style=\"text-align: justify\">O LaHO, al\u00e9m de desenvolver atividades vinculadas ao N\u00facleo de Documenta\u00e7\u00e3o Hist\u00f3rica (NDH), como entrevistas, transcri\u00e7\u00f5es e guarda de acervo, serve de espa\u00e7o para pr\u00e1ticas de interven\u00e7\u00e3o de alunos dos cursos de Hist\u00f3ria.<\/p>\n<p style=\"text-align: justify\">O acervo conta o material dos seguintes projetos:<\/p>\n<p style=\"text-align: justify\"><strong>\u201cColonos da Palma: a individualiza\u00e7\u00e3o do coletivo\u201d<\/strong>, no qual foram entrevistados trabalhadores vinculados ao Movimento Sem Terra, que ocuparam a Fazenda da Palma, no fim da d\u00e9cada de 1980.<\/p>\n<p style=\"text-align: justify\"><strong>\u201cReconstru\u00e7\u00e3o da Mem\u00f3ria Hist\u00f3rica da UFPel\u201d<\/strong>, que buscou reconstruir a Hist\u00f3ria da UFPel para que sua mem\u00f3ria n\u00e3o se perdesse, ouvindo fundadores da universidade, em suas v\u00e1rias unidades e tamb\u00e9m coletando fotografias e materiais relacionados \u00e0 \u00e9poca da ditadura militar e \u00e0s elei\u00e7\u00f5es para reitor.<\/p>\n<p style=\"text-align: justify\">O projeto\u00a0<strong>\u201cClubes Carnavalescos de Pelotas\u201d<\/strong>\u00a0foi formulado com o objetivo de salvaguardar a mem\u00f3ria de tais clubes, atrav\u00e9s de entrevistas de Hist\u00f3ria Oral tem\u00e1tica e da salvaguarda da documenta\u00e7\u00e3o existente. Dois desses clubes, ainda existentes e em funcionamento, s\u00e3o o Fica A\u00ed Pra Ir Dizendo e o Chove N\u00e3o Molha.<\/p>\n<p style=\"text-align: justify\"><strong>\u201cOs judeus em Pelotas, RS: da persegui\u00e7\u00e3o ao estabelecimento\u201d<\/strong>, foi um projeto que coletou entrevistas com judeus, buscando compreender os motivos de sua migra\u00e7\u00e3o, seus anseios em rela\u00e7\u00e3o \u00e0 cidade, a recep\u00e7\u00e3o que tiveram, o cotidiano de suas vidas, marcas de religiosidade e cultura. Os judeus formam uma comunidade bastante organizada, sendo que no in\u00edcio da imigra\u00e7\u00e3o atuavam principalmente no com\u00e9rcio, e hoje s\u00e3o, sobretudo, m\u00e9dicos, magistrados, professores.<\/p>\n<p style=\"text-align: justify\">\u201c<strong>Hist\u00f3rias de uma doen\u00e7a e de seus enfermos: tuberculose e tuberculosos em Pelotas (RS) 1930 \u2013 1960\u201d<\/strong>\u00a0\u00e9 um projeto que possibilita perceber a hist\u00f3ria dessa doen\u00e7a na cidade, em m\u00faltiplas vis\u00f5es: m\u00e9dicos, pacientes, familiares e de uma visitadora sanit\u00e1ria. O per\u00edodo tamb\u00e9m \u00e9 expressivo, pois, na d\u00e9cada de 20 inicia-se a vacina\u00e7\u00e3o pela BCG; nos anos de 1930 desenvolve-se a abreugrafia e na d\u00e9cada posterior a estreptomicina, as quais contribuem para aumentar a vida do enfermo e mudar as percep\u00e7\u00f5es em rela\u00e7\u00e3o \u00e0 doen\u00e7a.<\/p>\n<p style=\"text-align: justify\"><strong>\u201cMem\u00f3rias da Cidade: Pelotas atrav\u00e9s dos seus moradores\u201d<\/strong>\u00a0buscou coletar depoimentos de moradores sobre a hist\u00f3ria de Pelotas. \u00c9 o \u00fanico projeto do acervo desenvolvido com a metodologia de Hist\u00f3ria Oral de Vida.<\/p>\n<p style=\"text-align: justify\"><strong>\u201c\u00c0 beira da extin\u00e7\u00e3o: mem\u00f3rias de trabalhadores cujos of\u00edcios est\u00e3o em vias de desaparecer\u201d<\/strong>, no qual se observa o cotidiano de vida dos trabalhadores durante a segunda metade do s\u00e9culo XX no Brasil, com o objetivo de preservar os seus relatos, verificar suas posi\u00e7\u00f5es em rela\u00e7\u00e3o a um mundo a cada dia mais industrializado, que acabou extinguindo uma gama de of\u00edcios, at\u00e9 ent\u00e3o vistos como imprescind\u00edveis. Este projeto tra\u00e7a paralelos e contrapontos entre os of\u00edcios em extin\u00e7\u00e3o e os processos da Justi\u00e7a do Trabalho de Pelotas, 1940 \u2013 1995, que integram o NDH. Dentre os of\u00edcios j\u00e1 entrevistados est\u00e3o os de alfaiates, chapeleira, relojoeiros, benzedores (homens e mulheres), parteiras, entre outros. Estas entrevistas foram realizadas nas cidades de Pelotas, Piratini, Jaguar\u00e3o, S\u00e3o Louren\u00e7o do Sul e Sant\u2019ana do Livramento. \u00c9 o projeto atual, que possui narrativas coletadas h\u00e1 cerca de seis anos e agora come\u00e7am a integrar o banco de arquivamento do LAHO.<\/p>\n<p style=\"text-align: justify\">Coordenadora: Profa. Dra. Lorena Gill<\/p>\n","protected":false},"excerpt":{"rendered":"<p>O Laborat\u00f3rio de Hist\u00f3ria Oral (LaHO), da Universidade Federal de Pelotas (UFPel), foi fundado em 2010, para ser um local de arquivamento do acervo audiovisual e escrito de entrevistas e das demais atividades que englobam a metodologia de Hist\u00f3ria Oral. Este \u201cbanco de mem\u00f3rias\u201d \u00e9 continuamente acrescido por narrativas, novos projetos de extens\u00e3o e pesquisa,&hellip;<\/p>\n","protected":false},"author":718,"featured_media":0,"parent":0,"menu_order":0,"comment_status":"closed","ping_status":"closed","template":"","meta":{"footnotes":""},"class_list":["post-48","page","type-page","status-publish","hentry"],"_links":{"self":[{"href":"https:\/\/wp.ufpel.edu.br\/lho\/wp-json\/wp\/v2\/pages\/48","targetHints":{"allow":["GET"]}}],"collection":[{"href":"https:\/\/wp.ufpel.edu.br\/lho\/wp-json\/wp\/v2\/pages"}],"about":[{"href":"https:\/\/wp.ufpel.edu.br\/lho\/wp-json\/wp\/v2\/types\/page"}],"author":[{"embeddable":true,"href":"https:\/\/wp.ufpel.edu.br\/lho\/wp-json\/wp\/v2\/users\/718"}],"replies":[{"embeddable":true,"href":"https:\/\/wp.ufpel.edu.br\/lho\/wp-json\/wp\/v2\/comments?post=48"}],"version-history":[{"count":3,"href":"https:\/\/wp.ufpel.edu.br\/lho\/wp-json\/wp\/v2\/pages\/48\/revisions"}],"predecessor-version":[{"id":59,"href":"https:\/\/wp.ufpel.edu.br\/lho\/wp-json\/wp\/v2\/pages\/48\/revisions\/59"}],"wp:attachment":[{"href":"https:\/\/wp.ufpel.edu.br\/lho\/wp-json\/wp\/v2\/media?parent=48"}],"curies":[{"name":"wp","href":"https:\/\/api.w.org\/{rel}","templated":true}]}}

Apresentação

<p style="text-align: justify">O Laboratório de História Oral (LaHO), da Universidade Federal de Pelotas (UFPel), foi fundado em 2010, para ser um local de arquivamento do acervo audiovisual e escrito de entrevistas e das demais atividades que englobam a metodologia de História Oral.</p>
<p style="text-align: justify">Este “banco de memórias” é continuamente acrescido por narrativas, novos projetos de extensão e pesquisa, pela colaboração de professores, estagiários, bolsistas e voluntários que se interessam pela metodologia.</p>
<p style="text-align: justify">O LaHO, além de desenvolver atividades vinculadas ao Núcleo de Documentação Histórica (NDH), como entrevistas, transcrições e guarda de acervo, serve de espaço para práticas de intervenção de alunos dos cursos de História.</p>
<p style="text-align: justify">O acervo conta o material dos seguintes projetos:</p>
<p style="text-align: justify"><strong>“Colonos da Palma: a individualização do coletivo”</strong>, no qual foram entrevistados trabalhadores vinculados ao Movimento Sem Terra, que ocuparam a Fazenda da Palma, no fim da década de 1980.</p>
<p style="text-align: justify"><strong>“Reconstrução da Memória Histórica da UFPel”</strong>, que buscou reconstruir a História da UFPel para que sua memória não se perdesse, ouvindo fundadores da universidade, em suas várias unidades e também coletando fotografias e materiais relacionados à época da ditadura militar e às eleições para reitor.</p>
<p style="text-align: justify">O projeto <strong>“Clubes Carnavalescos de Pelotas”</strong> foi formulado com o objetivo de salvaguardar a memória de tais clubes, através de entrevistas de História Oral temática e da salvaguarda da documentação existente. Dois desses clubes, ainda existentes e em funcionamento, são o Fica Aí Pra Ir Dizendo e o Chove Não Molha.</p>
<p style="text-align: justify"><strong>“Os judeus em Pelotas, RS: da perseguição ao estabelecimento”</strong>, foi um projeto que coletou entrevistas com judeus, buscando compreender os motivos de sua migração, seus anseios em relação à cidade, a recepção que tiveram, o cotidiano de suas vidas, marcas de religiosidade e cultura. Os judeus formam uma comunidade bastante organizada, sendo que no início da imigração atuavam principalmente no comércio, e hoje são, sobretudo, médicos, magistrados, professores.</p>
<p style="text-align: justify">“<strong>Histórias de uma doença e de seus enfermos: tuberculose e tuberculosos em Pelotas (RS) 1930 – 1960”</strong> é um projeto que possibilita perceber a história dessa doença na cidade, em múltiplas visões: médicos, pacientes, familiares e de uma visitadora sanitária. O período também é expressivo, pois, na década de 20 inicia-se a vacinação pela BCG; nos anos de 1930 desenvolve-se a abreugrafia e na década posterior a estreptomicina, as quais contribuem para aumentar a vida do enfermo e mudar as percepções em relação à doença.</p>
<p style="text-align: justify"><strong>“Memórias da Cidade: Pelotas através dos seus moradores”</strong> buscou coletar depoimentos de moradores sobre a história de Pelotas. É o único projeto do acervo desenvolvido com a metodologia de História Oral de Vida.</p>
<p style="text-align: justify"><strong>“À beira da extinção: memórias de trabalhadores cujos ofícios estão em vias de desaparecer”</strong>, no qual se observa o cotidiano de vida dos trabalhadores durante a segunda metade do século XX no Brasil, com o objetivo de preservar os seus relatos, verificar suas posições em relação a um mundo a cada dia mais industrializado, que acabou extinguindo uma gama de ofícios, até então vistos como imprescindíveis. Este projeto traça paralelos e contrapontos entre os ofícios em extinção e os processos da Justiça do Trabalho de Pelotas, 1940 – 1995, que integram o NDH. Dentre os ofícios já entrevistados estão os de alfaiates, chapeleira, relojoeiros, benzedores (homens e mulheres), parteiras, entre outros. Estas entrevistas foram realizadas nas cidades de Pelotas, Piratini, Jaguarão, São Lourenço do Sul e Sant’ana do Livramento. É o projeto atual, que possui narrativas coletadas há cerca de seis anos e agora começam a integrar o banco de arquivamento do LAHO.</p>
<p style="text-align: justify">Coordenadora: Profa. Dra. Lorena Gill</p>

<p>O Laboratório de História Oral (LaHO), da Universidade Federal de Pelotas (UFPel), foi fundado em 2010, para ser um local de arquivamento do acervo audiovisual e escrito de entrevistas e das demais atividades que englobam a metodologia de História Oral. Este “banco de memórias” é continuamente acrescido por narrativas, novos projetos de extensão e pesquisa,&hellip;</p>
