{"id":343,"date":"2022-09-13T11:22:47","date_gmt":"2022-09-13T14:22:47","guid":{"rendered":"https:\/\/wp.ufpel.edu.br\/lho\/?page_id=343"},"modified":"2022-11-16T09:48:43","modified_gmt":"2022-11-16T12:48:43","slug":"famed","status":"publish","type":"page","link":"https:\/\/wp.ufpel.edu.br\/lho\/famed\/","title":{"rendered":"FAMED &#8211; 60 ANOS"},"content":{"rendered":"<h2 style=\"text-align: justify;\"><span style=\"color: #008000;\"><img loading=\"lazy\" decoding=\"async\" class=\"wp-image-356 alignleft\" src=\"https:\/\/wp.ufpel.edu.br\/lho\/files\/2022\/09\/famed-60-400x333.jpeg\" alt=\"\" width=\"267\" height=\"222\" data-wp-editing=\"1\" srcset=\"https:\/\/wp.ufpel.edu.br\/lho\/files\/2022\/09\/famed-60-400x333.jpeg 400w, https:\/\/wp.ufpel.edu.br\/lho\/files\/2022\/09\/famed-60-1024x853.jpeg 1024w, https:\/\/wp.ufpel.edu.br\/lho\/files\/2022\/09\/famed-60-768x640.jpeg 768w, https:\/\/wp.ufpel.edu.br\/lho\/files\/2022\/09\/famed-60.jpeg 1035w\" sizes=\"auto, (max-width: 267px) 100vw, 267px\" \/>Cartas \u00e0 LEIGA!<\/span><\/h2>\n<p style=\"text-align: justify;\">Na d\u00e9cada de 1950, em Pelotas-RS, um grupo de m\u00e9dicos idealizou a cria\u00e7\u00e3o de uma Faculdade de Medicina Leiga. Com o apoio da sociedade e um trabalho persistente, em 1963 houve o ingresso da primeira turma de acad\u00eamicos (as) na ent\u00e3o formada FAMED.<\/p>\n<p style=\"text-align: justify;\">Ao longo dessas seis d\u00e9cadas, a Leiga (como \u00e9 carinhosamente chamada pelos seus) formou m\u00e9dicas e m\u00e9dicos que alcan\u00e7aram destaque em suas \u00e1reas em n\u00edvel regional, nacional e, mesmo, internacional.<\/p>\n<p style=\"text-align: justify;\">Agora o momento \u00e9 de comemora\u00e7\u00e3o e reencontro com hist\u00f3rias e mem\u00f3rias de todos (as) profissionais que atuaram e\/ou se formaram numa das mais reconhecidas escolas de medicina do pa\u00eds.<\/p>\n<p style=\"text-align: justify;\">Para tanto a Dire\u00e7\u00e3o da FAMED, o N\u00facleo de Documenta\u00e7\u00e3o Hist\u00f3rica da UFPel &#8211; Profa. Beatriz Loner e o Laborat\u00f3rio de Hist\u00f3ria Oral da UFPel est\u00e3o preparando a escrita de um livro que registre a trajet\u00f3ria hist\u00f3rica da Faculdade.<\/p>\n<p style=\"text-align: justify;\">Uma das a\u00e7\u00f5es propostas consiste em construir narrativas de docentes, t\u00e9cnicos e egressos (as) da Leiga.<\/p>\n<p style=\"text-align: justify;\">Assim, propomos a todas e todos que quiserem compartilhar suas viv\u00eancias e experi\u00eancias na Medicina que enviem uma &#8220;carta \u00e0 Leiga&#8221;, dizendo \u00e0quela Faculdade o quanto ela foi (\u00e9) importante na sua trajet\u00f3ria de vida. A carta possui um conte\u00fado livre, mas pode abordar, por exemplo, a trajet\u00f3ria do formado, uma lembran\u00e7a importante que queira compartilhar, ou ainda, pode ser uma carta para o futuro, na qual se pensa a sa\u00fade como um todo.<\/p>\n<p style=\"text-align: justify;\">Esse \u00e9 o convite que fazemos e caso voc\u00ea tenha interesse em compartilhar conosco suas hist\u00f3rias e mem\u00f3rias pedimos que atente para a padroniza\u00e7\u00e3o necess\u00e1ria ao texto, conforme orienta\u00e7\u00f5es abaixo:<\/p>\n<p style=\"text-align: justify;\"><strong>1. Como uma carta, pedimos que n\u00e3o ultrapasse duas laudas (em documento word);<\/strong><br \/>\n<strong>2. A fonte a ser usada \u00e9 Times New Roman, 12, espa\u00e7o 1,5;<\/strong><br \/>\n<strong>3. Margens: superior e inferior: 2,5; esquerda e direita: 3,0;<\/strong><br \/>\n<strong>4. Pode ser anexada \u00e0 carta uma imagem, de livre escolha do interessado. A imagem precisa ter, no m\u00ednimo 300 dpi e vir em formato &#8220;jpeg&#8221; ou &#8220;png&#8221;. A imagem \u00e9 opcional, mas caso exista deve ser enviada junto ao e-mail de envio da carta e com refer\u00eancias (ano, atividade registrada, identifica\u00e7\u00e3o de pessoas e lugares que apare\u00e7am na imagem, etc.).<\/strong><\/p>\n<p style=\"text-align: justify;\"><strong><span style=\"color: #993300;\">ATEN\u00c7\u00c3O<\/span><\/strong>: Caso voc\u00ea resolva compartilhar suas lembran\u00e7as, fique ciente que <strong>o envio da carta e poss\u00edveis imagens constitui em autoriza\u00e7\u00e3o de uso acad\u00eamico\/cient\u00edfico por parte da FAMED, NDH-UFPel e LHO-UFPel<\/strong>. De acordo com crit\u00e9rios editoriais sua narrativa (e poss\u00edveis imagens) poder\u00e1 compor o livro dos 60 anos da FAMED; bem como ser disponibilizado no site do Laborat\u00f3rio de Hist\u00f3ria Oral da UFPel e em outros espa\u00e7os institucionais existentes ou que venham a ser criados com o intuito de divulga\u00e7\u00e3o cient\u00edfica ou comemora\u00e7\u00e3o do anivers\u00e1rio da Faculdade.<\/p>\n<p style=\"text-align: justify;\"><strong>O prazo final para envio das cartas e imagens \u00e9 <span style=\"color: #993300; font-size: 14pt;\">18 de dezembro de 2022<\/span><\/strong> e as mesmas dever\u00e3o ser encaminhadas ao e-mail <span style=\"font-size: 14pt;\"><strong><span style=\"color: #993300;\">ndh.ufpel@gmail.com<\/span><\/strong><\/span>, com o t\u00edtulo do e-mail &#8220;Carta \u00e0 Leiga &#8211; &#8216;nome completo do (a) autor (a)'&#8221;.<br \/>\nNo corpo do e-mail favor colocar informa\u00e7\u00f5es b\u00e1sicas sobre voc\u00ea: Nome completo, titula\u00e7\u00e3o (inclusive com a \u00e1rea de especializa\u00e7\u00e3o), ano de ingresso e sa\u00edda (se for o caso) da FAMED, ATM a qual fez parte e telefone de contato (opcional).<\/p>\n<p>Aguardamos sua contribui\u00e7\u00e3o!<\/p>\n","protected":false},"excerpt":{"rendered":"<p>Cartas \u00e0 LEIGA! Na d\u00e9cada de 1950, em Pelotas-RS, um grupo de m\u00e9dicos idealizou a cria\u00e7\u00e3o de uma Faculdade de Medicina Leiga. Com o apoio da sociedade e um trabalho persistente, em 1963 houve o ingresso da primeira turma de acad\u00eamicos (as) na ent\u00e3o formada FAMED. Ao longo dessas seis d\u00e9cadas, a Leiga (como \u00e9&hellip;<\/p>\n","protected":false},"author":718,"featured_media":0,"parent":0,"menu_order":0,"comment_status":"closed","ping_status":"closed","template":"","meta":{"footnotes":""},"class_list":["post-343","page","type-page","status-publish","hentry"],"_links":{"self":[{"href":"https:\/\/wp.ufpel.edu.br\/lho\/wp-json\/wp\/v2\/pages\/343","targetHints":{"allow":["GET"]}}],"collection":[{"href":"https:\/\/wp.ufpel.edu.br\/lho\/wp-json\/wp\/v2\/pages"}],"about":[{"href":"https:\/\/wp.ufpel.edu.br\/lho\/wp-json\/wp\/v2\/types\/page"}],"author":[{"embeddable":true,"href":"https:\/\/wp.ufpel.edu.br\/lho\/wp-json\/wp\/v2\/users\/718"}],"replies":[{"embeddable":true,"href":"https:\/\/wp.ufpel.edu.br\/lho\/wp-json\/wp\/v2\/comments?post=343"}],"version-history":[{"count":18,"href":"https:\/\/wp.ufpel.edu.br\/lho\/wp-json\/wp\/v2\/pages\/343\/revisions"}],"predecessor-version":[{"id":361,"href":"https:\/\/wp.ufpel.edu.br\/lho\/wp-json\/wp\/v2\/pages\/343\/revisions\/361"}],"wp:attachment":[{"href":"https:\/\/wp.ufpel.edu.br\/lho\/wp-json\/wp\/v2\/media?parent=343"}],"curies":[{"name":"wp","href":"https:\/\/api.w.org\/{rel}","templated":true}]}}