{"id":22,"date":"2019-05-07T16:21:28","date_gmt":"2019-05-07T19:21:28","guid":{"rendered":"https:\/\/wp.ufpel.edu.br\/lho\/?page_id=22"},"modified":"2019-06-27T17:37:29","modified_gmt":"2019-06-27T20:37:29","slug":"contribua","status":"publish","type":"page","link":"https:\/\/wp.ufpel.edu.br\/lho\/contribua\/","title":{"rendered":"Contribua"},"content":{"rendered":"<p style=\"text-align: justify\">O Laborat\u00f3rio de Hist\u00f3ria Oral da UFPel (LaHO-UFPel) recebe doa\u00e7\u00e3o de entrevistas realizadas por pesquisadores que n\u00e3o atuam no Laborat\u00f3rio. <strong>A contribui\u00e7\u00e3o externa \u00e9 um valioso instrumento de consolida\u00e7\u00e3o de um banco de entrevistas robusto e qualificado, motivo pelo qual agradecemos de antem\u00e3o o envio<\/strong>.<\/p>\n<p style=\"text-align: justify\">O LaHO-UFPel reserva-se o direito de avaliar a pertin\u00eancia da divulga\u00e7\u00e3o e disponibiliza\u00e7\u00e3o da entrevista em seu site.<\/p>\n<p style=\"text-align: justify\">O material enviado atrav\u00e9s do formul\u00e1rio de contato abaixo passa a integrar o acervo do LaHO-UFPel a partir da ced\u00eancia dos direitos de uso por parte do propriet\u00e1rio da entrevista. Ao Laborat\u00f3rio cabe resguardar o direito de cita\u00e7\u00e3o da fonte (entrevistado\/a, entrevistador\/a, grupo de pesquisa, projeto, etc.).<\/p>\n<p style=\"text-align: justify\">Cabe \u00e0 parte cedente anexar o arquivo referente a entrevista, bem como ao termo de cess\u00e3o (ambos em formato pdf, doc ou docx). Caso no corpo da entrevista encontre-se a termo de cess\u00e3o, n\u00e3o \u00e9 necess\u00e1rio enviar o termo de forma separada.<\/p>\n<hr \/>\n\n<div class=\"wpcf7 no-js\" id=\"wpcf7-f152-o1\" lang=\"pt-BR\" dir=\"ltr\" data-wpcf7-id=\"152\">\n<div class=\"screen-reader-response\"><p role=\"status\" aria-live=\"polite\" aria-atomic=\"true\"><\/p> <ul><\/ul><\/div>\n<form action=\"\/lho\/wp-json\/wp\/v2\/pages\/22#wpcf7-f152-o1\" method=\"post\" class=\"wpcf7-form init\" aria-label=\"Formul\u00e1rios de contato\" enctype=\"multipart\/form-data\" novalidate=\"novalidate\" data-status=\"init\">\n<fieldset class=\"hidden-fields-container\"><input type=\"hidden\" name=\"_wpcf7\" value=\"152\" \/><input type=\"hidden\" name=\"_wpcf7_version\" value=\"6.1.4\" \/><input type=\"hidden\" name=\"_wpcf7_locale\" value=\"pt_BR\" \/><input type=\"hidden\" name=\"_wpcf7_unit_tag\" value=\"wpcf7-f152-o1\" \/><input type=\"hidden\" name=\"_wpcf7_container_post\" value=\"0\" \/><input type=\"hidden\" name=\"_wpcf7_posted_data_hash\" value=\"\" \/>\n<\/fieldset>\n<p><label> Seu nome (obrigat\u00f3rio)<br \/>\n<span class=\"wpcf7-form-control-wrap\" data-name=\"your-name\"><input size=\"40\" maxlength=\"400\" class=\"wpcf7-form-control wpcf7-text wpcf7-validates-as-required\" aria-required=\"true\" aria-invalid=\"false\" value=\"\" type=\"text\" name=\"your-name\" \/><\/span> <\/label>\n<\/p>\n<p><label> Seu e-mail (obrigat\u00f3rio)<br \/>\n<span class=\"wpcf7-form-control-wrap\" data-name=\"your-email\"><input size=\"40\" maxlength=\"400\" class=\"wpcf7-form-control wpcf7-email wpcf7-validates-as-required wpcf7-text wpcf7-validates-as-email\" aria-required=\"true\" aria-invalid=\"false\" value=\"\" type=\"email\" name=\"your-email\" \/><\/span> <\/label>\n<\/p>\n<p><label> Telefone (obrigat\u00f3rio)<br \/>\n<span class=\"wpcf7-form-control-wrap\" data-name=\"tel-969\"><input size=\"40\" maxlength=\"400\" class=\"wpcf7-form-control wpcf7-tel wpcf7-validates-as-required wpcf7-text wpcf7-validates-as-tel\" aria-required=\"true\" aria-invalid=\"false\" value=\"\" type=\"tel\" name=\"tel-969\" \/><\/span> <\/label>\n<\/p>\n<p><label> Assunto<br \/>\n<span class=\"wpcf7-form-control-wrap\" data-name=\"your-subject\"><input size=\"40\" maxlength=\"400\" class=\"wpcf7-form-control wpcf7-text\" aria-invalid=\"false\" value=\"Doa\u00e7\u00e3o de Entrevista para o LaHO-UFPel\" type=\"text\" name=\"your-subject\" \/><\/span> <\/label>\n<\/p>\n<p><label> Sua mensagem<br \/>\n<span class=\"wpcf7-form-control-wrap\" data-name=\"your-message\"><textarea cols=\"40\" rows=\"10\" maxlength=\"2000\" class=\"wpcf7-form-control wpcf7-textarea\" aria-invalid=\"false\" name=\"your-message\"><\/textarea><\/span> <\/label>\n<\/p>\n<p><label> Entrevista (obrigat\u00f3rio)<br \/>\n<span class=\"wpcf7-form-control-wrap\" data-name=\"file-755\"><input size=\"40\" class=\"wpcf7-form-control wpcf7-file wpcf7-validates-as-required\" accept=\".doc,.docx,.pdf\" aria-required=\"true\" aria-invalid=\"false\" type=\"file\" name=\"file-755\" \/><\/span><\/label>\n<\/p>\n<p><label> Termo de Cess\u00e3o (obrigat\u00f3rio - exceto se estiver contido no arquivo da entrevista)<br \/>\n<span class=\"wpcf7-form-control-wrap\" data-name=\"file-584\"><input size=\"40\" class=\"wpcf7-form-control wpcf7-file\" accept=\".doc,.docx,.pdf\" aria-invalid=\"false\" type=\"file\" name=\"file-584\" \/><\/span><\/label>\n<\/p>\n<p><label><br \/>\n<span class=\"wpcf7-form-control-wrap\" data-name=\"acceptance-333\"><span class=\"wpcf7-form-control wpcf7-acceptance\"><span class=\"wpcf7-list-item\"><label><input type=\"checkbox\" name=\"acceptance-333\" value=\"1\" aria-invalid=\"false\" \/><span class=\"wpcf7-list-item-label\">Termo de Compromisso<\/span><\/label><\/span><\/span><\/span><br \/>\nDeclaro ter lido as orienta\u00e7\u00f5es e condi\u00e7\u00f5es acima, bem como estar de acordo com as mesmas;<br \/>\nDeclaro ser propriet\u00e1rio dos direitos de uso da entrevista ora cedida ao LaHO-UFPel;<br \/>\nAutorizo a utiliza\u00e7\u00e3o para fins acad\u00eamicos e cient\u00edficos da entrevista em anexo.<br \/>\nDeclaro estar ciente que a ced\u00eancia indevida do material ora doado incorre na Lei de Diretos Autorais (n\u00ba 9.610 de 19 de fevereiro de 1998), na Lei de Arquivos (n\u00ba 8.159 de 08 de janeiro de 1991) e no C\u00f3digo Penal, assumindo total responsabilidade pela disponibiliza\u00e7\u00e3o da presente entrevista, eximindo o Laborat\u00f3rio de Hist\u00f3ria Oral da UFPel e o N\u00facleo de Documenta\u00e7\u00e3o Hist\u00f3rica da UFPel - Profa. Beatriz Loner de qualquer responsabilidade.<\/label>\n<\/p>\n<p><input class=\"wpcf7-form-control wpcf7-submit has-spinner\" type=\"submit\" value=\"Enviar\" \/>\n<\/p><p style=\"display: none !important;\" class=\"akismet-fields-container\" data-prefix=\"_wpcf7_ak_\"><label>&#916;<textarea name=\"_wpcf7_ak_hp_textarea\" cols=\"45\" rows=\"8\" maxlength=\"100\"><\/textarea><\/label><input type=\"hidden\" id=\"ak_js_1\" name=\"_wpcf7_ak_js\" value=\"36\"\/><script>document.getElementById( \"ak_js_1\" ).setAttribute( \"value\", ( new Date() ).getTime() );<\/script><\/p><div class=\"wpcf7-response-output\" aria-hidden=\"true\"><\/div>\n<\/form>\n<\/div>\n\n","protected":false},"excerpt":{"rendered":"<p>O Laborat\u00f3rio de Hist\u00f3ria Oral da UFPel (LaHO-UFPel) recebe doa\u00e7\u00e3o de entrevistas realizadas por pesquisadores que n\u00e3o atuam no Laborat\u00f3rio. A contribui\u00e7\u00e3o externa \u00e9 um valioso instrumento de consolida\u00e7\u00e3o de um banco de entrevistas robusto e qualificado, motivo pelo qual agradecemos de antem\u00e3o o envio. O LaHO-UFPel reserva-se o direito de avaliar a pertin\u00eancia da&hellip;<\/p>\n","protected":false},"author":718,"featured_media":0,"parent":0,"menu_order":0,"comment_status":"closed","ping_status":"closed","template":"","meta":{"footnotes":""},"class_list":["post-22","page","type-page","status-publish","hentry"],"_links":{"self":[{"href":"https:\/\/wp.ufpel.edu.br\/lho\/wp-json\/wp\/v2\/pages\/22","targetHints":{"allow":["GET"]}}],"collection":[{"href":"https:\/\/wp.ufpel.edu.br\/lho\/wp-json\/wp\/v2\/pages"}],"about":[{"href":"https:\/\/wp.ufpel.edu.br\/lho\/wp-json\/wp\/v2\/types\/page"}],"author":[{"embeddable":true,"href":"https:\/\/wp.ufpel.edu.br\/lho\/wp-json\/wp\/v2\/users\/718"}],"replies":[{"embeddable":true,"href":"https:\/\/wp.ufpel.edu.br\/lho\/wp-json\/wp\/v2\/comments?post=22"}],"version-history":[{"count":14,"href":"https:\/\/wp.ufpel.edu.br\/lho\/wp-json\/wp\/v2\/pages\/22\/revisions"}],"predecessor-version":[{"id":163,"href":"https:\/\/wp.ufpel.edu.br\/lho\/wp-json\/wp\/v2\/pages\/22\/revisions\/163"}],"wp:attachment":[{"href":"https:\/\/wp.ufpel.edu.br\/lho\/wp-json\/wp\/v2\/media?parent=22"}],"curies":[{"name":"wp","href":"https:\/\/api.w.org\/{rel}","templated":true}]}}