{"id":7,"date":"2020-07-22T17:04:28","date_gmt":"2020-07-22T20:04:28","guid":{"rendered":"https:\/\/wp.ufpel.edu.br\/lgea\/?page_id=7"},"modified":"2021-03-27T13:39:21","modified_gmt":"2021-03-27T16:39:21","slug":"o-laboratorio","status":"publish","type":"page","link":"https:\/\/wp.ufpel.edu.br\/lgea\/o-laboratorio\/","title":{"rendered":"O laborat\u00f3rio"},"content":{"rendered":"<p><strong>Laborat\u00f3rio de Geoprocessamento aplicado a Estudos Ambientais &#8211; LGEA<\/strong><\/p>\n<p>&nbsp;<\/p>\n<p>&nbsp;<\/p>\n<p>O Laborat\u00f3rio de Geoprocessamento aplicado a Estudos Ambientais, agrupa uma s\u00e9rie de atividades nas \u00e1reas did\u00e1tica de ensino, pesquisa e de extens\u00e3o, que envolvem assuntos ligados principalmente a Engenharia Ambiental e Sanit\u00e1ria. O laborat\u00f3rio foi criado no primeiro semestre de 2009 juntamente com a funda\u00e7\u00e3o do Curso de Engenharia Ambiental e Sanit\u00e1ria e implantado inicialmente no Campus Cap\u00e3o do Le\u00e3o. Atualmente o LGEA est\u00e1 localizado no Centro de Engenharias.<\/p>\n<p>O LGEA serve de apoio para as atividades de car\u00e1ter pr\u00e1tico-profissional nas \u00e1reas de saneamento, meio ambiente e energias renov\u00e1veis, visando a complementa\u00e7\u00e3o da profissionaliza\u00e7\u00e3o do aluno. Nesse espa\u00e7o s\u00e3o desenvolvidas experi\u00eancias que visam discutir: planejamento e gest\u00e3o ambiental, dimensionamento nas \u00e1reas de saneamento, monitoramento ambiental, mapeamento ambiental, programa\u00e7\u00e3o, al\u00e9m de ser subsidio para os projetos de extens\u00e3o e pesquisa associadas ao N\u00facleo de Ensino, Pesquisa e Extens\u00e3o em Res\u00edduos e Sustentabilidade e ao N\u00facleo de Ensino, Pesquisa e Extens\u00e3o em Saneamento Ambiental.<\/p>\n<p>&nbsp;<\/p>\n<p>&nbsp;<\/p>\n<p><strong>Localiza\u00e7\u00e3o<\/strong><\/p>\n<p>Campus: Centro de Engenharias &#8211;\u00a0Universidade Federal de Pelotas &#8211; UFPEL<\/p>\n<p>Benjamin Constant,989 &#8211; Sim\u00f5es Lopes\u00a0&#8211; Pelotas &#8211; Rio Grande do Sul<\/p>\n<p>Pr\u00e9dio\/Bloco: Cotada<\/p>\n<p>Sala: 216<\/p>\n<p>&nbsp;<\/p>\n<p><strong>Contato<\/strong><\/p>\n<p>Nome: Comiss\u00e3o de Inform\u00e1tica CENG<\/p>\n<p>E-mail: comissao-de-informatica-do-ceng@googlegroups.com<\/p>\n","protected":false},"excerpt":{"rendered":"<p>Laborat\u00f3rio de Geoprocessamento aplicado a Estudos Ambientais &#8211; LGEA &nbsp; &nbsp; O Laborat\u00f3rio de Geoprocessamento aplicado a Estudos Ambientais, agrupa uma s\u00e9rie de atividades nas \u00e1reas did\u00e1tica de ensino, pesquisa e de extens\u00e3o, que envolvem assuntos ligados principalmente a Engenharia Ambiental e Sanit\u00e1ria. O laborat\u00f3rio foi criado no primeiro semestre de 2009 juntamente com a [&hellip;]<\/p>\n","protected":false},"author":992,"featured_media":0,"parent":0,"menu_order":0,"comment_status":"closed","ping_status":"closed","template":"","meta":{"footnotes":""},"class_list":["post-7","page","type-page","status-publish","hentry"],"_links":{"self":[{"href":"https:\/\/wp.ufpel.edu.br\/lgea\/wp-json\/wp\/v2\/pages\/7","targetHints":{"allow":["GET"]}}],"collection":[{"href":"https:\/\/wp.ufpel.edu.br\/lgea\/wp-json\/wp\/v2\/pages"}],"about":[{"href":"https:\/\/wp.ufpel.edu.br\/lgea\/wp-json\/wp\/v2\/types\/page"}],"author":[{"embeddable":true,"href":"https:\/\/wp.ufpel.edu.br\/lgea\/wp-json\/wp\/v2\/users\/992"}],"replies":[{"embeddable":true,"href":"https:\/\/wp.ufpel.edu.br\/lgea\/wp-json\/wp\/v2\/comments?post=7"}],"version-history":[{"count":2,"href":"https:\/\/wp.ufpel.edu.br\/lgea\/wp-json\/wp\/v2\/pages\/7\/revisions"}],"predecessor-version":[{"id":118,"href":"https:\/\/wp.ufpel.edu.br\/lgea\/wp-json\/wp\/v2\/pages\/7\/revisions\/118"}],"wp:attachment":[{"href":"https:\/\/wp.ufpel.edu.br\/lgea\/wp-json\/wp\/v2\/media?parent=7"}],"curies":[{"name":"wp","href":"https:\/\/api.w.org\/{rel}","templated":true}]}}