{"id":323,"date":"2022-11-10T14:35:38","date_gmt":"2022-11-10T17:35:38","guid":{"rendered":"https:\/\/wp.ufpel.edu.br\/lgea\/?page_id=323"},"modified":"2025-02-06T12:30:37","modified_gmt":"2025-02-06T15:30:37","slug":"links","status":"publish","type":"page","link":"https:\/\/wp.ufpel.edu.br\/lgea\/links\/","title":{"rendered":"Links"},"content":{"rendered":"<p><a href=\"https:\/\/www.youtube.com\/channel\/UC18LcexT8idB5BEWjYKjhsA\" target=\"_blank\" rel=\"noopener\">YOUTUBE<\/a><\/p>\n<p><a href=\"https:\/\/wp.ufpel.edu.br\/ppgcamb\/ppgcamb-em-acao-nova\/\" target=\"_blank\" rel=\"noopener\">Extens\u00e3o<\/a><\/p>\n<p><a href=\"https:\/\/wp.ufpel.edu.br\/ppgcamb\/\" target=\"_blank\" rel=\"noopener\">Programa de P\u00f3s-Gradua\u00e7\u00e3o em Ci\u00eancias Ambientais<\/a><\/p>\n<p><a href=\"https:\/\/guia-comunicacao-climatica.com.br\/#plano-clima\">Guia de Comunica\u00e7\u00e3o Clim\u00e1tica no Brasil<\/a><\/p>\n","protected":false},"excerpt":{"rendered":"<p>YOUTUBE Extens\u00e3o Programa de P\u00f3s-Gradua\u00e7\u00e3o em Ci\u00eancias Ambientais Guia de Comunica\u00e7\u00e3o Clim\u00e1tica no Brasil<\/p>\n","protected":false},"author":992,"featured_media":0,"parent":0,"menu_order":0,"comment_status":"closed","ping_status":"closed","template":"","meta":{"footnotes":""},"class_list":["post-323","page","type-page","status-publish","hentry"],"_links":{"self":[{"href":"https:\/\/wp.ufpel.edu.br\/lgea\/wp-json\/wp\/v2\/pages\/323","targetHints":{"allow":["GET"]}}],"collection":[{"href":"https:\/\/wp.ufpel.edu.br\/lgea\/wp-json\/wp\/v2\/pages"}],"about":[{"href":"https:\/\/wp.ufpel.edu.br\/lgea\/wp-json\/wp\/v2\/types\/page"}],"author":[{"embeddable":true,"href":"https:\/\/wp.ufpel.edu.br\/lgea\/wp-json\/wp\/v2\/users\/992"}],"replies":[{"embeddable":true,"href":"https:\/\/wp.ufpel.edu.br\/lgea\/wp-json\/wp\/v2\/comments?post=323"}],"version-history":[{"count":5,"href":"https:\/\/wp.ufpel.edu.br\/lgea\/wp-json\/wp\/v2\/pages\/323\/revisions"}],"predecessor-version":[{"id":396,"href":"https:\/\/wp.ufpel.edu.br\/lgea\/wp-json\/wp\/v2\/pages\/323\/revisions\/396"}],"wp:attachment":[{"href":"https:\/\/wp.ufpel.edu.br\/lgea\/wp-json\/wp\/v2\/media?parent=323"}],"curies":[{"name":"wp","href":"https:\/\/api.w.org\/{rel}","templated":true}]}}

<p><a href="https://www.youtube.com/channel/UC18LcexT8idB5BEWjYKjhsA" target="_blank" rel="noopener">YOUTUBE</a></p>
<p><a href="https://wp.ufpel.edu.br/ppgcamb/ppgcamb-em-acao-nova/" target="_blank" rel="noopener">Extensão</a></p>
<p><a href="https://wp.ufpel.edu.br/ppgcamb/" target="_blank" rel="noopener">Programa de Pós-Graduação em Ciências Ambientais</a></p>
<p><a href="https://guia-comunicacao-climatica.com.br/#plano-clima">Guia de Comunicação Climática no Brasil</a></p>

<p>YOUTUBE Extensão Programa de Pós-Graduação em Ciências Ambientais Guia de Comunicação Climática no Brasil</p>
