{"id":5,"date":"2015-02-25T02:10:37","date_gmt":"2015-02-25T05:10:37","guid":{"rendered":"https:\/\/wp.ufpel.edu.br\/leurengeo\/?page_id=5"},"modified":"2021-09-27T10:23:12","modified_gmt":"2021-09-27T13:23:12","slug":"apresentacao","status":"publish","type":"page","link":"https:\/\/wp.ufpel.edu.br\/leurengeo\/apresentacao\/","title":{"rendered":"Apresenta\u00e7\u00e3o"},"content":{"rendered":"<p>&nbsp;<\/p>\n<p><a href=\"https:\/\/i0.wp.com\/wp.ufpel.edu.br\/leurengeo\/files\/2019\/10\/cropped-logo-Leur-958-x-275.png?ssl=1\"><img data-recalc-dims=\"1\" loading=\"lazy\" decoding=\"async\" data-attachment-id=\"697\" data-permalink=\"https:\/\/wp.ufpel.edu.br\/leurengeo\/apresentacao\/cropped-logo-leur-958-x-275-png\/\" data-orig-file=\"https:\/\/i0.wp.com\/wp.ufpel.edu.br\/leurengeo\/files\/2019\/10\/cropped-logo-Leur-958-x-275.png?fit=512%2C512&amp;ssl=1\" data-orig-size=\"512,512\" data-comments-opened=\"0\" data-image-meta=\"{&quot;aperture&quot;:&quot;0&quot;,&quot;credit&quot;:&quot;&quot;,&quot;camera&quot;:&quot;&quot;,&quot;caption&quot;:&quot;&quot;,&quot;created_timestamp&quot;:&quot;0&quot;,&quot;copyright&quot;:&quot;&quot;,&quot;focal_length&quot;:&quot;0&quot;,&quot;iso&quot;:&quot;0&quot;,&quot;shutter_speed&quot;:&quot;0&quot;,&quot;title&quot;:&quot;&quot;,&quot;orientation&quot;:&quot;0&quot;}\" data-image-title=\"cropped-logo-Leur-958-x-275.png\" data-image-description=\"&lt;p&gt;https:\/\/wp.ufpel.edu.br\/leurengeo\/files\/2019\/10\/cropped-logo-Leur-958-x-275.png&lt;\/p&gt;\n\" data-image-caption=\"\" data-medium-file=\"https:\/\/i0.wp.com\/wp.ufpel.edu.br\/leurengeo\/files\/2019\/10\/cropped-logo-Leur-958-x-275.png?fit=400%2C400&amp;ssl=1\" data-large-file=\"https:\/\/i0.wp.com\/wp.ufpel.edu.br\/leurengeo\/files\/2019\/10\/cropped-logo-Leur-958-x-275.png?fit=512%2C512&amp;ssl=1\" class=\"aligncenter size-medium wp-image-697\" src=\"https:\/\/i0.wp.com\/wp.ufpel.edu.br\/leurengeo\/files\/2019\/10\/cropped-logo-Leur-958-x-275.png?resize=400%2C400&#038;ssl=1\" alt=\"\" width=\"400\" height=\"400\" srcset=\"https:\/\/i0.wp.com\/wp.ufpel.edu.br\/leurengeo\/files\/2019\/10\/cropped-logo-Leur-958-x-275.png?resize=400%2C400&amp;ssl=1 400w, https:\/\/i0.wp.com\/wp.ufpel.edu.br\/leurengeo\/files\/2019\/10\/cropped-logo-Leur-958-x-275.png?resize=200%2C200&amp;ssl=1 200w, https:\/\/i0.wp.com\/wp.ufpel.edu.br\/leurengeo\/files\/2019\/10\/cropped-logo-Leur-958-x-275.png?resize=270%2C270&amp;ssl=1 270w, https:\/\/i0.wp.com\/wp.ufpel.edu.br\/leurengeo\/files\/2019\/10\/cropped-logo-Leur-958-x-275.png?resize=192%2C192&amp;ssl=1 192w, https:\/\/i0.wp.com\/wp.ufpel.edu.br\/leurengeo\/files\/2019\/10\/cropped-logo-Leur-958-x-275.png?resize=180%2C180&amp;ssl=1 180w, https:\/\/i0.wp.com\/wp.ufpel.edu.br\/leurengeo\/files\/2019\/10\/cropped-logo-Leur-958-x-275.png?resize=32%2C32&amp;ssl=1 32w, https:\/\/i0.wp.com\/wp.ufpel.edu.br\/leurengeo\/files\/2019\/10\/cropped-logo-Leur-958-x-275.png?w=512&amp;ssl=1 512w\" sizes=\"auto, (max-width: 400px) 100vw, 400px\" \/><\/a><\/p>\n<p style=\"text-align: justify\"><span style=\"color: #000000\">O <strong>Laborat\u00f3rio de Estudos Urbanos e Regionais<\/strong> (<strong>LEUR<\/strong>) \u00e9 constitu\u00eddo por professores do Departamento de Geografia e conta tamb\u00e9m com a participa\u00e7\u00e3o de professores, alunos, pesquisadores, bolsistas e monitores de cursos de gradua\u00e7\u00e3o e p\u00f3s-\u00adgradua\u00e7\u00e3o. Est\u00e1 voltado para pesquisa, extens\u00e3o e ensino, com a realiza\u00e7\u00e3o de investiga\u00e7\u00f5es cient\u00edficas, semin\u00e1rios, cursos, grupos de leitura e estudos e outros trabalhos relacionados aos estudos urbanos e regionais. Visa coordenar, no \u00e2mbito do ICH, as a\u00e7\u00f5es voltadas para a organiza\u00e7\u00e3o e sistematiza\u00e7\u00e3o de acervo de trabalhos e bibliografia referidos \u00e0 tem\u00e1tica de investiga\u00e7\u00e3o, dinamizando o estudo da problem\u00e1tica urbana e regional de cunho geogr\u00e1fico, com vistas a constituir uma refer\u00eancia nesta \u00e1rea de estudo e de pesquisa.<br \/>\n<\/span><\/p>\n","protected":false},"excerpt":{"rendered":"<p>&nbsp; O Laborat\u00f3rio de Estudos Urbanos e Regionais (LEUR) \u00e9 constitu\u00eddo por professores do Departamento de Geografia e conta tamb\u00e9m com a participa\u00e7\u00e3o de professores, alunos, pesquisadores, bolsistas e monitores de cursos de gradua\u00e7\u00e3o e p\u00f3s-\u00adgradua\u00e7\u00e3o. Est\u00e1 voltado para pesquisa, extens\u00e3o e ensino, com a realiza\u00e7\u00e3o de investiga\u00e7\u00f5es cient\u00edficas, semin\u00e1rios, cursos, grupos de leitura e &hellip; <a href=\"https:\/\/wp.ufpel.edu.br\/leurengeo\/apresentacao\/\" class=\"more-link\">Continue lendo <span class=\"screen-reader-text\">Apresenta\u00e7\u00e3o<\/span> <span class=\"meta-nav\">&rarr;<\/span><\/a><\/p>\n","protected":false},"author":486,"featured_media":0,"parent":0,"menu_order":0,"comment_status":"closed","ping_status":"closed","template":"","meta":{"jetpack_post_was_ever_published":false,"footnotes":""},"class_list":["post-5","page","type-page","status-publish","hentry"],"jetpack_sharing_enabled":true,"jetpack_shortlink":"https:\/\/wp.me\/P6IcND-5","jetpack-related-posts":[],"_links":{"self":[{"href":"https:\/\/wp.ufpel.edu.br\/leurengeo\/wp-json\/wp\/v2\/pages\/5","targetHints":{"allow":["GET"]}}],"collection":[{"href":"https:\/\/wp.ufpel.edu.br\/leurengeo\/wp-json\/wp\/v2\/pages"}],"about":[{"href":"https:\/\/wp.ufpel.edu.br\/leurengeo\/wp-json\/wp\/v2\/types\/page"}],"author":[{"embeddable":true,"href":"https:\/\/wp.ufpel.edu.br\/leurengeo\/wp-json\/wp\/v2\/users\/486"}],"replies":[{"embeddable":true,"href":"https:\/\/wp.ufpel.edu.br\/leurengeo\/wp-json\/wp\/v2\/comments?post=5"}],"version-history":[{"count":9,"href":"https:\/\/wp.ufpel.edu.br\/leurengeo\/wp-json\/wp\/v2\/pages\/5\/revisions"}],"predecessor-version":[{"id":909,"href":"https:\/\/wp.ufpel.edu.br\/leurengeo\/wp-json\/wp\/v2\/pages\/5\/revisions\/909"}],"wp:attachment":[{"href":"https:\/\/wp.ufpel.edu.br\/leurengeo\/wp-json\/wp\/v2\/media?parent=5"}],"curies":[{"name":"wp","href":"https:\/\/api.w.org\/{rel}","templated":true}]}}