{"id":482,"date":"2019-05-24T15:09:09","date_gmt":"2019-05-24T18:09:09","guid":{"rendered":"https:\/\/wp.ufpel.edu.br\/leurengeo\/?page_id=482"},"modified":"2023-06-27T03:20:35","modified_gmt":"2023-06-27T06:20:35","slug":"pesquisa","status":"publish","type":"page","link":"https:\/\/wp.ufpel.edu.br\/leurengeo\/pesquisa\/","title":{"rendered":"Pesquisa"},"content":{"rendered":"<p>Aqui voc\u00ea encontra os resumos dos Projetos de Pesquisa em andamento no Laborat\u00f3rio de Estudos Urbanos e Regionais. Para maiores informa\u00e7\u00f5es entre em contato com o respectivo coordenador.<\/p>\n<p><a href=\"https:\/\/wp.ufpel.edu.br\/leurengeo\/files\/2019\/05\/Resumo_ATLAS-DO-COM\u00c9RCIO-DE-PELOTAS.pdf\">Resumo_ATLAS DO COM\u00c9RCIO DE PELOTAS &#8211; Sidney Gon\u00e7alves Vieira<\/a><\/p>\n<p><a href=\"https:\/\/wp.ufpel.edu.br\/leurengeo\/files\/2019\/05\/Resumo_REGULA\u00c7\u00c3O-CAPITALISTA-DA-INFORMALIDADE.pdf\">Resumo_REGULA\u00c7\u00c3O CAPITALISTA DA INFORMALIDADE &#8211; Sidney Gon\u00e7alves Vieira<\/a><\/p>\n<p>&nbsp;<\/p>\n<p>Publica\u00e7\u00e3o:<\/p>\n<p><a href=\"https:\/\/wp.ufpel.edu.br\/leurengeo\/files\/2023\/06\/A5-A-Cidade-Fragmentada210905.pdf\" target=\"_blank\" rel=\"noopener\">VIEIRA, Sidney Gon\u00e7alves Vieira. A cidade fragmentada. Pelotas: EDUFPEL, 2005.<\/a><\/p>\n<p>&nbsp;<\/p>\n","protected":false},"excerpt":{"rendered":"<p>Aqui voc\u00ea encontra os resumos dos Projetos de Pesquisa em andamento no Laborat\u00f3rio de Estudos Urbanos e Regionais. Para maiores informa\u00e7\u00f5es entre em contato com o respectivo coordenador. Resumo_ATLAS DO COM\u00c9RCIO DE PELOTAS &#8211; Sidney Gon\u00e7alves Vieira Resumo_REGULA\u00c7\u00c3O CAPITALISTA DA INFORMALIDADE &#8211; Sidney Gon\u00e7alves Vieira &nbsp; Publica\u00e7\u00e3o: VIEIRA, Sidney Gon\u00e7alves Vieira. A cidade fragmentada. Pelotas: &hellip; <a href=\"https:\/\/wp.ufpel.edu.br\/leurengeo\/pesquisa\/\" class=\"more-link\">Continue lendo <span class=\"screen-reader-text\">Pesquisa<\/span> <span class=\"meta-nav\">&rarr;<\/span><\/a><\/p>\n","protected":false},"author":486,"featured_media":0,"parent":0,"menu_order":0,"comment_status":"closed","ping_status":"closed","template":"","meta":{"jetpack_post_was_ever_published":false,"footnotes":""},"class_list":["post-482","page","type-page","status-publish","hentry"],"jetpack_sharing_enabled":true,"jetpack_shortlink":"https:\/\/wp.me\/P6IcND-7M","jetpack-related-posts":[],"_links":{"self":[{"href":"https:\/\/wp.ufpel.edu.br\/leurengeo\/wp-json\/wp\/v2\/pages\/482","targetHints":{"allow":["GET"]}}],"collection":[{"href":"https:\/\/wp.ufpel.edu.br\/leurengeo\/wp-json\/wp\/v2\/pages"}],"about":[{"href":"https:\/\/wp.ufpel.edu.br\/leurengeo\/wp-json\/wp\/v2\/types\/page"}],"author":[{"embeddable":true,"href":"https:\/\/wp.ufpel.edu.br\/leurengeo\/wp-json\/wp\/v2\/users\/486"}],"replies":[{"embeddable":true,"href":"https:\/\/wp.ufpel.edu.br\/leurengeo\/wp-json\/wp\/v2\/comments?post=482"}],"version-history":[{"count":4,"href":"https:\/\/wp.ufpel.edu.br\/leurengeo\/wp-json\/wp\/v2\/pages\/482\/revisions"}],"predecessor-version":[{"id":1146,"href":"https:\/\/wp.ufpel.edu.br\/leurengeo\/wp-json\/wp\/v2\/pages\/482\/revisions\/1146"}],"wp:attachment":[{"href":"https:\/\/wp.ufpel.edu.br\/leurengeo\/wp-json\/wp\/v2\/media?parent=482"}],"curies":[{"name":"wp","href":"https:\/\/api.w.org\/{rel}","templated":true}]}}

<p>Aqui você encontra os resumos dos Projetos de Pesquisa em andamento no Laboratório de Estudos Urbanos e Regionais. Para maiores informações entre em contato com o respectivo coordenador.</p>
<p><a href="https://wp.ufpel.edu.br/leurengeo/files/2019/05/Resumo_ATLAS-DO-COMÉRCIO-DE-PELOTAS.pdf">Resumo_ATLAS DO COMÉRCIO DE PELOTAS &#8211; Sidney Gonçalves Vieira</a></p>
<p><a href="https://wp.ufpel.edu.br/leurengeo/files/2019/05/Resumo_REGULAÇÃO-CAPITALISTA-DA-INFORMALIDADE.pdf">Resumo_REGULAÇÃO CAPITALISTA DA INFORMALIDADE &#8211; Sidney Gonçalves Vieira</a></p>
<p>&nbsp;</p>
<p>Publicação:</p>
<p><a href="https://wp.ufpel.edu.br/leurengeo/files/2023/06/A5-A-Cidade-Fragmentada210905.pdf" target="_blank" rel="noopener">VIEIRA, Sidney Gonçalves Vieira. A cidade fragmentada. Pelotas: EDUFPEL, 2005.</a></p>
<p>&nbsp;</p>

<p>Aqui você encontra os resumos dos Projetos de Pesquisa em andamento no Laboratório de Estudos Urbanos e Regionais. Para maiores informações entre em contato com o respectivo coordenador. Resumo_ATLAS DO COMÉRCIO DE PELOTAS &#8211; Sidney Gonçalves Vieira Resumo_REGULAÇÃO CAPITALISTA DA INFORMALIDADE &#8211; Sidney Gonçalves Vieira &nbsp; Publicação: VIEIRA, Sidney Gonçalves Vieira. A cidade fragmentada. Pelotas: &hellip; <a href="https://wp.ufpel.edu.br/leurengeo/pesquisa/" class="more-link">Continue lendo <span class="screen-reader-text">Pesquisa</span> <span class="meta-nav">&rarr;</span></a></p>
