{"id":476,"date":"2019-05-24T14:14:22","date_gmt":"2019-05-24T17:14:22","guid":{"rendered":"https:\/\/wp.ufpel.edu.br\/leurengeo\/?page_id=476"},"modified":"2019-07-04T21:48:13","modified_gmt":"2019-07-05T00:48:13","slug":"publicacoes-periodicas","status":"publish","type":"page","link":"https:\/\/wp.ufpel.edu.br\/leurengeo\/publicacoes-periodicas\/","title":{"rendered":"Publica\u00e7\u00f5es e Peri\u00f3dicos"},"content":{"rendered":"<p style=\"text-align: center\"><span style=\"font-size: 14pt\"><strong>ANAIS DO SEMIN\u00c1RIO DE ESTUDOS URBANOS E REGIONAIS<\/strong><\/span><\/p>\n<p>O Laborat\u00f3rio de Estudos Urbanos e Regionais (LEUR) mant\u00e9m publica\u00e7\u00e3o peri\u00f3dica dos anais do <strong>Semin\u00e1rio de Estudos Urbanos e Regionais (SEUR)<\/strong>, hospedada no Open Journal System, do Sistema de Peri\u00f3dicos da Universidade Federal de Pelotas.<\/p>\n<p>No link abaixo poder\u00e3o ser consultadas as edi\u00e7\u00f5es de <strong>2010<\/strong> (VI SEUR e III Cidades do Prata), <strong>2011<\/strong> (VII SEUR e Educa\u00e7\u00e3o do Campo e Ensino de Geografia), <strong>2015<\/strong> (XI SEUR e I Cidade e Cidadania), <strong>2018<\/strong> (XIV SEUR) e as edi\u00e7\u00f5es subsequentes.<\/p>\n<p><a href=\"https:\/\/periodicos.ufpel.edu.br\/ojs2\/index.php\/seur\/issue\/archive\" target=\"_blank\" rel=\"noopener noreferrer\"><strong>Anais do SEUR, clique AQUI<\/strong><\/a><\/p>\n<p>&nbsp;<\/p>\n<p style=\"text-align: center\"><span style=\"font-size: 14pt\"><strong>OUTRAS PUBLICA\u00c7\u00d5ES<\/strong><\/span><\/p>\n<p>A seguir, outras publica\u00e7\u00f5es de membros do Laborat\u00f3rio de Estudos Urbanos e Regionais podem ser acessadas.<\/p>\n<p>&nbsp;<\/p>\n<p><a href=\"http:\/\/www.cegot.org\/ojs\/index.php\/GOT\/article\/view\/2018.15.016\" target=\"_blank\" rel=\"noopener noreferrer\">Territorialidades, identidades e perman\u00eancias: o bairro S\u00e3o Gon\u00e7alo na cidade de Pelotas, RS<\/a><\/p>\n<p>Sidney Gon\u00e7alves Vieira, Adriel Costa da Silva, Dione Dutra Lihtnov<\/p>\n<p>&nbsp;<\/p>\n<p><a href=\"http:\/\/www.culturaacademica.com.br\/catalogo\/brasil-e-portugal-vistos-desde-as-cidades\/\" target=\"_blank\" rel=\"noopener noreferrer\">Pelotas e a sobreviv\u00eancia do setor terci\u00e1rio: uma voca\u00e7\u00e3o hist\u00f3rica.<\/a><\/p>\n<p>Sidney Gon\u00e7alves Vieira, Dione Dutra Lihtnov<\/p>\n<p>&nbsp;<\/p>\n<h3><a href=\"http:\/\/cegot.org\/ojs\/index.php\/GOT\/article\/view\/200\" target=\"_blank\" rel=\"noopener noreferrer\"><strong><span style=\"font-size: 10pt\">O zoneamento urbano como estrat\u00e9gia de preserva\u00e7\u00e3o da paisagem cultural do centro hist\u00f3rico de Pelotas, RS.<\/span><\/strong><\/a><\/h3>\n<p>Francine Ribeiro e Sidney Gon\u00e7alves Vieira<\/p>\n<p>&nbsp;<\/p>\n<p>&nbsp;<\/p>\n<p>&nbsp;<\/p>\n","protected":false},"excerpt":{"rendered":"<p>ANAIS DO SEMIN\u00c1RIO DE ESTUDOS URBANOS E REGIONAIS O Laborat\u00f3rio de Estudos Urbanos e Regionais (LEUR) mant\u00e9m publica\u00e7\u00e3o peri\u00f3dica dos anais do Semin\u00e1rio de Estudos Urbanos e Regionais (SEUR), hospedada no Open Journal System, do Sistema de Peri\u00f3dicos da Universidade Federal de Pelotas. No link abaixo poder\u00e3o ser consultadas as edi\u00e7\u00f5es de 2010 (VI SEUR &hellip; <a href=\"https:\/\/wp.ufpel.edu.br\/leurengeo\/publicacoes-periodicas\/\" class=\"more-link\">Continue lendo <span class=\"screen-reader-text\">Publica\u00e7\u00f5es e Peri\u00f3dicos<\/span> <span class=\"meta-nav\">&rarr;<\/span><\/a><\/p>\n","protected":false},"author":486,"featured_media":0,"parent":0,"menu_order":0,"comment_status":"closed","ping_status":"closed","template":"","meta":{"jetpack_post_was_ever_published":false,"footnotes":""},"class_list":["post-476","page","type-page","status-publish","hentry"],"jetpack_sharing_enabled":true,"jetpack_shortlink":"https:\/\/wp.me\/P6IcND-7G","jetpack-related-posts":[],"_links":{"self":[{"href":"https:\/\/wp.ufpel.edu.br\/leurengeo\/wp-json\/wp\/v2\/pages\/476","targetHints":{"allow":["GET"]}}],"collection":[{"href":"https:\/\/wp.ufpel.edu.br\/leurengeo\/wp-json\/wp\/v2\/pages"}],"about":[{"href":"https:\/\/wp.ufpel.edu.br\/leurengeo\/wp-json\/wp\/v2\/types\/page"}],"author":[{"embeddable":true,"href":"https:\/\/wp.ufpel.edu.br\/leurengeo\/wp-json\/wp\/v2\/users\/486"}],"replies":[{"embeddable":true,"href":"https:\/\/wp.ufpel.edu.br\/leurengeo\/wp-json\/wp\/v2\/comments?post=476"}],"version-history":[{"count":4,"href":"https:\/\/wp.ufpel.edu.br\/leurengeo\/wp-json\/wp\/v2\/pages\/476\/revisions"}],"predecessor-version":[{"id":636,"href":"https:\/\/wp.ufpel.edu.br\/leurengeo\/wp-json\/wp\/v2\/pages\/476\/revisions\/636"}],"wp:attachment":[{"href":"https:\/\/wp.ufpel.edu.br\/leurengeo\/wp-json\/wp\/v2\/media?parent=476"}],"curies":[{"name":"wp","href":"https:\/\/api.w.org\/{rel}","templated":true}]}}

Publicações e Periódicos

<p style="text-align: center"><span style="font-size: 14pt"><strong>ANAIS DO SEMINÁRIO DE ESTUDOS URBANOS E REGIONAIS</strong></span></p>
<p>O Laboratório de Estudos Urbanos e Regionais (LEUR) mantém publicação periódica dos anais do <strong>Seminário de Estudos Urbanos e Regionais (SEUR)</strong>, hospedada no Open Journal System, do Sistema de Periódicos da Universidade Federal de Pelotas.</p>
<p>No link abaixo poderão ser consultadas as edições de <strong>2010</strong> (VI SEUR e III Cidades do Prata), <strong>2011</strong> (VII SEUR e Educação do Campo e Ensino de Geografia), <strong>2015</strong> (XI SEUR e I Cidade e Cidadania), <strong>2018</strong> (XIV SEUR) e as edições subsequentes.</p>
<p><a href="https://periodicos.ufpel.edu.br/ojs2/index.php/seur/issue/archive" target="_blank" rel="noopener noreferrer"><strong>Anais do SEUR, clique AQUI</strong></a></p>
<p>&nbsp;</p>
<p style="text-align: center"><span style="font-size: 14pt"><strong>OUTRAS PUBLICAÇÕES</strong></span></p>
<p>A seguir, outras publicações de membros do Laboratório de Estudos Urbanos e Regionais podem ser acessadas.</p>
<p>&nbsp;</p>
<p><a href="http://www.cegot.org/ojs/index.php/GOT/article/view/2018.15.016" target="_blank" rel="noopener noreferrer">Territorialidades, identidades e permanências: o bairro São Gonçalo na cidade de Pelotas, RS</a></p>
<p>Sidney Gonçalves Vieira, Adriel Costa da Silva, Dione Dutra Lihtnov</p>
<p>&nbsp;</p>
<p><a href="http://www.culturaacademica.com.br/catalogo/brasil-e-portugal-vistos-desde-as-cidades/" target="_blank" rel="noopener noreferrer">Pelotas e a sobrevivência do setor terciário: uma vocação histórica.</a></p>
<p>Sidney Gonçalves Vieira, Dione Dutra Lihtnov</p>
<p>&nbsp;</p>
<h3><a href="http://cegot.org/ojs/index.php/GOT/article/view/200" target="_blank" rel="noopener noreferrer"><strong><span style="font-size: 10pt">O zoneamento urbano como estratégia de preservação da paisagem cultural do centro histórico de Pelotas, RS.</span></strong></a></h3>
<p>Francine Ribeiro e Sidney Gonçalves Vieira</p>
<p>&nbsp;</p>
<p>&nbsp;</p>
<p>&nbsp;</p>

<p>ANAIS DO SEMINÁRIO DE ESTUDOS URBANOS E REGIONAIS O Laboratório de Estudos Urbanos e Regionais (LEUR) mantém publicação periódica dos anais do Seminário de Estudos Urbanos e Regionais (SEUR), hospedada no Open Journal System, do Sistema de Periódicos da Universidade Federal de Pelotas. No link abaixo poderão ser consultadas as edições de 2010 (VI SEUR &hellip; <a href="https://wp.ufpel.edu.br/leurengeo/publicacoes-periodicas/" class="more-link">Continue lendo <span class="screen-reader-text">Publicações e Periódicos</span> <span class="meta-nav">&rarr;</span></a></p>
