{"id":440,"date":"2019-05-13T14:27:59","date_gmt":"2019-05-13T17:27:59","guid":{"rendered":"https:\/\/wp.ufpel.edu.br\/leurengeo\/?page_id=440"},"modified":"2019-05-13T15:16:08","modified_gmt":"2019-05-13T18:16:08","slug":"premio-mario-rosa","status":"publish","type":"page","link":"https:\/\/wp.ufpel.edu.br\/leurengeo\/premio-mario-rosa\/","title":{"rendered":"Pr\u00eamio M\u00e1rio Rosa"},"content":{"rendered":"<p>O <strong>Pr\u00eamio Professor M\u00e1rio Rosa do M\u00e9rito Acad\u00eamico em Geografia<\/strong>, foi criado pelo Laborat\u00f3rio de Estudos Urbanos e Regionais em 2012, com o objetivo de homenagear especialmente os profissionais da Geografia que trouxeram \u00e0 nossa ci\u00eancia e disciplina contribui\u00e7\u00f5es que a valorizam no meio acad\u00eamico e social.<\/p>\n<p>&nbsp;<\/p>\n<p>Veja quem foram os <a href=\"https:\/\/wp.ufpel.edu.br\/leurengeo\/premiomariorosa\/homenageados\/\" target=\"_blank\" rel=\"noopener noreferrer\">HOMENAGEADOS.<\/a><\/p>\n<p>Al\u00e9m da Homenagem Especial o pr\u00eamio conta com outras <a href=\"https:\/\/wp.ufpel.edu.br\/leurengeo\/categorias\/\" target=\"_blank\" rel=\"noopener noreferrer\">CATEGORIAS.<\/a><\/p>\n","protected":false},"excerpt":{"rendered":"<p>O Pr\u00eamio Professor M\u00e1rio Rosa do M\u00e9rito Acad\u00eamico em Geografia, foi criado pelo Laborat\u00f3rio de Estudos Urbanos e Regionais em 2012, com o objetivo de homenagear especialmente os profissionais da Geografia que trouxeram \u00e0 nossa ci\u00eancia e disciplina contribui\u00e7\u00f5es que a valorizam no meio acad\u00eamico e social. &nbsp; Veja quem foram os HOMENAGEADOS. Al\u00e9m da &hellip; <a href=\"https:\/\/wp.ufpel.edu.br\/leurengeo\/premio-mario-rosa\/\" class=\"more-link\">Continue lendo <span class=\"screen-reader-text\">Pr\u00eamio M\u00e1rio Rosa<\/span> <span class=\"meta-nav\">&rarr;<\/span><\/a><\/p>\n","protected":false},"author":486,"featured_media":0,"parent":0,"menu_order":0,"comment_status":"closed","ping_status":"closed","template":"","meta":{"jetpack_post_was_ever_published":false,"footnotes":""},"class_list":["post-440","page","type-page","status-publish","hentry"],"jetpack_sharing_enabled":true,"jetpack_shortlink":"https:\/\/wp.me\/P6IcND-76","jetpack-related-posts":[],"_links":{"self":[{"href":"https:\/\/wp.ufpel.edu.br\/leurengeo\/wp-json\/wp\/v2\/pages\/440","targetHints":{"allow":["GET"]}}],"collection":[{"href":"https:\/\/wp.ufpel.edu.br\/leurengeo\/wp-json\/wp\/v2\/pages"}],"about":[{"href":"https:\/\/wp.ufpel.edu.br\/leurengeo\/wp-json\/wp\/v2\/types\/page"}],"author":[{"embeddable":true,"href":"https:\/\/wp.ufpel.edu.br\/leurengeo\/wp-json\/wp\/v2\/users\/486"}],"replies":[{"embeddable":true,"href":"https:\/\/wp.ufpel.edu.br\/leurengeo\/wp-json\/wp\/v2\/comments?post=440"}],"version-history":[{"count":5,"href":"https:\/\/wp.ufpel.edu.br\/leurengeo\/wp-json\/wp\/v2\/pages\/440\/revisions"}],"predecessor-version":[{"id":459,"href":"https:\/\/wp.ufpel.edu.br\/leurengeo\/wp-json\/wp\/v2\/pages\/440\/revisions\/459"}],"wp:attachment":[{"href":"https:\/\/wp.ufpel.edu.br\/leurengeo\/wp-json\/wp\/v2\/media?parent=440"}],"curies":[{"name":"wp","href":"https:\/\/api.w.org\/{rel}","templated":true}]}}