{"id":1246,"date":"2023-09-25T18:41:54","date_gmt":"2023-09-25T21:41:54","guid":{"rendered":"https:\/\/wp.ufpel.edu.br\/leurengeo\/?page_id=1246"},"modified":"2023-09-25T18:41:54","modified_gmt":"2023-09-25T21:41:54","slug":"projetos-2","status":"publish","type":"page","link":"https:\/\/wp.ufpel.edu.br\/leurengeo\/projetos-2\/","title":{"rendered":"Projetos"},"content":{"rendered":"<h2>Projetos<\/h2>\n<p><a href=\"https:\/\/wp.ufpel.edu.br\/leurengeo\/files\/2023\/07\/projeto_6773-3-rascunho.pdf\" target=\"_blank\" rel=\"noopener\">Projeto_UFPEL <\/a><\/p>\n<p><em>Projeto &#8220;<strong>Paisagens Alimentares e Segrega\u00e7\u00e3o Socioespacial. An\u00e1lise do com\u00e9rcio popular de alimenta\u00e7\u00e3o: estudo de caso em Pelotas, RS<\/strong>.&#8221; Projeto base da equipe de trabalho, registrado na plataforma Cobalto de Projetos Unificados (ensino, pesquisa e extens\u00e3o) da UFPEL.<\/em><\/p>\n<p>&nbsp;<\/p>\n<p><a href=\"https:\/\/wp.ufpel.edu.br\/leurengeo\/files\/2023\/07\/VIEIRA_S_G_Foodscapes_Segregacao_2022.pdf\">VIEIRA_S_G_Foodscapes_Segregacao<\/a><\/p>\n<p><em>Projeto registrado junto ao Conselho Nacional de Desenvolvimento Cient\u00edfico e Tecnol\u00f3gico (CNPq) na modalidade Bolsa de Pesquisa em Produtividade de Sidney Gon\u00e7alves Vieira: &#8220;<strong>Paisagens Alimentares e Segrega\u00e7\u00e3o Socioespacial. An\u00e1lise do com\u00e9rcio popular de alimenta\u00e7\u00e3o: estudo de caso em Pelotas, RS<\/strong>.&#8221; <\/em><\/p>\n<p>&nbsp;<\/p>\n<p><a href=\"https:\/\/wp.ufpel.edu.br\/leurengeo\/files\/2023\/07\/LIMA-T_S_de_Horizontes_Autonomia.pdf\">LIMA, T_S_de_Horizontes_Autonomia<\/a><\/p>\n<p><em>Projeto de est\u00e1gio p\u00f3s-doutoral de Theo Soares de Lima: &#8220;<strong>Horizontes de solo e o manejo da autonomia<\/strong>.&#8221;<\/em><\/p>\n<p>&nbsp;<\/p>\n<p><a href=\"https:\/\/wp.ufpel.edu.br\/leurengeo\/files\/2023\/07\/ORTIGARA_A_M_Geografias_das_desigualdades.pdf\">ORTIGARA_A_M_Geografias_das_desigualdades<\/a><\/p>\n<p><em>Projeto de est\u00e1gio p\u00f3s-doutoral de Andrea Maio Ortigara: &#8220;<strong>Geografia das desigualdades socioecon\u00f4micas e determinantes da fome: an\u00e1lise das paisagens alimentares em Pelotas, RS.&#8221;<\/strong><\/em><\/p>\n<p>&nbsp;<\/p>\n<p tabindex=\"0\">\n","protected":false},"excerpt":{"rendered":"<p>Projetos Projeto_UFPEL Projeto &#8220;Paisagens Alimentares e Segrega\u00e7\u00e3o Socioespacial. An\u00e1lise do com\u00e9rcio popular de alimenta\u00e7\u00e3o: estudo de caso em Pelotas, RS.&#8221; Projeto base da equipe de trabalho, registrado na plataforma Cobalto de Projetos Unificados (ensino, pesquisa e extens\u00e3o) da UFPEL. &nbsp; VIEIRA_S_G_Foodscapes_Segregacao Projeto registrado junto ao Conselho Nacional de Desenvolvimento Cient\u00edfico e Tecnol\u00f3gico (CNPq) na modalidade &hellip; <a href=\"https:\/\/wp.ufpel.edu.br\/leurengeo\/projetos-2\/\" class=\"more-link\">Continue lendo <span class=\"screen-reader-text\">Projetos<\/span> <span class=\"meta-nav\">&rarr;<\/span><\/a><\/p>\n","protected":false},"author":486,"featured_media":0,"parent":0,"menu_order":0,"comment_status":"closed","ping_status":"closed","template":"","meta":{"jetpack_post_was_ever_published":false,"footnotes":""},"class_list":["post-1246","page","type-page","status-publish","hentry"],"jetpack_sharing_enabled":true,"jetpack_shortlink":"https:\/\/wp.me\/P6IcND-k6","jetpack-related-posts":[],"_links":{"self":[{"href":"https:\/\/wp.ufpel.edu.br\/leurengeo\/wp-json\/wp\/v2\/pages\/1246","targetHints":{"allow":["GET"]}}],"collection":[{"href":"https:\/\/wp.ufpel.edu.br\/leurengeo\/wp-json\/wp\/v2\/pages"}],"about":[{"href":"https:\/\/wp.ufpel.edu.br\/leurengeo\/wp-json\/wp\/v2\/types\/page"}],"author":[{"embeddable":true,"href":"https:\/\/wp.ufpel.edu.br\/leurengeo\/wp-json\/wp\/v2\/users\/486"}],"replies":[{"embeddable":true,"href":"https:\/\/wp.ufpel.edu.br\/leurengeo\/wp-json\/wp\/v2\/comments?post=1246"}],"version-history":[{"count":1,"href":"https:\/\/wp.ufpel.edu.br\/leurengeo\/wp-json\/wp\/v2\/pages\/1246\/revisions"}],"predecessor-version":[{"id":1248,"href":"https:\/\/wp.ufpel.edu.br\/leurengeo\/wp-json\/wp\/v2\/pages\/1246\/revisions\/1248"}],"wp:attachment":[{"href":"https:\/\/wp.ufpel.edu.br\/leurengeo\/wp-json\/wp\/v2\/media?parent=1246"}],"curies":[{"name":"wp","href":"https:\/\/api.w.org\/{rel}","templated":true}]}}

<h2>Projetos</h2>
<p><a href="https://wp.ufpel.edu.br/leurengeo/files/2023/07/projeto_6773-3-rascunho.pdf" target="_blank" rel="noopener">Projeto_UFPEL </a></p>
<p><em>Projeto &#8220;<strong>Paisagens Alimentares e Segregação Socioespacial. Análise do comércio popular de alimentação: estudo de caso em Pelotas, RS</strong>.&#8221; Projeto base da equipe de trabalho, registrado na plataforma Cobalto de Projetos Unificados (ensino, pesquisa e extensão) da UFPEL.</em></p>
<p>&nbsp;</p>
<p><a href="https://wp.ufpel.edu.br/leurengeo/files/2023/07/VIEIRA_S_G_Foodscapes_Segregacao_2022.pdf">VIEIRA_S_G_Foodscapes_Segregacao</a></p>
<p><em>Projeto registrado junto ao Conselho Nacional de Desenvolvimento Científico e Tecnológico (CNPq) na modalidade Bolsa de Pesquisa em Produtividade de Sidney Gonçalves Vieira: &#8220;<strong>Paisagens Alimentares e Segregação Socioespacial. Análise do comércio popular de alimentação: estudo de caso em Pelotas, RS</strong>.&#8221; </em></p>
<p>&nbsp;</p>
<p><a href="https://wp.ufpel.edu.br/leurengeo/files/2023/07/LIMA-T_S_de_Horizontes_Autonomia.pdf">LIMA, T_S_de_Horizontes_Autonomia</a></p>
<p><em>Projeto de estágio pós-doutoral de Theo Soares de Lima: &#8220;<strong>Horizontes de solo e o manejo da autonomia</strong>.&#8221;</em></p>
<p>&nbsp;</p>
<p><a href="https://wp.ufpel.edu.br/leurengeo/files/2023/07/ORTIGARA_A_M_Geografias_das_desigualdades.pdf">ORTIGARA_A_M_Geografias_das_desigualdades</a></p>
<p><em>Projeto de estágio pós-doutoral de Andrea Maio Ortigara: &#8220;<strong>Geografia das desigualdades socioeconômicas e determinantes da fome: análise das paisagens alimentares em Pelotas, RS.&#8221;</strong></em></p>
<p>&nbsp;</p>
<p tabindex="0">

<p>Projetos Projeto_UFPEL Projeto &#8220;Paisagens Alimentares e Segregação Socioespacial. Análise do comércio popular de alimentação: estudo de caso em Pelotas, RS.&#8221; Projeto base da equipe de trabalho, registrado na plataforma Cobalto de Projetos Unificados (ensino, pesquisa e extensão) da UFPEL. &nbsp; VIEIRA_S_G_Foodscapes_Segregacao Projeto registrado junto ao Conselho Nacional de Desenvolvimento Científico e Tecnológico (CNPq) na modalidade &hellip; <a href="https://wp.ufpel.edu.br/leurengeo/projetos-2/" class="more-link">Continue lendo <span class="screen-reader-text">Projetos</span> <span class="meta-nav">&rarr;</span></a></p>
