{"id":1151,"date":"2023-07-04T17:50:03","date_gmt":"2023-07-04T20:50:03","guid":{"rendered":"https:\/\/wp.ufpel.edu.br\/leurengeo\/?page_id=1151"},"modified":"2023-09-25T18:47:03","modified_gmt":"2023-09-25T21:47:03","slug":"paisagens-alimentares","status":"publish","type":"page","link":"https:\/\/wp.ufpel.edu.br\/leurengeo\/paisagens-alimentares\/","title":{"rendered":"Paisagens Alimentares"},"content":{"rendered":"<h2 style=\"text-align: center;\">Grupo de Estudos Paisagens Alimentares<\/h2>\n<p style=\"text-align: center;\"><a href=\"https:\/\/i0.wp.com\/wp.ufpel.edu.br\/leurengeo\/files\/2023\/07\/fome.jpeg?ssl=1\"><img data-recalc-dims=\"1\" loading=\"lazy\" decoding=\"async\" data-attachment-id=\"1166\" data-permalink=\"https:\/\/wp.ufpel.edu.br\/leurengeo\/paisagens-alimentares\/fome\/\" data-orig-file=\"https:\/\/i0.wp.com\/wp.ufpel.edu.br\/leurengeo\/files\/2023\/07\/fome.jpeg?fit=318%2C159&amp;ssl=1\" data-orig-size=\"318,159\" data-comments-opened=\"0\" data-image-meta=\"{&quot;aperture&quot;:&quot;0&quot;,&quot;credit&quot;:&quot;&quot;,&quot;camera&quot;:&quot;&quot;,&quot;caption&quot;:&quot;&quot;,&quot;created_timestamp&quot;:&quot;0&quot;,&quot;copyright&quot;:&quot;&quot;,&quot;focal_length&quot;:&quot;0&quot;,&quot;iso&quot;:&quot;0&quot;,&quot;shutter_speed&quot;:&quot;0&quot;,&quot;title&quot;:&quot;&quot;,&quot;orientation&quot;:&quot;0&quot;}\" data-image-title=\"fome\" data-image-description=\"\" data-image-caption=\"\" data-medium-file=\"https:\/\/i0.wp.com\/wp.ufpel.edu.br\/leurengeo\/files\/2023\/07\/fome.jpeg?fit=318%2C159&amp;ssl=1\" data-large-file=\"https:\/\/i0.wp.com\/wp.ufpel.edu.br\/leurengeo\/files\/2023\/07\/fome.jpeg?fit=318%2C159&amp;ssl=1\" class=\"alignnone size-full wp-image-1166\" src=\"https:\/\/i0.wp.com\/wp.ufpel.edu.br\/leurengeo\/files\/2023\/07\/fome.jpeg?resize=318%2C159&#038;ssl=1\" alt=\"\" width=\"318\" height=\"159\" \/><\/a><\/p>\n<p style=\"text-align: center;\"><span style=\"font-size: 8pt;\">&#8220;Os Retirantes&#8221;. Portinari<\/span><br \/>\n<span style=\"font-size: 8pt;\">Fonte: https:\/\/www.revistaprosaversoearte.com\/os-retirantes-de-portinari-e-a-geografia-da-fome-de-josue-de-castro\/<\/span><\/p>\n<p>&nbsp;<\/p>\n<p>Paisagens Alimentares \u00e9 um Grupo de Estudos e Pesquisas que trata da an\u00e1lise da paisagem na perspectiva da produ\u00e7\u00e3o e consumo alimentar. Nesse sentido, fazem parte das an\u00e1lises e pesquisas temas como a fome, soberania e seguran\u00e7a alimentar e nutricional, a produ\u00e7\u00e3o alimentar, pr\u00e1ticas alimentares e as estrat\u00e9gias para obten\u00e7\u00e3o de comida.<\/p>\n<p>Participam professores, estudantes e pesquisadores de diversos cursos e institui\u00e7\u00f5es com interesse na tem\u00e1tica.<\/p>\n<p>Navegue nesta aba e conhe\u00e7a a equipe, os projetos em andamento e nosso di\u00e1rio de trabalho.<\/p>\n<p tabindex=\"0\">\n","protected":false},"excerpt":{"rendered":"<p>Grupo de Estudos Paisagens Alimentares &#8220;Os Retirantes&#8221;. Portinari Fonte: https:\/\/www.revistaprosaversoearte.com\/os-retirantes-de-portinari-e-a-geografia-da-fome-de-josue-de-castro\/ &nbsp; Paisagens Alimentares \u00e9 um Grupo de Estudos e Pesquisas que trata da an\u00e1lise da paisagem na perspectiva da produ\u00e7\u00e3o e consumo alimentar. Nesse sentido, fazem parte das an\u00e1lises e pesquisas temas como a fome, soberania e seguran\u00e7a alimentar e nutricional, a produ\u00e7\u00e3o alimentar, pr\u00e1ticas &hellip; <a href=\"https:\/\/wp.ufpel.edu.br\/leurengeo\/paisagens-alimentares\/\" class=\"more-link\">Continue lendo <span class=\"screen-reader-text\">Paisagens Alimentares<\/span> <span class=\"meta-nav\">&rarr;<\/span><\/a><\/p>\n","protected":false},"author":486,"featured_media":1166,"parent":0,"menu_order":0,"comment_status":"closed","ping_status":"closed","template":"","meta":{"jetpack_post_was_ever_published":false,"footnotes":""},"class_list":["post-1151","page","type-page","status-publish","has-post-thumbnail","hentry"],"jetpack_sharing_enabled":true,"jetpack_shortlink":"https:\/\/wp.me\/P6IcND-iz","jetpack-related-posts":[],"_links":{"self":[{"href":"https:\/\/wp.ufpel.edu.br\/leurengeo\/wp-json\/wp\/v2\/pages\/1151","targetHints":{"allow":["GET"]}}],"collection":[{"href":"https:\/\/wp.ufpel.edu.br\/leurengeo\/wp-json\/wp\/v2\/pages"}],"about":[{"href":"https:\/\/wp.ufpel.edu.br\/leurengeo\/wp-json\/wp\/v2\/types\/page"}],"author":[{"embeddable":true,"href":"https:\/\/wp.ufpel.edu.br\/leurengeo\/wp-json\/wp\/v2\/users\/486"}],"replies":[{"embeddable":true,"href":"https:\/\/wp.ufpel.edu.br\/leurengeo\/wp-json\/wp\/v2\/comments?post=1151"}],"version-history":[{"count":19,"href":"https:\/\/wp.ufpel.edu.br\/leurengeo\/wp-json\/wp\/v2\/pages\/1151\/revisions"}],"predecessor-version":[{"id":1252,"href":"https:\/\/wp.ufpel.edu.br\/leurengeo\/wp-json\/wp\/v2\/pages\/1151\/revisions\/1252"}],"wp:featuredmedia":[{"embeddable":true,"href":"https:\/\/wp.ufpel.edu.br\/leurengeo\/wp-json\/wp\/v2\/media\/1166"}],"wp:attachment":[{"href":"https:\/\/wp.ufpel.edu.br\/leurengeo\/wp-json\/wp\/v2\/media?parent=1151"}],"curies":[{"name":"wp","href":"https:\/\/api.w.org\/{rel}","templated":true}]}}

<h2 style="text-align: center;">Grupo de Estudos Paisagens Alimentares</h2>
<p style="text-align: center;"><a href="https://i0.wp.com/wp.ufpel.edu.br/leurengeo/files/2023/07/fome.jpeg?ssl=1"><img data-recalc-dims="1" loading="lazy" decoding="async" data-attachment-id="1166" data-permalink="https://wp.ufpel.edu.br/leurengeo/paisagens-alimentares/fome/" data-orig-file="https://i0.wp.com/wp.ufpel.edu.br/leurengeo/files/2023/07/fome.jpeg?fit=318%2C159&amp;ssl=1" data-orig-size="318,159" data-comments-opened="0" data-image-meta="{&quot;aperture&quot;:&quot;0&quot;,&quot;credit&quot;:&quot;&quot;,&quot;camera&quot;:&quot;&quot;,&quot;caption&quot;:&quot;&quot;,&quot;created_timestamp&quot;:&quot;0&quot;,&quot;copyright&quot;:&quot;&quot;,&quot;focal_length&quot;:&quot;0&quot;,&quot;iso&quot;:&quot;0&quot;,&quot;shutter_speed&quot;:&quot;0&quot;,&quot;title&quot;:&quot;&quot;,&quot;orientation&quot;:&quot;0&quot;}" data-image-title="fome" data-image-description="" data-image-caption="" data-medium-file="https://i0.wp.com/wp.ufpel.edu.br/leurengeo/files/2023/07/fome.jpeg?fit=318%2C159&amp;ssl=1" data-large-file="https://i0.wp.com/wp.ufpel.edu.br/leurengeo/files/2023/07/fome.jpeg?fit=318%2C159&amp;ssl=1" class="alignnone size-full wp-image-1166" src="https://i0.wp.com/wp.ufpel.edu.br/leurengeo/files/2023/07/fome.jpeg?resize=318%2C159&#038;ssl=1" alt="" width="318" height="159" /></a></p>
<p style="text-align: center;"><span style="font-size: 8pt;">&#8220;Os Retirantes&#8221;. Portinari</span><br />
<span style="font-size: 8pt;">Fonte: https://www.revistaprosaversoearte.com/os-retirantes-de-portinari-e-a-geografia-da-fome-de-josue-de-castro/</span></p>
<p>&nbsp;</p>
<p>Paisagens Alimentares é um Grupo de Estudos e Pesquisas que trata da análise da paisagem na perspectiva da produção e consumo alimentar. Nesse sentido, fazem parte das análises e pesquisas temas como a fome, soberania e segurança alimentar e nutricional, a produção alimentar, práticas alimentares e as estratégias para obtenção de comida.</p>
<p>Participam professores, estudantes e pesquisadores de diversos cursos e instituições com interesse na temática.</p>
<p>Navegue nesta aba e conheça a equipe, os projetos em andamento e nosso diário de trabalho.</p>
<p tabindex="0">

<p>Grupo de Estudos Paisagens Alimentares &#8220;Os Retirantes&#8221;. Portinari Fonte: https://www.revistaprosaversoearte.com/os-retirantes-de-portinari-e-a-geografia-da-fome-de-josue-de-castro/ &nbsp; Paisagens Alimentares é um Grupo de Estudos e Pesquisas que trata da análise da paisagem na perspectiva da produção e consumo alimentar. Nesse sentido, fazem parte das análises e pesquisas temas como a fome, soberania e segurança alimentar e nutricional, a produção alimentar, práticas &hellip; <a href="https://wp.ufpel.edu.br/leurengeo/paisagens-alimentares/" class="more-link">Continue lendo <span class="screen-reader-text">Paisagens Alimentares</span> <span class="meta-nav">&rarr;</span></a></p>
