{"id":55,"date":"2013-07-18T20:50:03","date_gmt":"2013-07-18T20:50:03","guid":{"rendered":"http:\/\/leppais.wordpress.com\/?page_id=55"},"modified":"2023-12-15T10:57:14","modified_gmt":"2023-12-15T13:57:14","slug":"videoteca","status":"publish","type":"page","link":"https:\/\/wp.ufpel.edu.br\/leppais\/videoteca\/","title":{"rendered":"Biblio\/Videoteca"},"content":{"rendered":"<p>Listagem e sinopses dos filmes dispon\u00edveis na Videoteca no link abaixo:<\/p>\n<p><a href=\"https:\/\/leppais.files.wordpress.com\/2018\/09\/listagem-sinopses-videoteca_343.pdf\" target=\"_blank\" rel=\"noopener noreferrer\">LISTAGEM E SINOPSES VIDEOTECA (PDF)<\/a><\/p>\n<p>Listagem de TCCs, Disserta\u00e7\u00f5es e Teses dispon\u00edveis para empr\u00e9stimo (IMPRESSOS):<\/p>\n<p><a href=\"https:\/\/leppais.files.wordpress.com\/2018\/09\/tccs_dissertacoes_teses-set2018.pdf\">TCCS &#8211; DISSERTA\u00c7\u00d5ES &#8211; TESES (PDF)<\/a><\/p>\n<h1><span style=\"font-size: 14pt;\"><strong>TCCs \/ Disserta\u00e7\u00f5es \/ Teses (ONLINE)<\/strong><\/span><\/h1>\n<h1>Disserta\u00e7\u00f5es<\/h1>\n<p>BRAGA, Carolina Hoffmann Fernandes. <a href=\"https:\/\/leppais.files.wordpress.com\/2017\/04\/dissertaccca7acc83ofinalcarolhoffmann2016-1017.pdf\">O Devir das Coisas: Uma Etnografia do Fluxo Vital dos Res\u00edduos S\u00f3lidos da Ind\u00fastria Naval da Cidade de Rio Grande\/RS <\/a>&#8211; 2016<\/p>\n<p>LOPES, Alessandro Barbosa. <a href=\"https:\/\/leppais.files.wordpress.com\/2017\/04\/lopes_alessandro_indicc81genas-em-universidades-pucc81blicas-do-rs_final.pdf\">Ind\u00edgenas em Universidades P\u00fablicas do Rio Grande do Sul: Uma Perspectiva Etnogr\u00e1fica<\/a> &#8211; 2015<\/p>\n<p>SILVA, Tiago Lemo\u0303es da. <a href=\"https:\/\/leppais.files.wordpress.com\/2017\/04\/dissertacao_tiago-lemoesda-silva.pdf\">Fami\u0301la, rua e afeto: etnografia das relac\u0327o\u0303es familiares, sociais e afetivas de homens e mulheres em situac\u0327a\u0303o de rua<\/a> &#8211; 2012<\/p>\n<h1>TCCs<\/h1>\n<p>GO\u0301MEZ, Guillermo Stefano Rosa. <a href=\"https:\/\/leppais.files.wordpress.com\/2017\/04\/gocc81mez-g-s-r-cidade-trabalho-e-narrativa.pdf\">Cidade, Trabalho e Narrativa: Etnografia Urbana com Ferrovi\u00e1rios Aposentados em Pelotas (RS) <\/a>&#8211; 2015<\/p>\n","protected":false},"excerpt":{"rendered":"<p>Listagem e sinopses dos filmes dispon\u00edveis na Videoteca no link abaixo: LISTAGEM E SINOPSES VIDEOTECA (PDF) Listagem de TCCs, Disserta\u00e7\u00f5es e Teses dispon\u00edveis para empr\u00e9stimo (IMPRESSOS): TCCS &#8211; DISSERTA\u00c7\u00d5ES &#8211; TESES (PDF) TCCs \/ Disserta\u00e7\u00f5es \/ Teses (ONLINE) Disserta\u00e7\u00f5es BRAGA, &hellip; <a href=\"https:\/\/wp.ufpel.edu.br\/leppais\/videoteca\/\">Continue lendo <span class=\"meta-nav\">&rarr;<\/span><\/a><\/p>\n","protected":false},"author":641,"featured_media":0,"parent":0,"menu_order":6,"comment_status":"closed","ping_status":"closed","template":"sidebar-page.php","meta":{"advanced_seo_description":"","jetpack_seo_html_title":"","jetpack_seo_noindex":false,"jetpack_post_was_ever_published":false,"footnotes":""},"class_list":["post-55","page","type-page","status-publish","hentry"],"jetpack_sharing_enabled":true,"jetpack_shortlink":"https:\/\/wp.me\/PayVYo-T","jetpack-related-posts":[{"id":947,"url":"https:\/\/wp.ufpel.edu.br\/leppais\/projetos\/ensino\/","url_meta":{"origin":55,"position":0},"title":"Ensino","author":"antropologia","date":"04\/04\/2017","format":false,"excerpt":"TCCs \/ Disserta\u00e7\u00f5es \/ Teses Oficinas","rel":"","context":"Post similar","block_context":{"text":"Post similar","link":""},"img":{"alt_text":"","src":"","width":0,"height":0},"classes":[]},{"id":954,"url":"https:\/\/wp.ufpel.edu.br\/leppais\/producoes\/videos-fotos-outros\/","url_meta":{"origin":55,"position":1},"title":"V\u00eddeos \/ Fotos \/ Outros","author":"antropologia","date":"04\/04\/2017","format":false,"excerpt":"Homenagem a Marc Piault https:\/\/youtu.be\/q-CXjeabf9w Homenagem p\u00f3stuma ao antrop\u00f3logo, cineasta, professor e pesquisador franc\u00eas Marc-Henri Piault (1933-2020) \u00a0 Inventos: S\u00e9rie Saberes e Sabores da Col\u00f4nia https:\/\/youtu.be\/1Tk-6RyACqQ O v\u00eddeo aborda as tecnologias desenvolvidas pela fam\u00edlia Schiavon na produ\u00e7\u00e3o agroecol\u00f3gica em sua propriedade, na Col\u00f4nia S\u00e3o Manoel, no interior de Pelotas, Rio\u2026","rel":"","context":"Post similar","block_context":{"text":"Post similar","link":""},"img":{"alt_text":"","src":"https:\/\/i0.wp.com\/wp.ufpel.edu.br\/leppais\/files\/2019\/08\/saberes-e-sabores-site.png?resize=350%2C200&ssl=1","width":350,"height":200,"srcset":"https:\/\/i0.wp.com\/wp.ufpel.edu.br\/leppais\/files\/2019\/08\/saberes-e-sabores-site.png?resize=350%2C200&ssl=1 1x, https:\/\/i0.wp.com\/wp.ufpel.edu.br\/leppais\/files\/2019\/08\/saberes-e-sabores-site.png?resize=525%2C300&ssl=1 1.5x"},"classes":[]},{"id":3467,"url":"https:\/\/wp.ufpel.edu.br\/leppais\/producoes\/podcast\/","url_meta":{"origin":55,"position":2},"title":"Podcasts","author":"antropologia","date":"06\/04\/2022","format":false,"excerpt":"Link do Antrop\u00f3lis no Spotify Antrop\u00f3lis \u00e9 um podcast especializado em debates sobre estudos contempor\u00e2neos em antropologia, desenvolvido por uma equipe de pessoas vinculadas ao Programa de P\u00f3s gradua\u00e7\u00e3o em Antropologia da Universidade Federal de Pelotas. Trata-se de um projeto de extens\u00e3o filiado ao Laborat\u00f3rio de Ensino, Pesquisa e Produ\u00e7\u00e3o\u2026","rel":"","context":"Post similar","block_context":{"text":"Post similar","link":""},"img":{"alt_text":"","src":"https:\/\/i0.wp.com\/wp.ufpel.edu.br\/leppais\/files\/2023\/01\/Capas-podcasts-caraminholas-antropolis.jpg?resize=350%2C200&ssl=1","width":350,"height":200,"srcset":"https:\/\/i0.wp.com\/wp.ufpel.edu.br\/leppais\/files\/2023\/01\/Capas-podcasts-caraminholas-antropolis.jpg?resize=350%2C200&ssl=1 1x, https:\/\/i0.wp.com\/wp.ufpel.edu.br\/leppais\/files\/2023\/01\/Capas-podcasts-caraminholas-antropolis.jpg?resize=525%2C300&ssl=1 1.5x, https:\/\/i0.wp.com\/wp.ufpel.edu.br\/leppais\/files\/2023\/01\/Capas-podcasts-caraminholas-antropolis.jpg?resize=700%2C400&ssl=1 2x, https:\/\/i0.wp.com\/wp.ufpel.edu.br\/leppais\/files\/2023\/01\/Capas-podcasts-caraminholas-antropolis.jpg?resize=1050%2C600&ssl=1 3x"},"classes":[]},{"id":3259,"url":"https:\/\/wp.ufpel.edu.br\/leppais\/eventos\/abra-2020\/","url_meta":{"origin":55,"position":3},"title":"ABRA 2020","author":"antropologia","date":"23\/10\/2020","format":false,"excerpt":"Este ambiente virtual re\u00fane trabalhos de pesquisadoras\/es inscritas\/os no grupo de trabalho Antropo\u00e9ticas: outras (etno)grafias, da 32\u00aa Reuni\u00e3o Brasileira de de Antropologia (RBA). Foi criado para pensarmos alternativas mais inclusivas de intera\u00e7\u00e3o virtual em um formato que dar\u00e1 \u00eanfase ao que chamamos de \u201cexperi\u00eancias virtuais-sensoriais\u201d (texturas sonoras, fotografias, desenhos, filmes,\u2026","rel":"","context":"Post similar","block_context":{"text":"Post similar","link":""},"img":{"alt_text":"","src":"https:\/\/i0.wp.com\/wp.ufpel.edu.br\/leppais\/files\/2020\/10\/Apresentacao_1.jpg?resize=350%2C200","width":350,"height":200,"srcset":"https:\/\/i0.wp.com\/wp.ufpel.edu.br\/leppais\/files\/2020\/10\/Apresentacao_1.jpg?resize=350%2C200 1x, https:\/\/i0.wp.com\/wp.ufpel.edu.br\/leppais\/files\/2020\/10\/Apresentacao_1.jpg?resize=525%2C300 1.5x, https:\/\/i0.wp.com\/wp.ufpel.edu.br\/leppais\/files\/2020\/10\/Apresentacao_1.jpg?resize=700%2C400 2x, https:\/\/i0.wp.com\/wp.ufpel.edu.br\/leppais\/files\/2020\/10\/Apresentacao_1.jpg?resize=1050%2C600 3x, https:\/\/i0.wp.com\/wp.ufpel.edu.br\/leppais\/files\/2020\/10\/Apresentacao_1.jpg?resize=1400%2C800 4x"},"classes":[]},{"id":949,"url":"https:\/\/wp.ufpel.edu.br\/leppais\/projetos\/pesquisa-e-extensao\/","url_meta":{"origin":55,"position":4},"title":"Pesquisa, Extens\u00e3o e Ensino","author":"antropologia","date":"04\/04\/2017","format":false,"excerpt":"Veias Abertas da Ferrovia: contribuic\u0327o\u0303es antropoe\u0301ticas ao Centro Cultural da Estac\u0327a\u0303o (Projeto de extens\u00e3o) Trabalho colaborativo com moradores do Bairro Simo\u0303es Lopes, especialmente pessoas e fami\u0301lias comprometidas com a memo\u0301ria ferrovia\u0301ria, este projeto extensionista e\u0301 indissocia\u0301vel do ensino e da pesquisa, na medida em que ac\u0327o\u0303es a ele relacionadas esta\u0303o\u2026","rel":"","context":"Post similar","block_context":{"text":"Post similar","link":""},"img":{"alt_text":"","src":"","width":0,"height":0},"classes":[]},{"id":809,"url":"https:\/\/wp.ufpel.edu.br\/leppais\/vida-nos-trilhos-ensaios\/","url_meta":{"origin":55,"position":5},"title":"Vida nos Trilhos &#8211; Ensaios","author":"antropologia","date":"26\/03\/2017","format":false,"excerpt":"Em aten\u00e7\u00e3o \u00e0 solicita\u00e7\u00e3o da Secretaria Municipal de Cultura de Pelotas, o Grupo de Apoio \u00e0 Pesquisa Etnogr\u00e1fica com Imagem (GRAPETI\/UFPEL), em parceria com alunos do Curso de Museologia, realizou, ao longo de 2015, uma pesquisa destinada \u00e0 execu\u00e7\u00e3o do Mem\u00f3rial da Esta\u00e7\u00e3o F\u00e9rrea de Pelotas. Esta s\u00e9rie de ensaios\u2026","rel":"","context":"Post similar","block_context":{"text":"Post similar","link":""},"img":{"alt_text":"","src":"https:\/\/i0.wp.com\/wp.ufpel.edu.br\/leppais\/files\/2017\/08\/makingof.jpg?resize=350%2C200&ssl=1","width":350,"height":200,"srcset":"https:\/\/i0.wp.com\/wp.ufpel.edu.br\/leppais\/files\/2017\/08\/makingof.jpg?resize=350%2C200&ssl=1 1x, https:\/\/i0.wp.com\/wp.ufpel.edu.br\/leppais\/files\/2017\/08\/makingof.jpg?resize=525%2C300&ssl=1 1.5x, https:\/\/i0.wp.com\/wp.ufpel.edu.br\/leppais\/files\/2017\/08\/makingof.jpg?resize=700%2C400&ssl=1 2x"},"classes":[]}],"jetpack_likes_enabled":true,"_links":{"self":[{"href":"https:\/\/wp.ufpel.edu.br\/leppais\/wp-json\/wp\/v2\/pages\/55","targetHints":{"allow":["GET"]}}],"collection":[{"href":"https:\/\/wp.ufpel.edu.br\/leppais\/wp-json\/wp\/v2\/pages"}],"about":[{"href":"https:\/\/wp.ufpel.edu.br\/leppais\/wp-json\/wp\/v2\/types\/page"}],"author":[{"embeddable":true,"href":"https:\/\/wp.ufpel.edu.br\/leppais\/wp-json\/wp\/v2\/users\/641"}],"replies":[{"embeddable":true,"href":"https:\/\/wp.ufpel.edu.br\/leppais\/wp-json\/wp\/v2\/comments?post=55"}],"version-history":[{"count":3,"href":"https:\/\/wp.ufpel.edu.br\/leppais\/wp-json\/wp\/v2\/pages\/55\/revisions"}],"predecessor-version":[{"id":3981,"href":"https:\/\/wp.ufpel.edu.br\/leppais\/wp-json\/wp\/v2\/pages\/55\/revisions\/3981"}],"wp:attachment":[{"href":"https:\/\/wp.ufpel.edu.br\/leppais\/wp-json\/wp\/v2\/media?parent=55"}],"curies":[{"name":"wp","href":"https:\/\/api.w.org\/{rel}","templated":true}]}}