{"id":3719,"date":"2023-01-18T15:05:19","date_gmt":"2023-01-18T18:05:19","guid":{"rendered":"https:\/\/wp.ufpel.edu.br\/leppais\/?page_id=3719"},"modified":"2023-01-19T14:35:42","modified_gmt":"2023-01-19T17:35:42","slug":"webconferencias","status":"publish","type":"page","link":"https:\/\/wp.ufpel.edu.br\/leppais\/producoes\/webconferencias\/","title":{"rendered":"Webconfer\u00eancias"},"content":{"rendered":"<h1>Ciclo webconfer\u00eancias sobre trajet\u00f3rias pessoais de pesquisadores que atuam na rede de antropologia visual no Brasil<\/h1>\n<p><a href=\"https:\/\/www.youtube.com\/playlist?list=PLrKSbcOn7CPtLnaOF35Gi_ZrB2H7z7H7_\"><img data-recalc-dims=\"1\" loading=\"lazy\" decoding=\"async\" data-attachment-id=\"3509\" data-permalink=\"https:\/\/wp.ufpel.edu.br\/leppais\/2022\/06\/08\/ciclo-webconferencias-sobre-trajetorias-pessoais-de-pesquisadores-que-atuam-na-rede-de-antropologia-visual-no-brasil\/1-todos\/\" data-orig-file=\"https:\/\/i0.wp.com\/wp.ufpel.edu.br\/leppais\/files\/2022\/06\/1-Todos.jpg?fit=760%2C610&amp;ssl=1\" data-orig-size=\"760,610\" data-comments-opened=\"0\" data-image-meta=\"{&quot;aperture&quot;:&quot;0&quot;,&quot;credit&quot;:&quot;&quot;,&quot;camera&quot;:&quot;&quot;,&quot;caption&quot;:&quot;&quot;,&quot;created_timestamp&quot;:&quot;0&quot;,&quot;copyright&quot;:&quot;&quot;,&quot;focal_length&quot;:&quot;0&quot;,&quot;iso&quot;:&quot;0&quot;,&quot;shutter_speed&quot;:&quot;0&quot;,&quot;title&quot;:&quot;&quot;,&quot;orientation&quot;:&quot;0&quot;}\" data-image-title=\"1-Todos\" data-image-description=\"\" data-image-caption=\"\" data-medium-file=\"https:\/\/i0.wp.com\/wp.ufpel.edu.br\/leppais\/files\/2022\/06\/1-Todos.jpg?fit=300%2C241&amp;ssl=1\" data-large-file=\"https:\/\/i0.wp.com\/wp.ufpel.edu.br\/leppais\/files\/2022\/06\/1-Todos.jpg?fit=584%2C469&amp;ssl=1\" class=\"alignnone wp-image-3509 size-full\" src=\"https:\/\/i0.wp.com\/wp.ufpel.edu.br\/leppais\/files\/2022\/06\/1-Todos.jpg?resize=584%2C469&#038;ssl=1\" alt=\"\" width=\"584\" height=\"469\" srcset=\"https:\/\/i0.wp.com\/wp.ufpel.edu.br\/leppais\/files\/2022\/06\/1-Todos.jpg?w=760&amp;ssl=1 760w, https:\/\/i0.wp.com\/wp.ufpel.edu.br\/leppais\/files\/2022\/06\/1-Todos.jpg?resize=300%2C241&amp;ssl=1 300w, https:\/\/i0.wp.com\/wp.ufpel.edu.br\/leppais\/files\/2022\/06\/1-Todos.jpg?resize=374%2C300&amp;ssl=1 374w\" sizes=\"auto, (max-width: 584px) 100vw, 584px\" \/><\/a><\/p>\n<p style=\"text-align: justify;\">Vinculado ao projeto &#8220;Territ\u00f3rios cient\u00edficos&#8221; da Editora Sert\u00e3o Cult em parceria com a LABOME, promovemos uma s\u00e9rie de entrevistas e, ao mesmo tempo, webconfer\u00eancias sobre trajet\u00f3rias pessoais de pesquisadores que atuam na rede de antropologia visual no Brasil. A proposta, al\u00e9m de ter a finalidade de divulgar o que se produz neste campo, tamb\u00e9m tem como objetivo publicar as entrevistas em ebook e disponibilizar para o p\u00fablico interessado.<\/p>\n<p>Premiado na categoria Redes Sociais do Pr\u00eamio de Divulga\u00e7\u00e3o Cient\u00edfica na 33\u00aa RBA em 2022<\/p>\n<p><img data-recalc-dims=\"1\" loading=\"lazy\" decoding=\"async\" data-attachment-id=\"3731\" data-permalink=\"https:\/\/wp.ufpel.edu.br\/leppais\/producoes\/webconferencias\/certificado-webconferencias\/\" data-orig-file=\"https:\/\/i0.wp.com\/wp.ufpel.edu.br\/leppais\/files\/2023\/01\/certificado-webconferencias.jpg?fit=1189%2C842&amp;ssl=1\" data-orig-size=\"1189,842\" data-comments-opened=\"0\" data-image-meta=\"{&quot;aperture&quot;:&quot;0&quot;,&quot;credit&quot;:&quot;&quot;,&quot;camera&quot;:&quot;&quot;,&quot;caption&quot;:&quot;&quot;,&quot;created_timestamp&quot;:&quot;0&quot;,&quot;copyright&quot;:&quot;&quot;,&quot;focal_length&quot;:&quot;0&quot;,&quot;iso&quot;:&quot;0&quot;,&quot;shutter_speed&quot;:&quot;0&quot;,&quot;title&quot;:&quot;&quot;,&quot;orientation&quot;:&quot;0&quot;}\" data-image-title=\"certificado webconferencias\" data-image-description=\"\" data-image-caption=\"\" data-medium-file=\"https:\/\/i0.wp.com\/wp.ufpel.edu.br\/leppais\/files\/2023\/01\/certificado-webconferencias.jpg?fit=300%2C212&amp;ssl=1\" data-large-file=\"https:\/\/i0.wp.com\/wp.ufpel.edu.br\/leppais\/files\/2023\/01\/certificado-webconferencias.jpg?fit=584%2C413&amp;ssl=1\" class=\"aligncenter wp-image-3731 size-medium\" src=\"https:\/\/i0.wp.com\/wp.ufpel.edu.br\/leppais\/files\/2023\/01\/certificado-webconferencias.jpg?resize=300%2C212&#038;ssl=1\" alt=\"\" width=\"300\" height=\"212\" srcset=\"https:\/\/i0.wp.com\/wp.ufpel.edu.br\/leppais\/files\/2023\/01\/certificado-webconferencias.jpg?resize=300%2C212&amp;ssl=1 300w, https:\/\/i0.wp.com\/wp.ufpel.edu.br\/leppais\/files\/2023\/01\/certificado-webconferencias.jpg?resize=1024%2C725&amp;ssl=1 1024w, https:\/\/i0.wp.com\/wp.ufpel.edu.br\/leppais\/files\/2023\/01\/certificado-webconferencias.jpg?resize=768%2C544&amp;ssl=1 768w, https:\/\/i0.wp.com\/wp.ufpel.edu.br\/leppais\/files\/2023\/01\/certificado-webconferencias.jpg?resize=424%2C300&amp;ssl=1 424w, https:\/\/i0.wp.com\/wp.ufpel.edu.br\/leppais\/files\/2023\/01\/certificado-webconferencias.jpg?w=1189&amp;ssl=1 1189w\" sizes=\"auto, (max-width: 300px) 100vw, 300px\" \/><\/p>\n<p><strong><a href=\"https:\/\/www.youtube.com\/playlist?list=PLrKSbcOn7CPtLnaOF35Gi_ZrB2H7z7H7_\">LINK DAS ENTREVISTAS NO CANAL DO LABOME NO YOUTUBE<\/a><\/strong><\/p>\n<p>1\u00ba volume da s\u00e9rie em ebook est\u00e1 dispon\u00edvel no site da Editora para baixar gratuitamente: <a href=\"https:\/\/editorasertaocult.com\/10-35260-54210119-2022\/\"><img data-recalc-dims=\"1\" loading=\"lazy\" decoding=\"async\" data-attachment-id=\"3732\" data-permalink=\"https:\/\/wp.ufpel.edu.br\/leppais\/producoes\/webconferencias\/livrotrajetorias\/\" data-orig-file=\"https:\/\/i0.wp.com\/wp.ufpel.edu.br\/leppais\/files\/2023\/01\/livrotrajetorias.jpg?fit=744%2C1082&amp;ssl=1\" data-orig-size=\"744,1082\" data-comments-opened=\"0\" data-image-meta=\"{&quot;aperture&quot;:&quot;0&quot;,&quot;credit&quot;:&quot;&quot;,&quot;camera&quot;:&quot;&quot;,&quot;caption&quot;:&quot;&quot;,&quot;created_timestamp&quot;:&quot;0&quot;,&quot;copyright&quot;:&quot;&quot;,&quot;focal_length&quot;:&quot;0&quot;,&quot;iso&quot;:&quot;0&quot;,&quot;shutter_speed&quot;:&quot;0&quot;,&quot;title&quot;:&quot;&quot;,&quot;orientation&quot;:&quot;0&quot;}\" data-image-title=\"livrotrajetorias\" data-image-description=\"\" data-image-caption=\"\" data-medium-file=\"https:\/\/i0.wp.com\/wp.ufpel.edu.br\/leppais\/files\/2023\/01\/livrotrajetorias.jpg?fit=206%2C300&amp;ssl=1\" data-large-file=\"https:\/\/i0.wp.com\/wp.ufpel.edu.br\/leppais\/files\/2023\/01\/livrotrajetorias.jpg?fit=584%2C849&amp;ssl=1\" class=\"size-medium wp-image-3732 aligncenter\" src=\"https:\/\/i0.wp.com\/wp.ufpel.edu.br\/leppais\/files\/2023\/01\/livrotrajetorias.jpg?resize=206%2C300&#038;ssl=1\" alt=\"\" width=\"206\" height=\"300\" srcset=\"https:\/\/i0.wp.com\/wp.ufpel.edu.br\/leppais\/files\/2023\/01\/livrotrajetorias.jpg?resize=206%2C300&amp;ssl=1 206w, https:\/\/i0.wp.com\/wp.ufpel.edu.br\/leppais\/files\/2023\/01\/livrotrajetorias.jpg?resize=704%2C1024&amp;ssl=1 704w, https:\/\/i0.wp.com\/wp.ufpel.edu.br\/leppais\/files\/2023\/01\/livrotrajetorias.jpg?w=744&amp;ssl=1 744w\" sizes=\"auto, (max-width: 206px) 100vw, 206px\" \/><\/a><a href=\"https:\/\/editorasertaocult.com\/10-35260-54210119-2022\/\" target=\"_blank\" rel=\"nofollow noopener\" data-saferedirecturl=\"https:\/\/www.google.com\/url?q=https:\/\/editorasertaocult.com\/10-35260-54210119-2022\/&amp;source=gmail&amp;ust=1674229617150000&amp;usg=AOvVaw3le0zApNyiXz0dIcOv6YwH\"><strong>Trajet\u00f3rias pessoais na antropologia (audio)visual no Brasil. Volume 1 &#8211; Editora Sert\u00e3oCult<\/strong><\/a><\/p>\n","protected":false},"excerpt":{"rendered":"<p>Ciclo webconfer\u00eancias sobre trajet\u00f3rias pessoais de pesquisadores que atuam na rede de antropologia visual no Brasil Vinculado ao projeto &#8220;Territ\u00f3rios cient\u00edficos&#8221; da Editora Sert\u00e3o Cult em parceria com a LABOME, promovemos uma s\u00e9rie de entrevistas e, ao mesmo tempo, webconfer\u00eancias &hellip; <a href=\"https:\/\/wp.ufpel.edu.br\/leppais\/producoes\/webconferencias\/\">Continue lendo <span class=\"meta-nav\">&rarr;<\/span><\/a><\/p>\n","protected":false},"author":641,"featured_media":0,"parent":233,"menu_order":6,"comment_status":"closed","ping_status":"closed","template":"sidebar-page.php","meta":{"advanced_seo_description":"","jetpack_seo_html_title":"","jetpack_seo_noindex":false,"jetpack_post_was_ever_published":false,"footnotes":""},"class_list":["post-3719","page","type-page","status-publish","hentry"],"jetpack_sharing_enabled":true,"jetpack_shortlink":"https:\/\/wp.me\/PayVYo-XZ","jetpack-related-posts":[{"id":3556,"url":"https:\/\/wp.ufpel.edu.br\/leppais\/producoes\/livros\/","url_meta":{"origin":3719,"position":0},"title":"Publica\u00e7\u00f5es","author":"antropologia","date":"24\/10\/2022","format":false,"excerpt":"MEMORIAL DESCRITIVO PARA PROFESSORA TITULAR: Claudia Turra Magni (PDF) FOTOBIOGRAFIAS RINC\u00c3O DAS ALMAS (PDF) M\u00c1QUINAS, CORPOS E GRAFIAS: TECNOPO\u00c9TICAS EM PERSPECTIVA TRANSDISCIPLINAR https:\/\/wp.ufpel.edu.br\/leppais\/files\/2025\/04\/15-04_Tecnopoeticas.pdf TRAJET\u00d3RIAS PESSOAIS NA ANTROPOLOGIA (AUDIO)VISUAL NO BRASIL V. 1 (PDF) ILUMINURAS - Metodologias etnogr\u00e1ficas subversivas: as po\u00e9ticas das grafias (PDF) PANDEMIA DE NARRATIVAS: VIDA EM QUARENTENA UM\u2026","rel":"","context":"Post similar","block_context":{"text":"Post similar","link":""},"img":{"alt_text":"","src":"https:\/\/i0.wp.com\/wp.ufpel.edu.br\/leppais\/files\/2025\/07\/Captura-de-tela_14-7-2025_144146_.jpeg?resize=350%2C200&ssl=1","width":350,"height":200,"srcset":"https:\/\/i0.wp.com\/wp.ufpel.edu.br\/leppais\/files\/2025\/07\/Captura-de-tela_14-7-2025_144146_.jpeg?resize=350%2C200&ssl=1 1x, https:\/\/i0.wp.com\/wp.ufpel.edu.br\/leppais\/files\/2025\/07\/Captura-de-tela_14-7-2025_144146_.jpeg?resize=525%2C300&ssl=1 1.5x"},"classes":[]},{"id":949,"url":"https:\/\/wp.ufpel.edu.br\/leppais\/projetos\/pesquisa-e-extensao\/","url_meta":{"origin":3719,"position":1},"title":"Pesquisa, Extens\u00e3o e Ensino","author":"antropologia","date":"04\/04\/2017","format":false,"excerpt":"Veias Abertas da Ferrovia: contribuic\u0327o\u0303es antropoe\u0301ticas ao Centro Cultural da Estac\u0327a\u0303o (Projeto de extens\u00e3o) Trabalho colaborativo com moradores do Bairro Simo\u0303es Lopes, especialmente pessoas e fami\u0301lias comprometidas com a memo\u0301ria ferrovia\u0301ria, este projeto extensionista e\u0301 indissocia\u0301vel do ensino e da pesquisa, na medida em que ac\u0327o\u0303es a ele relacionadas esta\u0303o\u2026","rel":"","context":"Post similar","block_context":{"text":"Post similar","link":""},"img":{"alt_text":"","src":"","width":0,"height":0},"classes":[]},{"id":2,"url":"https:\/\/wp.ufpel.edu.br\/leppais\/sobre\/","url_meta":{"origin":3719,"position":2},"title":"Sobre","author":"antropologia","date":"05\/11\/2012","format":false,"excerpt":"Hist\u00f3rico O Laborat\u00f3rio de Ensino, Pesquisa e Produ\u00e7\u00e3o em Antropologia da Imagem e do Som foi\u00a0 inaugurado no ano de 2008 pela Prof\u00aa. Dr\u00aa. Claudia Turra Magni como um projeto de extens\u00e3o permanente e est\u00e1 situado no Instituto de Ci\u00eancias Humanas da Universidade Federal de Pelotas (UFPel).\u00a0Seu principal objetivo \u00e9\u2026","rel":"","context":"Post similar","block_context":{"text":"Post similar","link":""},"img":{"alt_text":"","src":"","width":0,"height":0},"classes":[]},{"id":851,"url":"https:\/\/wp.ufpel.edu.br\/leppais\/producoes\/entrevistas-palestras-e-aulas\/","url_meta":{"origin":3719,"position":3},"title":"Palestras \/ Entrevistas","author":"antropologia","date":"31\/03\/2017","format":false,"excerpt":"Semin\u00e1rio: OS GUARANI MBY\u00c1 - A\u00e7\u00f5es e experi\u00eancias contempor\u00e2neas https:\/\/www.youtube.com\/watch?v=jYEbeQCwgBE&list=PLrqSUafHHXYyNu8IJO776-yL3g0IC2ZcL Bibliotheca P\u00fablica Pelotense - Pelotas\/RS 30 out - 01 nov de 2018 Restitui\u00e7\u00e3o de Dados de Pesquisas Etnogr\u00e1ficas https:\/\/vimeo.com\/114780326 V\u00eddeo realizado a partir de de confer\u00eancia de Mme. Fran\u00e7oise Zonabend, realizada em janeiro de 2014, na Maison des Sciences de\u2026","rel":"","context":"Post similar","block_context":{"text":"Post similar","link":""},"img":{"alt_text":"","src":"https:\/\/i0.wp.com\/img.youtube.com\/vi\/PLrqSUafHHXYyNu8IJO776-yL3g0IC2ZcL\/0.jpg?resize=350%2C200","width":350,"height":200},"classes":[]},{"id":954,"url":"https:\/\/wp.ufpel.edu.br\/leppais\/producoes\/videos-fotos-outros\/","url_meta":{"origin":3719,"position":4},"title":"V\u00eddeos \/ Fotos \/ Outros","author":"antropologia","date":"04\/04\/2017","format":false,"excerpt":"Homenagem a Marc Piault https:\/\/youtu.be\/q-CXjeabf9w Homenagem p\u00f3stuma ao antrop\u00f3logo, cineasta, professor e pesquisador franc\u00eas Marc-Henri Piault (1933-2020) \u00a0 Inventos: S\u00e9rie Saberes e Sabores da Col\u00f4nia https:\/\/youtu.be\/1Tk-6RyACqQ O v\u00eddeo aborda as tecnologias desenvolvidas pela fam\u00edlia Schiavon na produ\u00e7\u00e3o agroecol\u00f3gica em sua propriedade, na Col\u00f4nia S\u00e3o Manoel, no interior de Pelotas, Rio\u2026","rel":"","context":"Post similar","block_context":{"text":"Post similar","link":""},"img":{"alt_text":"","src":"https:\/\/i0.wp.com\/wp.ufpel.edu.br\/leppais\/files\/2019\/08\/saberes-e-sabores-site.png?resize=350%2C200&ssl=1","width":350,"height":200,"srcset":"https:\/\/i0.wp.com\/wp.ufpel.edu.br\/leppais\/files\/2019\/08\/saberes-e-sabores-site.png?resize=350%2C200&ssl=1 1x, https:\/\/i0.wp.com\/wp.ufpel.edu.br\/leppais\/files\/2019\/08\/saberes-e-sabores-site.png?resize=525%2C300&ssl=1 1.5x"},"classes":[]},{"id":3467,"url":"https:\/\/wp.ufpel.edu.br\/leppais\/producoes\/podcast\/","url_meta":{"origin":3719,"position":5},"title":"Podcasts","author":"antropologia","date":"06\/04\/2022","format":false,"excerpt":"Link do Antrop\u00f3lis no Spotify Antrop\u00f3lis \u00e9 um podcast especializado em debates sobre estudos contempor\u00e2neos em antropologia, desenvolvido por uma equipe de pessoas vinculadas ao Programa de P\u00f3s gradua\u00e7\u00e3o em Antropologia da Universidade Federal de Pelotas. Trata-se de um projeto de extens\u00e3o filiado ao Laborat\u00f3rio de Ensino, Pesquisa e Produ\u00e7\u00e3o\u2026","rel":"","context":"Post similar","block_context":{"text":"Post similar","link":""},"img":{"alt_text":"","src":"https:\/\/i0.wp.com\/wp.ufpel.edu.br\/leppais\/files\/2023\/01\/Capas-podcasts-caraminholas-antropolis.jpg?resize=350%2C200&ssl=1","width":350,"height":200,"srcset":"https:\/\/i0.wp.com\/wp.ufpel.edu.br\/leppais\/files\/2023\/01\/Capas-podcasts-caraminholas-antropolis.jpg?resize=350%2C200&ssl=1 1x, https:\/\/i0.wp.com\/wp.ufpel.edu.br\/leppais\/files\/2023\/01\/Capas-podcasts-caraminholas-antropolis.jpg?resize=525%2C300&ssl=1 1.5x, https:\/\/i0.wp.com\/wp.ufpel.edu.br\/leppais\/files\/2023\/01\/Capas-podcasts-caraminholas-antropolis.jpg?resize=700%2C400&ssl=1 2x, https:\/\/i0.wp.com\/wp.ufpel.edu.br\/leppais\/files\/2023\/01\/Capas-podcasts-caraminholas-antropolis.jpg?resize=1050%2C600&ssl=1 3x"},"classes":[]}],"jetpack_likes_enabled":true,"_links":{"self":[{"href":"https:\/\/wp.ufpel.edu.br\/leppais\/wp-json\/wp\/v2\/pages\/3719","targetHints":{"allow":["GET"]}}],"collection":[{"href":"https:\/\/wp.ufpel.edu.br\/leppais\/wp-json\/wp\/v2\/pages"}],"about":[{"href":"https:\/\/wp.ufpel.edu.br\/leppais\/wp-json\/wp\/v2\/types\/page"}],"author":[{"embeddable":true,"href":"https:\/\/wp.ufpel.edu.br\/leppais\/wp-json\/wp\/v2\/users\/641"}],"replies":[{"embeddable":true,"href":"https:\/\/wp.ufpel.edu.br\/leppais\/wp-json\/wp\/v2\/comments?post=3719"}],"version-history":[{"count":4,"href":"https:\/\/wp.ufpel.edu.br\/leppais\/wp-json\/wp\/v2\/pages\/3719\/revisions"}],"predecessor-version":[{"id":3733,"href":"https:\/\/wp.ufpel.edu.br\/leppais\/wp-json\/wp\/v2\/pages\/3719\/revisions\/3733"}],"up":[{"embeddable":true,"href":"https:\/\/wp.ufpel.edu.br\/leppais\/wp-json\/wp\/v2\/pages\/233"}],"wp:attachment":[{"href":"https:\/\/wp.ufpel.edu.br\/leppais\/wp-json\/wp\/v2\/media?parent=3719"}],"curies":[{"name":"wp","href":"https:\/\/api.w.org\/{rel}","templated":true}]}}