{"id":11,"date":"2014-11-28T16:42:37","date_gmt":"2014-11-28T18:42:37","guid":{"rendered":"https:\/\/wp.ufpel.edu.br\/lepaarq\/?page_id=11"},"modified":"2025-09-01T16:51:48","modified_gmt":"2025-09-01T19:51:48","slug":"equipe","status":"publish","type":"page","link":"https:\/\/wp.ufpel.edu.br\/lepaarq\/?page_id=11","title":{"rendered":"Equipe"},"content":{"rendered":"<p style=\"text-align: justify;\">O Laborat\u00f3rio de Ensino e Pesquisa em Antropologia e Arqueologia da Universidade Federal de Pelotas, vinculado ao Instituto de Ci\u00eancias Humanas (LEPAARQ-UFPEL), iniciou suas atividades em 24 de Agosto de 2001, com o objetivo de desenvolver pesquisa cient\u00edfica nas \u00e1reas de antropologia e arqueologia, em franca expans\u00e3o no Brasil. A principal miss\u00e3o do LEPAARQ \u00e9 desenvolver uma agenda positiva no que se refere \u00e0 preserva\u00e7\u00e3o do patrim\u00f4nio cultural, material e imaterial, assim como interagir academicamente com a diversidade sociocultural regional, nacional e do Cone Sul. Para tal se prop\u00f5e a estimular a realiza\u00e7\u00e3o de\u00a0pesquisas e programas de extens\u00e3o e ensino sobre estes eixos tem\u00e1ticos<\/p>\n<p style=\"text-align: justify;\">Atuam junto ao LEPAARQ equipes multidisciplinares, vinculadas a projetos de Antropologia, Arqueologia e Patrim\u00f4nio cultural, formadas por professores pesquisadores,t\u00e9cnicos, estudantes de gradua\u00e7\u00e3o e p\u00f3s-gradua\u00e7\u00e3o, assim como profissionais egressos de cursos da UFPEL. O perfil multidisciplinar inclui, no momento, as \u00e1reas de Hist\u00f3ria, Geografia, Arquitetura, Turismo, Museologia, Antropologia e Arqueologia.<\/p>\n<h2 style=\"text-align: justify;\">Corpo Docente:<\/h2>\n<p style=\"text-align: justify;\"><a style=\"color: #4a630f; text-decoration-line: none;\" href=\"http:\/\/lattes.cnpq.br\/2765334557326646\" target=\"_blank\" rel=\"noopener noreferrer\">Prof. Dr. Rafael Guedes Milheira &#8211; Coordenador<\/a><\/p>\n<p style=\"text-align: justify;\"><a href=\"http:\/\/lattes.cnpq.br\/1797843594100024\">Prof. Dr. Cl\u00e1udio Baptista Carle<\/a><\/p>\n<p style=\"text-align: justify;\"><a href=\"http:\/\/lattes.cnpq.br\/9808273617730203\">Prof. Dr. Loredana Marise Ricardo Ribeiro<\/a><\/p>\n<p style=\"text-align: justify;\"><a href=\"http:\/\/lattes.cnpq.br\/6015136151221415\">Prof. Dr. Marcos Cesar Pereira Santos<\/a><\/p>\n<p style=\"text-align: justify;\"><a href=\"http:\/\/lattes.cnpq.br\/5901727444406445\" target=\"_blank\" rel=\"noopener noreferrer\">Prof. Dr. F\u00e1bio Vergara Cerqueira<\/a><\/p>\n<p style=\"text-align: justify;\"><a href=\"http:\/\/lattes.cnpq.br\/2787572576761365\" target=\"_blank\" rel=\"noopener noreferrer\">Prof. Dr. Rafael Corteletti<\/a><\/p>\n<p style=\"text-align: justify;\"><a href=\"http:\/\/lattes.cnpq.br\/0923343651601939\" target=\"_blank\" rel=\"noopener noreferrer\">Prof. Dr. Jorge Eremites de Oliveira<\/a><\/p>\n<p style=\"text-align: justify;\"><a href=\"http:\/\/lattes.cnpq.br\/5694178763698852\" target=\"_blank\" rel=\"noopener noreferrer\">Prof. Dr. Gustavo Peretti Wagner<\/a><\/p>\n<h2 style=\"text-align: justify;\">Funcion\u00e1rios t\u00e9cnico-administrativos:<\/h2>\n<p style=\"text-align: justify;\"><a href=\"http:\/\/lattes.cnpq.br\/5618643366795821\" target=\"_blank\" rel=\"noopener noreferrer\">Ms. Luciana Peixoto<\/a> \u2013 Arque\u00f3loga<\/p>\n<p style=\"text-align: justify;\"><a href=\"http:\/\/lattes.cnpq.br\/1488135760838462\">Ms. Jorge Viana<\/a> &#8211; Arque\u00f3logo<\/p>\n<h2 style=\"text-align: justify;\">Pesquisadores associados:<\/h2>\n<div style=\"text-align: justify;\">\n<p class=\"resumo\"><a href=\"http:\/\/lattes.cnpq.br\/1757580843853288\">Gabriel Prosc\u00f3pia Nunez Silva<\/a><\/p>\n<p><a href=\"http:\/\/lattes.cnpq.br\/8368298797800324\">Dr. Anderson Marques Garcia<\/a><\/p>\n<\/div>\n<p style=\"text-align: justify;\"><a href=\"http:\/\/lattes.cnpq.br\/1351840945006556\">Valter Moacir Consiglio Alves<\/a><\/p>\n<p style=\"text-align: justify;\"><a href=\"http:\/\/lattes.cnpq.br\/3463058306442501\">Carla Alexandra Bica Mendez<\/a><\/p>\n<p style=\"text-align: justify;\"><a href=\"http:\/\/lattes.cnpq.br\/5260142596643935\">Natalia de Oliveira Tavares<\/a><\/p>\n<p style=\"text-align: justify;\"><a href=\"http:\/\/lattes.cnpq.br\/8919836300742181\">Yure Delabary Dutra<\/a><\/p>\n<p style=\"text-align: justify;\"><a href=\"http:\/\/lattes.cnpq.br\/0574169844514736\">Sabrina Escobar Freitas<\/a><\/p>\n<p style=\"text-align: justify;\"><a href=\"http:\/\/lattes.cnpq.br\/5218268966417320\">Vict\u00f3ria Ferreira Ulguim<\/a><\/p>\n<p style=\"text-align: justify;\"><a href=\"http:\/\/lattes.cnpq.br\/0982788606570732\">Vanessa Barrios Quintana<\/a><\/p>\n<p style=\"text-align: justify;\"><a href=\"http:\/\/lattes.cnpq.br\/2226443134217379\">Aluisio Gomes Alves<\/a><\/p>\n<p style=\"text-align: justify;\"><a href=\"http:\/\/lattes.cnpq.br\/8921022826716583\" target=\"_blank\" rel=\"noopener noreferrer\">Dr. Manoella de Souza Soares<\/a><\/p>\n<h2 style=\"text-align: justify;\">Estagi\u00e1rios e Bolsistas LEPAARQ\/UFPel:<\/h2>\n<p style=\"text-align: justify;\"><a href=\"http:\/\/lattes.cnpq.br\/8337879093592474\">Jefferson Foster da Silva<\/a><\/p>\n<p style=\"text-align: justify;\"><a href=\"http:\/\/lattes.cnpq.br\/8817492658664723\">Camila dos Santos Borges<\/a><\/p>\n<p style=\"text-align: justify;\"><a href=\"http:\/\/lattes.cnpq.br\/4057883988420659\">Victoria Cassia Lucero Dias<\/a><\/p>\n<p style=\"text-align: justify;\"><a href=\"http:\/\/lattes.cnpq.br\/7722150478109515\">Clarrisa Correa Garcia<\/a><\/p>\n<p style=\"text-align: justify;\"><a href=\"http:\/\/lattes.cnpq.br\/2204317910232291\">Andr\u00e9a Jorge do Amaral Dominguez<\/a><\/p>\n<p style=\"text-align: justify;\"><a href=\"http:\/\/lattes.cnpq.br\/7831354185848492\">Gabriel Angelo Cardoso Soares<\/a><\/p>\n<p><a href=\"http:\/\/lattes.cnpq.br\/925401946020236\">Vivian Lima da Silva<\/a><\/p>\n<p><a href=\"http:\/\/lattes.cnpq.br\/5116318138083112\">Talita Borges Ferreira<\/a><\/p>\n<p style=\"text-align: justify;\"><a href=\"http:\/\/lattes.cnpq.br\/5760013984008894\">Isabela Louren\u00e7o Cruz<\/a><\/p>\n","protected":false},"excerpt":{"rendered":"<p>O Laborat\u00f3rio de Ensino e Pesquisa em Antropologia e Arqueologia da Universidade Federal de Pelotas, vinculado ao Instituto de Ci\u00eancias Humanas (LEPAARQ-UFPEL), iniciou suas atividades em 24 de Agosto de 2001, com o objetivo de desenvolver pesquisa cient\u00edfica nas \u00e1reas de antropologia e arqueologia, em franca expans\u00e3o no Brasil. A principal miss\u00e3o do LEPAARQ \u00e9 [&hellip;]<\/p>\n","protected":false},"author":469,"featured_media":0,"parent":0,"menu_order":1,"comment_status":"closed","ping_status":"closed","template":"","meta":{"footnotes":""},"class_list":["post-11","page","type-page","status-publish","hentry"],"_links":{"self":[{"href":"https:\/\/wp.ufpel.edu.br\/lepaarq\/index.php?rest_route=\/wp\/v2\/pages\/11","targetHints":{"allow":["GET"]}}],"collection":[{"href":"https:\/\/wp.ufpel.edu.br\/lepaarq\/index.php?rest_route=\/wp\/v2\/pages"}],"about":[{"href":"https:\/\/wp.ufpel.edu.br\/lepaarq\/index.php?rest_route=\/wp\/v2\/types\/page"}],"author":[{"embeddable":true,"href":"https:\/\/wp.ufpel.edu.br\/lepaarq\/index.php?rest_route=\/wp\/v2\/users\/469"}],"replies":[{"embeddable":true,"href":"https:\/\/wp.ufpel.edu.br\/lepaarq\/index.php?rest_route=%2Fwp%2Fv2%2Fcomments&post=11"}],"version-history":[{"count":3,"href":"https:\/\/wp.ufpel.edu.br\/lepaarq\/index.php?rest_route=\/wp\/v2\/pages\/11\/revisions"}],"predecessor-version":[{"id":501,"href":"https:\/\/wp.ufpel.edu.br\/lepaarq\/index.php?rest_route=\/wp\/v2\/pages\/11\/revisions\/501"}],"wp:attachment":[{"href":"https:\/\/wp.ufpel.edu.br\/lepaarq\/index.php?rest_route=%2Fwp%2Fv2%2Fmedia&parent=11"}],"curies":[{"name":"wp","href":"https:\/\/api.w.org\/{rel}","templated":true}]}}