{"id":701,"date":"2020-09-29T22:34:26","date_gmt":"2020-09-30T01:34:26","guid":{"rendered":"https:\/\/wp.ufpel.edu.br\/lencibio\/?page_id=701"},"modified":"2020-09-29T22:37:32","modified_gmt":"2020-09-30T01:37:32","slug":"projetos-de-ensino","status":"publish","type":"page","link":"https:\/\/wp.ufpel.edu.br\/lencibio\/projetos-de-ensino\/","title":{"rendered":"Projetos de Ensino"},"content":{"rendered":"<p>Projetos de Ensino:<\/p>\n<p>Recursos Did\u00e1ticos para o Ensino de Ci\u00eancias e Biologia<\/p>\n<p>Este projeto est\u00e1 vinculado \u00e0 disciplina de Did\u00e1tica do Ensino de Biologia II, objetivando a constru\u00e7\u00e3o e aplica\u00e7\u00e3o de metodologias, estrat\u00e9gias e recursos did\u00e1ticos inovadores e que<br \/>\npromovam o protagonismo docente. Seu objetivo \u00e9 oportunizar aos alunos licenciandos, da disciplina de Did\u00e1tica do Ensino de biologia II, viv\u00eancias em estrat\u00e9gias e recursos did\u00e1ticos inovadores, tanto no estudo e constru\u00e7\u00e3o destes, quanto na aplica\u00e7\u00e3o, registro e an\u00e1lise de resultados. Al\u00e9m disso, apresenta como objetivo compreender os processos de ensino- aprendizagem nas diferentes \u00e1reas da Biologia; Organizar planejamento pedag\u00f3gico para desenvolvimento de unidades e projetos de ensino; Desenvolver estrat\u00e9gias e recursos did\u00e1ticos para o ensino, nas diferentes \u00e1reas da Biologia; Produzir jogos did\u00e1ticos, recursos adaptados, tecnologias de informa\u00e7\u00e3o e comunica\u00e7\u00e3o, entre outros; Vivenciar a aplica\u00e7\u00e3o de estrat\u00e9gias e recursos did\u00e1ticos; Estabelecer as rela\u00e7\u00f5es entre teoria e pr\u00e1tica; Fornecer elementos que qualifiquem a pr\u00e1tica a ser desenvolvida nos est\u00e1gios supervisionados e nas escolas onde ir\u00e3o se inserir; Oportunizar a constru\u00e7\u00e3o e adapta\u00e7\u00e3o de estrat\u00e9gias e recursos did\u00e1ticos adaptados aos alunos PCDs, TEA, AH\\S, como forma de garantir a inclus\u00e3o e o desenho universal da aprendizagem \u2013 DUA<\/p>\n","protected":false},"excerpt":{"rendered":"<p>Projetos de Ensino: Recursos Did\u00e1ticos para o Ensino de Ci\u00eancias e Biologia Este projeto est\u00e1 vinculado \u00e0 disciplina de Did\u00e1tica do Ensino de Biologia II, objetivando a constru\u00e7\u00e3o e aplica\u00e7\u00e3o de metodologias, estrat\u00e9gias e recursos did\u00e1ticos inovadores e que promovam o protagonismo docente. Seu objetivo \u00e9 oportunizar aos alunos licenciandos, da disciplina de Did\u00e1tica do [&hellip;]<\/p>\n","protected":false},"author":780,"featured_media":0,"parent":0,"menu_order":0,"comment_status":"closed","ping_status":"closed","template":"","meta":{"jetpack_post_was_ever_published":false,"footnotes":""},"class_list":["post-701","page","type-page","status-publish","hentry"],"jetpack_sharing_enabled":true,"jetpack_shortlink":"https:\/\/wp.me\/P90WYW-bj","jetpack-related-posts":[],"_links":{"self":[{"href":"https:\/\/wp.ufpel.edu.br\/lencibio\/wp-json\/wp\/v2\/pages\/701","targetHints":{"allow":["GET"]}}],"collection":[{"href":"https:\/\/wp.ufpel.edu.br\/lencibio\/wp-json\/wp\/v2\/pages"}],"about":[{"href":"https:\/\/wp.ufpel.edu.br\/lencibio\/wp-json\/wp\/v2\/types\/page"}],"author":[{"embeddable":true,"href":"https:\/\/wp.ufpel.edu.br\/lencibio\/wp-json\/wp\/v2\/users\/780"}],"replies":[{"embeddable":true,"href":"https:\/\/wp.ufpel.edu.br\/lencibio\/wp-json\/wp\/v2\/comments?post=701"}],"version-history":[{"count":2,"href":"https:\/\/wp.ufpel.edu.br\/lencibio\/wp-json\/wp\/v2\/pages\/701\/revisions"}],"predecessor-version":[{"id":706,"href":"https:\/\/wp.ufpel.edu.br\/lencibio\/wp-json\/wp\/v2\/pages\/701\/revisions\/706"}],"wp:attachment":[{"href":"https:\/\/wp.ufpel.edu.br\/lencibio\/wp-json\/wp\/v2\/media?parent=701"}],"curies":[{"name":"wp","href":"https:\/\/api.w.org\/{rel}","templated":true}]}}