{"id":407,"date":"2017-08-21T14:52:38","date_gmt":"2017-08-21T17:52:38","guid":{"rendered":"https:\/\/wp.ufpel.edu.br\/lencibio\/?page_id=407"},"modified":"2017-08-21T15:59:03","modified_gmt":"2017-08-21T18:59:03","slug":"linhas-4","status":"publish","type":"page","link":"https:\/\/wp.ufpel.edu.br\/lencibio\/linhas-4\/","title":{"rendered":"Linhas"},"content":{"rendered":"<ul>\n<li>A Forma\u00e7\u00e3o de professores para a diversidade na perspectiva da Educa\u00e7\u00e3o Inclusiva;<\/li>\n<li>Dificuldades, dist\u00farbios e transtornos de\u00a0aprendizagem;<\/li>\n<li>Inclus\u00e3o, produ\u00e7\u00e3o do conhecimento e acessibilidade no Ensino Superior;<\/li>\n<li>Interven\u00e7\u00e3o Precoce centrada na fam\u00edlia de crian\u00e7as que apresentam TEA;<\/li>\n<li>Pol\u00edticas e pr\u00e1ticas em inclus\u00e3o;<\/li>\n<li>Processos Mentais e aprendizagem;<\/li>\n<li>Pr\u00e1ticas, m\u00e9todos e recursos adaptados para o ensino de alunos com NEE;<\/li>\n<li>Transtorno do Espectro do autismo;<\/li>\n<\/ul>\n","protected":false},"excerpt":{"rendered":"<p>A Forma\u00e7\u00e3o de professores para a diversidade na perspectiva da Educa\u00e7\u00e3o Inclusiva; Dificuldades, dist\u00farbios e transtornos de\u00a0aprendizagem; Inclus\u00e3o, produ\u00e7\u00e3o do conhecimento e acessibilidade no Ensino Superior; Interven\u00e7\u00e3o Precoce centrada na fam\u00edlia de crian\u00e7as que apresentam TEA; Pol\u00edticas e pr\u00e1ticas em inclus\u00e3o; Processos Mentais e aprendizagem; Pr\u00e1ticas, m\u00e9todos e recursos adaptados para o ensino de alunos [&hellip;]<\/p>\n","protected":false},"author":780,"featured_media":0,"parent":0,"menu_order":0,"comment_status":"closed","ping_status":"closed","template":"","meta":{"jetpack_post_was_ever_published":false,"footnotes":""},"class_list":["post-407","page","type-page","status-publish","hentry"],"jetpack_sharing_enabled":true,"jetpack_shortlink":"https:\/\/wp.me\/P90WYW-6z","jetpack-related-posts":[],"_links":{"self":[{"href":"https:\/\/wp.ufpel.edu.br\/lencibio\/wp-json\/wp\/v2\/pages\/407","targetHints":{"allow":["GET"]}}],"collection":[{"href":"https:\/\/wp.ufpel.edu.br\/lencibio\/wp-json\/wp\/v2\/pages"}],"about":[{"href":"https:\/\/wp.ufpel.edu.br\/lencibio\/wp-json\/wp\/v2\/types\/page"}],"author":[{"embeddable":true,"href":"https:\/\/wp.ufpel.edu.br\/lencibio\/wp-json\/wp\/v2\/users\/780"}],"replies":[{"embeddable":true,"href":"https:\/\/wp.ufpel.edu.br\/lencibio\/wp-json\/wp\/v2\/comments?post=407"}],"version-history":[{"count":4,"href":"https:\/\/wp.ufpel.edu.br\/lencibio\/wp-json\/wp\/v2\/pages\/407\/revisions"}],"predecessor-version":[{"id":469,"href":"https:\/\/wp.ufpel.edu.br\/lencibio\/wp-json\/wp\/v2\/pages\/407\/revisions\/469"}],"wp:attachment":[{"href":"https:\/\/wp.ufpel.edu.br\/lencibio\/wp-json\/wp\/v2\/media?parent=407"}],"curies":[{"name":"wp","href":"https:\/\/api.w.org\/{rel}","templated":true}]}}

<ul>
<li>A Formação de professores para a diversidade na perspectiva da Educação Inclusiva;</li>
<li>Dificuldades, distúrbios e transtornos de aprendizagem;</li>
<li>Inclusão, produção do conhecimento e acessibilidade no Ensino Superior;</li>
<li>Intervenção Precoce centrada na família de crianças que apresentam TEA;</li>
<li>Políticas e práticas em inclusão;</li>
<li>Processos Mentais e aprendizagem;</li>
<li>Práticas, métodos e recursos adaptados para o ensino de alunos com NEE;</li>
<li>Transtorno do Espectro do autismo;</li>
</ul>

<p>A Formação de professores para a diversidade na perspectiva da Educação Inclusiva; Dificuldades, distúrbios e transtornos de aprendizagem; Inclusão, produção do conhecimento e acessibilidade no Ensino Superior; Intervenção Precoce centrada na família de crianças que apresentam TEA; Políticas e práticas em inclusão; Processos Mentais e aprendizagem; Práticas, métodos e recursos adaptados para o ensino de alunos [&hellip;]</p>
