{"id":245,"date":"2017-08-16T13:30:56","date_gmt":"2017-08-16T16:30:56","guid":{"rendered":"https:\/\/wp.ufpel.edu.br\/lencibio\/?page_id=245"},"modified":"2017-08-16T13:47:07","modified_gmt":"2017-08-16T16:47:07","slug":"cursos","status":"publish","type":"page","link":"https:\/\/wp.ufpel.edu.br\/lencibio\/cursos\/","title":{"rendered":"Cursos"},"content":{"rendered":"<p>Para realizar a inscri\u00e7\u00e3o nos cursos \u00a0de\u00a0<strong>APERFEI\u00c7OAMENTO EM AEE-DEFICI\u00caNCIA INTELECTUAL <\/strong>e\u00a0<strong>APERFEI\u00c7OAMENTO EM AEE-DEFICI\u00caNCIA VISUAL.<\/strong><\/p>\n<p>Voc\u00ea devera baixar a ficha de cadastro:\u00a0<a href=\"https:\/\/wp.ufpel.edu.br\/lencibio\/files\/2017\/08\/inscri\u00e7\u00e3o-aee.docx\">inscri\u00e7\u00e3o aee<\/a><\/p>\n<p>Preenche-la e enviar preenchida com os seus dados para o presente email:\u00a0aeeufpel2017@gmail.com<\/p>\n<p>Qual quer d\u00favida entre pode entrar em contato pelo mesmo email!<\/p>\n","protected":false},"excerpt":{"rendered":"<p>Para realizar a inscri\u00e7\u00e3o nos cursos \u00a0de\u00a0APERFEI\u00c7OAMENTO EM AEE-DEFICI\u00caNCIA INTELECTUAL e\u00a0APERFEI\u00c7OAMENTO EM AEE-DEFICI\u00caNCIA VISUAL. Voc\u00ea devera baixar a ficha de cadastro:\u00a0inscri\u00e7\u00e3o aee Preenche-la e enviar preenchida com os seus dados para o presente email:\u00a0aeeufpel2017@gmail.com Qual quer d\u00favida entre pode entrar em contato pelo mesmo email!<\/p>\n","protected":false},"author":780,"featured_media":0,"parent":0,"menu_order":0,"comment_status":"closed","ping_status":"closed","template":"","meta":{"jetpack_post_was_ever_published":false,"footnotes":""},"class_list":["post-245","page","type-page","status-publish","hentry"],"jetpack_sharing_enabled":true,"jetpack_shortlink":"https:\/\/wp.me\/P90WYW-3X","jetpack-related-posts":[],"_links":{"self":[{"href":"https:\/\/wp.ufpel.edu.br\/lencibio\/wp-json\/wp\/v2\/pages\/245","targetHints":{"allow":["GET"]}}],"collection":[{"href":"https:\/\/wp.ufpel.edu.br\/lencibio\/wp-json\/wp\/v2\/pages"}],"about":[{"href":"https:\/\/wp.ufpel.edu.br\/lencibio\/wp-json\/wp\/v2\/types\/page"}],"author":[{"embeddable":true,"href":"https:\/\/wp.ufpel.edu.br\/lencibio\/wp-json\/wp\/v2\/users\/780"}],"replies":[{"embeddable":true,"href":"https:\/\/wp.ufpel.edu.br\/lencibio\/wp-json\/wp\/v2\/comments?post=245"}],"version-history":[{"count":3,"href":"https:\/\/wp.ufpel.edu.br\/lencibio\/wp-json\/wp\/v2\/pages\/245\/revisions"}],"predecessor-version":[{"id":253,"href":"https:\/\/wp.ufpel.edu.br\/lencibio\/wp-json\/wp\/v2\/pages\/245\/revisions\/253"}],"wp:attachment":[{"href":"https:\/\/wp.ufpel.edu.br\/lencibio\/wp-json\/wp\/v2\/media?parent=245"}],"curies":[{"name":"wp","href":"https:\/\/api.w.org\/{rel}","templated":true}]}}

<p>Para realizar a inscrição nos cursos  de <strong>APERFEIÇOAMENTO EM AEE-DEFICIÊNCIA INTELECTUAL </strong>e <strong>APERFEIÇOAMENTO EM AEE-DEFICIÊNCIA VISUAL.</strong></p>
<p>Você devera baixar a ficha de cadastro: <a href="https://wp.ufpel.edu.br/lencibio/files/2017/08/inscrição-aee.docx">inscrição aee</a></p>
<p>Preenche-la e enviar preenchida com os seus dados para o presente email: aeeufpel2017@gmail.com</p>
<p>Qual quer dúvida entre pode entrar em contato pelo mesmo email!</p>

<p>Para realizar a inscrição nos cursos  de APERFEIÇOAMENTO EM AEE-DEFICIÊNCIA INTELECTUAL e APERFEIÇOAMENTO EM AEE-DEFICIÊNCIA VISUAL. Você devera baixar a ficha de cadastro: inscrição aee Preenche-la e enviar preenchida com os seus dados para o presente email: aeeufpel2017@gmail.com Qual quer dúvida entre pode entrar em contato pelo mesmo email!</p>
