{"id":467,"date":"2026-04-27T13:19:08","date_gmt":"2026-04-27T16:19:08","guid":{"rendered":"https:\/\/wp.ufpel.edu.br\/leiturasufpel\/?page_id=467"},"modified":"2026-04-27T14:12:09","modified_gmt":"2026-04-27T17:12:09","slug":"clube-de-leitura-dramatica","status":"publish","type":"page","link":"https:\/\/wp.ufpel.edu.br\/leiturasufpel\/clube-de-leitura-dramatica\/","title":{"rendered":"Clube de leitura dram\u00e1tica"},"content":{"rendered":"<p><strong>Clube de leitura dram\u00e1tica<\/strong><br \/>\nA\u00e7\u00e3o de ensino (com certifica\u00e7\u00e3o aos participantes)<br \/>\n<span style=\"font-family: var(--fonte-corpo);\">O objetivo da a\u00e7\u00e3o \u00e9 promover encontros semanais para a leitura dram\u00e1tica em grupo de diferentes textos teatrais.<\/span><br \/>\nPodem participar estudantes de qualquer curso ou semestre, al\u00e9m de docentes e t\u00e9cnicos que se interessem pelo tema . Pessoas da comunidade externa \u00e0 UFPel tamb\u00e9m podem participar. N\u00e3o \u00e9 necess\u00e1ria experi\u00eancia anterior com teatro\/leitura dram\u00e1tica ou inscri\u00e7\u00e3o pr\u00e9via. Ao final de cada ciclo semestral, se houver interesse dos participantes, escolhe-se um dos textos lidos para ser preparado \u00e0 apresenta\u00e7\u00e3o de leitura dram\u00e1tica.<\/p>\n<p>Esta a\u00e7\u00e3o \u00e9 organizada semestralmente pelos bolsistas do projeto.<\/p>\n<p>&nbsp;<\/p>\n<p><strong>Edi\u00e7\u00e3o 2026\/1<\/strong><\/p>\n<p><img class=\"alignnone size-medium wp-image-473\" src=\"https:\/\/wp.ufpel.edu.br\/leiturasufpel\/files\/2026\/04\/Clube-de-leitura-dramatica_2026.1-1-320x400.png\" alt=\"\" width=\"320\" height=\"400\" srcset=\"https:\/\/wp.ufpel.edu.br\/leiturasufpel\/files\/2026\/04\/Clube-de-leitura-dramatica_2026.1-1-320x400.png 320w, https:\/\/wp.ufpel.edu.br\/leiturasufpel\/files\/2026\/04\/Clube-de-leitura-dramatica_2026.1-1-819x1024.png 819w, https:\/\/wp.ufpel.edu.br\/leiturasufpel\/files\/2026\/04\/Clube-de-leitura-dramatica_2026.1-1-768x960.png 768w, https:\/\/wp.ufpel.edu.br\/leiturasufpel\/files\/2026\/04\/Clube-de-leitura-dramatica_2026.1-1.png 1080w\" sizes=\"(max-width: 320px) 100vw, 320px\" \/><\/p>\n<p>Organiza\u00e7\u00e3o: Kimberlly Isquierdo Bongalhardo (bolsista PIBIC CNPq) e Davi Miranda de Oliveira (bolsista BIP AF UFPel)<\/p>\n<p>Coordena\u00e7\u00e3o: Profa. Fernanda Vieira Fernandes<\/p>\n<p>Arte: Mario Celso<\/p>\n<p>&#8212;<\/p>\n<p><strong>Edi\u00e7\u00e3o 2025\/2<\/strong><\/p>\n<p><img class=\"alignnone size-medium wp-image-471\" src=\"https:\/\/wp.ufpel.edu.br\/leiturasufpel\/files\/2026\/04\/Clube-de-leitura-dramatica-2025.2-320x400.png\" alt=\"\" width=\"320\" height=\"400\" srcset=\"https:\/\/wp.ufpel.edu.br\/leiturasufpel\/files\/2026\/04\/Clube-de-leitura-dramatica-2025.2-320x400.png 320w, https:\/\/wp.ufpel.edu.br\/leiturasufpel\/files\/2026\/04\/Clube-de-leitura-dramatica-2025.2-819x1024.png 819w, https:\/\/wp.ufpel.edu.br\/leiturasufpel\/files\/2026\/04\/Clube-de-leitura-dramatica-2025.2-768x960.png 768w, https:\/\/wp.ufpel.edu.br\/leiturasufpel\/files\/2026\/04\/Clube-de-leitura-dramatica-2025.2.png 1080w\" sizes=\"(max-width: 320px) 100vw, 320px\" \/> <img class=\"alignnone size-medium wp-image-472\" src=\"https:\/\/wp.ufpel.edu.br\/leiturasufpel\/files\/2026\/04\/Cartaz-Desculpe-o-transtorno-320x400.jpg\" alt=\"\" width=\"320\" height=\"400\" srcset=\"https:\/\/wp.ufpel.edu.br\/leiturasufpel\/files\/2026\/04\/Cartaz-Desculpe-o-transtorno-320x400.jpg 320w, https:\/\/wp.ufpel.edu.br\/leiturasufpel\/files\/2026\/04\/Cartaz-Desculpe-o-transtorno-819x1024.jpg 819w, https:\/\/wp.ufpel.edu.br\/leiturasufpel\/files\/2026\/04\/Cartaz-Desculpe-o-transtorno-768x960.jpg 768w, https:\/\/wp.ufpel.edu.br\/leiturasufpel\/files\/2026\/04\/Cartaz-Desculpe-o-transtorno.jpg 1080w\" sizes=\"(max-width: 320px) 100vw, 320px\" \/><\/p>\n<p>&nbsp;<\/p>\n<p>Leitura: Leitores: Agatha Nery, Ana Paula Emmendorfer, Ana Sangali, Gabriel Flakenberg, Guilherme Nunes, Kimberlly Isquierdo Bongalhardo e Rodrigo Cavalli Prestes<\/p>\n<p>Organiza\u00e7\u00e3o: Agatha Nery (bolsista PIBIC CNPq) e Davi Miranda de Oliveira (bolsista BIP AF UFPel)<\/p>\n<p>Coordena\u00e7\u00e3o: Profa. Fernanda Vieira Fernandes<\/p>\n<p>Arte: Mario Celso<\/p>\n<p>&#8212;<\/p>\n<p><strong>Edi\u00e7\u00e3o 2025\/1<\/strong><\/p>\n<p><img class=\"alignnone size-medium wp-image-469\" src=\"https:\/\/wp.ufpel.edu.br\/leiturasufpel\/files\/2026\/04\/Clube-de-leitura-dramatica-2025.1-320x400.jpeg\" alt=\"\" width=\"320\" height=\"400\" srcset=\"https:\/\/wp.ufpel.edu.br\/leiturasufpel\/files\/2026\/04\/Clube-de-leitura-dramatica-2025.1-320x400.jpeg 320w, https:\/\/wp.ufpel.edu.br\/leiturasufpel\/files\/2026\/04\/Clube-de-leitura-dramatica-2025.1-819x1024.jpeg 819w, https:\/\/wp.ufpel.edu.br\/leiturasufpel\/files\/2026\/04\/Clube-de-leitura-dramatica-2025.1-768x960.jpeg 768w, https:\/\/wp.ufpel.edu.br\/leiturasufpel\/files\/2026\/04\/Clube-de-leitura-dramatica-2025.1.jpeg 1080w\" sizes=\"(max-width: 320px) 100vw, 320px\" \/> <img class=\"alignnone size-medium wp-image-470\" src=\"https:\/\/wp.ufpel.edu.br\/leiturasufpel\/files\/2026\/04\/Copia-de-Clube-de-leitura-dramatica-320x400.png\" alt=\"\" width=\"320\" height=\"400\" srcset=\"https:\/\/wp.ufpel.edu.br\/leiturasufpel\/files\/2026\/04\/Copia-de-Clube-de-leitura-dramatica-320x400.png 320w, https:\/\/wp.ufpel.edu.br\/leiturasufpel\/files\/2026\/04\/Copia-de-Clube-de-leitura-dramatica-819x1024.png 819w, https:\/\/wp.ufpel.edu.br\/leiturasufpel\/files\/2026\/04\/Copia-de-Clube-de-leitura-dramatica-768x960.png 768w, https:\/\/wp.ufpel.edu.br\/leiturasufpel\/files\/2026\/04\/Copia-de-Clube-de-leitura-dramatica.png 1080w\" sizes=\"(max-width: 320px) 100vw, 320px\" \/><\/p>\n<p>Leitura: Agatha Nery, C\u00e2ndida Canielas, Daniele Jeske, Gabryel Pioner, Davi Herculano, Jana\u00edna Carvalhal e Nadna Nadija<\/p>\n<p>Organiza\u00e7\u00e3o: Agatha Nery (bolsista PIBIC CNPq) e C\u00e2ndida Canielas (bolsista PBIP-AF UFPel)<\/p>\n<p>Coordena\u00e7\u00e3o: Fernanda Vieira Fernandes<\/p>\n<p>Arte: Mario Celso<\/p>\n","protected":false},"excerpt":{"rendered":"<p>Clube de leitura dram\u00e1tica A\u00e7\u00e3o de ensino (com certifica\u00e7\u00e3o aos participantes) O objetivo da a\u00e7\u00e3o \u00e9 promover encontros semanais para a leitura dram\u00e1tica em grupo de diferentes textos teatrais. Podem participar estudantes de qualquer curso ou semestre, al\u00e9m de docentes e t\u00e9cnicos que se interessem pelo tema . Pessoas da comunidade externa \u00e0 UFPel tamb\u00e9m [&hellip;]<\/p>\n","protected":false},"author":1091,"featured_media":0,"parent":0,"menu_order":0,"comment_status":"closed","ping_status":"closed","template":"","meta":{"footnotes":""},"class_list":["post-467","page","type-page","status-publish","hentry"],"_links":{"self":[{"href":"https:\/\/wp.ufpel.edu.br\/leiturasufpel\/wp-json\/wp\/v2\/pages\/467","targetHints":{"allow":["GET"]}}],"collection":[{"href":"https:\/\/wp.ufpel.edu.br\/leiturasufpel\/wp-json\/wp\/v2\/pages"}],"about":[{"href":"https:\/\/wp.ufpel.edu.br\/leiturasufpel\/wp-json\/wp\/v2\/types\/page"}],"author":[{"embeddable":true,"href":"https:\/\/wp.ufpel.edu.br\/leiturasufpel\/wp-json\/wp\/v2\/users\/1091"}],"replies":[{"embeddable":true,"href":"https:\/\/wp.ufpel.edu.br\/leiturasufpel\/wp-json\/wp\/v2\/comments?post=467"}],"version-history":[{"count":3,"href":"https:\/\/wp.ufpel.edu.br\/leiturasufpel\/wp-json\/wp\/v2\/pages\/467\/revisions"}],"predecessor-version":[{"id":478,"href":"https:\/\/wp.ufpel.edu.br\/leiturasufpel\/wp-json\/wp\/v2\/pages\/467\/revisions\/478"}],"wp:attachment":[{"href":"https:\/\/wp.ufpel.edu.br\/leiturasufpel\/wp-json\/wp\/v2\/media?parent=467"}],"curies":[{"name":"wp","href":"https:\/\/api.w.org\/{rel}","templated":true}]}}