{"id":213,"date":"2022-08-09T21:06:35","date_gmt":"2022-08-10T00:06:35","guid":{"rendered":"https:\/\/wp.ufpel.edu.br\/leiaa\/?page_id=213"},"modified":"2023-06-03T22:05:55","modified_gmt":"2023-06-04T01:05:55","slug":"pomodoro","status":"publish","type":"page","link":"https:\/\/wp.ufpel.edu.br\/leiaa\/pomodoro\/","title":{"rendered":"T\u00e9cnica Pomodoro"},"content":{"rendered":"<p style=\"text-align: justify;\">A t\u00e9cnica do Pomodoro consiste em dividir o tempo de estudo em pequenos ciclos com pausas cronometradas para descansar, a t\u00e9cnica consiste em ficar 25 minutos focado na atividade que escolher estudar\/praticar, sem se distrair com celular, televis\u00e3o, fam\u00edlia, entre outras coisas que podem tirar o seu foco, naquele momento voc\u00ea ir\u00e1 se dedicar apenas \u00e0 atividade que escolheu fazer. Ap\u00f3s os 25 minutos, come\u00e7ar\u00e1 o per\u00edodo de pausa, que durar\u00e1 5 minutos, neste per\u00edodo voc\u00ea deve deixar os estudos de lado um pouco e poder\u00e1 sair para esticar as pernas, tomar um ar, olhar o celular, etc.<\/p>\n<p style=\"text-align: justify;\">Ap\u00f3s 4 ciclos de estudo(de 25 min) e 3 de descanso(de 5 min cada), no fim do quarto per\u00edodo de estudos voc\u00ea far\u00e1 uma pausa um pouco maior, de 15 minutos, ap\u00f3s essa pausa o pomodoro reinicia novamente e os ciclos voltam ao tempo normal. Lembre-se, a t\u00e9cnica do pomodoro pode ser adaptada \u00e0 sua aprendizagem, se voc\u00ea acha que 25 minutos estudando \u00e9 pouco, tente aumentar um pouco esse tempo, aumentando tamb\u00e9m o tempo de pausa para ser justo consigo mesmo, por exemplo, fazer ciclos de 30&#215;10(30 estudando, 10 de pausa), 45&#215;15, etc. O m\u00e9todo que melhor funcionar para voc\u00ea ser\u00e1 o correto!<\/p>\n<p>Experimente o ciclo de 25&#215;5 atrav\u00e9s do seguinte v\u00eddeo: <a href=\"https:\/\/youtu.be\/NyVzJWFWmwg\">Pomodoro 25&#215;5<\/a><\/p>\n<p>Neste v\u00eddeo, temos 4 ciclos de 25&#215;5, como descrito no texto: <a href=\"https:\/\/youtu.be\/-r16K1yBu5A\">4 ciclos 25&#215;5<\/a><\/p>\n","protected":false},"excerpt":{"rendered":"<p>A t\u00e9cnica do Pomodoro consiste em dividir o tempo de estudo em pequenos ciclos com pausas cronometradas para descansar, a t\u00e9cnica consiste em ficar 25 minutos focado na atividade que escolher estudar\/praticar, sem se distrair com celular, televis\u00e3o, fam\u00edlia, entre outras coisas que podem tirar o seu foco, naquele momento voc\u00ea ir\u00e1 se dedicar apenas [&hellip;]<\/p>\n","protected":false},"author":1127,"featured_media":0,"parent":0,"menu_order":0,"comment_status":"closed","ping_status":"closed","template":"","meta":{"footnotes":""},"class_list":["post-213","page","type-page","status-publish","hentry"],"_links":{"self":[{"href":"https:\/\/wp.ufpel.edu.br\/leiaa\/wp-json\/wp\/v2\/pages\/213","targetHints":{"allow":["GET"]}}],"collection":[{"href":"https:\/\/wp.ufpel.edu.br\/leiaa\/wp-json\/wp\/v2\/pages"}],"about":[{"href":"https:\/\/wp.ufpel.edu.br\/leiaa\/wp-json\/wp\/v2\/types\/page"}],"author":[{"embeddable":true,"href":"https:\/\/wp.ufpel.edu.br\/leiaa\/wp-json\/wp\/v2\/users\/1127"}],"replies":[{"embeddable":true,"href":"https:\/\/wp.ufpel.edu.br\/leiaa\/wp-json\/wp\/v2\/comments?post=213"}],"version-history":[{"count":2,"href":"https:\/\/wp.ufpel.edu.br\/leiaa\/wp-json\/wp\/v2\/pages\/213\/revisions"}],"predecessor-version":[{"id":348,"href":"https:\/\/wp.ufpel.edu.br\/leiaa\/wp-json\/wp\/v2\/pages\/213\/revisions\/348"}],"wp:attachment":[{"href":"https:\/\/wp.ufpel.edu.br\/leiaa\/wp-json\/wp\/v2\/media?parent=213"}],"curies":[{"name":"wp","href":"https:\/\/api.w.org\/{rel}","templated":true}]}}